-- Table structure for table `kvittering`
--

CREATE TABLE IF NOT EXISTS `kvittering` (
  `id` int(8) unsigned NOT NULL AUTO_INCREMENT,
  `bruker_id` int(8) unsigned NOT NULL COMMENT 'Opprettet av',
  `rom_id` int(8) unsigned NOT NULL,
  `tid_oppretta` timestamp NOT NULL DEFAULT CURRENT_TIMESTAMP,
  PRIMARY KEY (`id`)
) ENGINE=MyISAM  DEFAULT CHARSET=utf8 COLLATE=utf8_unicode_ci AUTO_INCREMENT=544 ;

--
-- Dumping data for table `kvittering`
--

INSERT INTO `kvittering` (`id`, `bruker_id`, `rom_id`, `tid_oppretta`) VALUES
(1, 157, 60, '2011-05-15 22:09:48'),
(2, 38, 38, '2011-05-15 22:13:09'),
(3, 199, 31, '2011-05-15 23:11:03'),
(4, 179, 87, '2011-05-15 23:44:47'),
(5, 171, 83, '2011-05-16 04:56:58'),
(6, 171, 83, '2011-05-16 04:58:46'),
(7, 145, 72, '2011-05-16 05:35:12'),
(8, 215, 34, '2011-05-16 05:39:40'),
(9, 75, 39, '2011-05-16 05:51:40'),
(10, 75, 39, '2011-05-16 05:54:33'),
(11, 206, 55, '2011-05-16 06:08:28'),
(12, 135, 69, '2011-05-16 06:10:51'),
(13, 206, 55, '2011-05-16 06:16:23'),
(14, 183, 26, '2011-05-16 06:48:00'),
(15, 183, 26, '2011-05-16 06:49:33'),
(16, 183, 26, '2011-05-16 06:50:01'),
(17, 183, 26, '2011-05-16 06:50:10'),
(18, 183, 26, '2011-05-16 06:50:28'),
(19, 140, 105, '2011-05-16 07:03:42'),
(20, 140, 105, '2011-05-16 07:05:14'),
(21, 140, 105, '2011-05-16 07:07:31'),
(22, 125, 23, '2011-05-16 07:35:21'),
(23, 10, 7, '2011-05-16 08:11:42'),
(24, 10, 7, '2011-05-16 08:14:43'),
(25, 113, 3, '2011-05-16 09:20:20'),
(26, 48, 35, '2011-05-16 09:49:32'),
(27, 48, 35, '2011-05-16 09:51:35'),
(28, 22, 91, '2011-05-16 09:55:23'),
(29, 22, 91, '2011-05-16 09:58:25'),
(30, 44, 78, '2011-05-16 16:36:09'),
(31, 44, 78, '2011-05-16 16:38:21'),
(32, 143, 37, '2011-05-16 19:26:08'),
(33, 99, 66, '2011-05-16 20:18:10'),
(34, 176, 17, '2011-05-17 12:18:31'),
(35, 187, 10, '2011-05-18 15:05:03'),
(36, 187, 10, '2011-05-18 15:05:38'),
(37, 187, 10, '2011-05-18 15:20:23'),
(38, 187, 10, '2011-05-18 15:22:16'),
(39, 187, 10, '2011-05-18 15:27:08'),
(40, 184, 90, '2011-05-19 07:58:30'),
(41, 208, 18, '2011-05-19 11:41:18'),
(42, 197, 100, '2011-05-20 16:51:04'),
(43, 137, 62, '2011-05-22 11:05:21'),
(44, 137, 62, '2011-05-22 11:06:11'),
(45, 145, 72, '2011-05-26 18:11:05'),
(46, 189, 24, '2011-05-27 15:47:01'),
(47, 123, 97, '2011-05-27 16:28:44'),
(48, 138, 29, '2011-05-27 17:00:11'),
(49, 138, 29, '2011-05-27 17:00:56'),
(50, 174, 50, '2011-05-27 20:37:18'),
(51, 118, 85, '2011-05-28 09:57:03'),
(52, 39, 33, '2011-05-28 13:51:53'),
(53, 160, 86, '2011-05-28 15:56:28'),
(54, 158, 104, '2011-05-28 16:07:28'),
(55, 154, 106, '2011-05-28 17:37:20'),
(56, 169, 43, '2011-05-29 09:52:18'),
(57, 169, 43, '2011-05-29 09:52:51'),
(58, 169, 43, '2011-05-29 09:57:31'),
(59, 185, 27, '2011-05-30 16:32:47'),
(60, 95, 88, '2011-05-30 21:27:28'),
(61, 191, 11, '2011-05-31 06:12:29'),
(62, 178, 4, '2011-05-31 19:05:35'),
(63, 189, 24, '2011-06-01 14:25:13'),
(64, 189, 24, '2011-06-01 14:26:30'),
(65, 189, 24, '2011-06-01 14:28:30'),
(66, 77, 82, '2011-06-01 19:12:20'),
(67, 77, 82, '2011-06-01 19:14:24'),
(68, 77, 82, '2011-06-01 19:21:49'),
(69, 357, 76, '2011-06-02 20:24:27'),
(70, 77, 82, '2011-06-03 17:18:54'),
(71, 83, 96, '2011-06-03 19:42:26'),
(72, 95, 88, '2011-06-04 04:44:57'),
(73, 139, 5, '2011-06-07 22:35:01'),
(74, 129, 59, '2011-06-11 21:49:57'),
(75, 213, 46, '2011-06-12 15:39:30'),
(76, 4, 79, '2011-10-24 17:59:04'),
(77, 48, 35, '2011-10-24 19:10:34'),
(78, 48, 35, '2011-10-24 19:10:39'),
(79, 199, 78, '2011-10-25 08:59:32'),
(80, 10, 7, '2011-10-25 11:18:44'),
(81, 10, 7, '2011-10-25 11:19:53'),
(82, 10, 7, '2011-10-25 11:20:42'),
(83, 10, 7, '2011-10-25 11:21:15'),
(84, 10, 7, '2011-10-25 11:21:58'),
(85, 101, 58, '2011-10-30 15:58:13'),
(86, 75, 39, '2011-10-30 16:20:37'),
(87, 175, 103, '2011-10-30 16:20:48'),
(88, 75, 39, '2011-10-30 16:22:10'),
(89, 108, 42, '2011-10-30 16:46:01'),
(90, 108, 42, '2011-10-30 16:46:08'),
(91, 108, 42, '2011-10-30 16:46:48'),
(92, 108, 42, '2011-10-30 16:47:04'),
(93, 108, 42, '2011-10-30 16:47:47'),
(94, 174, 83, '2011-10-30 17:12:20'),
(95, 246, 100, '2011-10-30 17:14:13'),
(96, 246, 100, '2011-10-30 17:16:13'),
(97, 246, 100, '2011-10-30 17:16:49'),
(98, 246, 100, '2011-10-30 17:17:41'),
(99, 246, 100, '2011-10-30 17:18:27'),
(100, 44, 80, '2011-10-30 17:39:59'),
(101, 250, 37, '2011-10-30 17:52:56'),
(102, 236, 29, '2011-10-30 18:45:19'),
(103, 236, 29, '2011-10-30 18:48:29'),
(104, 236, 29, '2011-10-30 18:50:46'),
(105, 166, 30, '2011-10-30 18:57:22'),
(106, 166, 30, '2011-10-30 18:57:54'),
(107, 206, 52, '2011-10-30 19:49:16'),
(108, 242, 59, '2011-10-30 21:27:20'),
(109, 242, 59, '2011-10-30 21:31:52'),
(110, 276, 82, '2011-10-30 21:33:44'),
(111, 276, 82, '2011-10-30 21:34:03'),
(112, 276, 82, '2011-10-30 21:34:28'),
(113, 276, 82, '2011-10-30 21:35:19'),
(114, 276, 82, '2011-10-30 21:35:49'),
(115, 276, 82, '2011-10-30 21:36:10'),
(116, 187, 54, '2011-10-30 22:39:10'),
(117, 143, 101, '2011-10-31 00:00:24'),
(118, 233, 51, '2011-10-31 08:17:12'),
(119, 22, 91, '2011-10-31 10:14:12'),
(120, 160, 33, '2011-10-31 10:31:24'),
(121, 160, 33, '2011-10-31 10:31:47'),
(122, 160, 33, '2011-10-31 10:32:31'),
(123, 160, 33, '2011-10-31 10:33:08'),
(124, 160, 33, '2011-10-31 10:34:49'),
(125, 160, 33, '2011-10-31 10:36:22'),
(126, 160, 33, '2011-10-31 10:36:55'),
(127, 230, 45, '2011-10-31 14:10:14'),
(128, 232, 34, '2011-10-31 14:28:14'),
(129, 215, 21, '2011-10-31 21:27:23'),
(130, 222, 71, '2011-11-01 08:22:35'),
(131, 186, 104, '2011-11-01 09:34:11'),
(132, 229, 22, '2011-11-01 16:28:59'),
(133, 141, 86, '2011-11-02 19:38:23'),
(134, 141, 86, '2011-11-02 19:39:39'),
(135, 141, 86, '2011-11-02 19:41:53'),
(136, 225, 93, '2011-11-03 00:58:30'),
(137, 64, 74, '2011-11-03 08:44:41'),
(138, 216, 8, '2011-11-03 22:23:50'),
(139, 240, 26, '2011-11-03 23:31:10'),
(140, 118, 81, '2011-11-04 11:25:53'),
(141, 226, 55, '2011-11-04 12:52:30'),
(142, 226, 55, '2011-11-04 12:53:06'),
(143, 243, 77, '2011-11-04 15:10:46'),
(144, 241, 24, '2011-11-04 18:07:55'),
(145, 241, 24, '2011-11-04 18:09:41'),
(146, 241, 24, '2011-11-04 18:10:42'),
(147, 241, 24, '2011-11-04 18:13:10'),
(148, 139, 11, '2011-11-05 11:54:05'),
(149, 235, 5, '2011-11-05 16:55:47'),
(150, 194, 61, '2011-11-05 18:51:45'),
(151, 237, 6, '2011-11-06 17:09:11'),
(152, 226, 55, '2011-11-06 20:37:06'),
(153, 4, 79, '2011-11-06 22:03:27'),
(154, 202, 107, '2011-11-07 10:06:08'),
(155, 239, 50, '2011-11-07 14:10:39'),
(156, 158, 32, '2011-11-07 15:31:16'),
(157, 139, 11, '2011-11-07 16:21:43'),
(158, 22, 91, '2011-11-08 09:51:35'),
(159, 22, 91, '2011-11-08 09:53:20'),
(160, 234, 69, '2011-11-08 11:44:43'),
(161, 224, 73, '2011-11-09 20:39:41'),
(162, 154, 106, '2011-11-09 20:55:21'),
(163, 154, 106, '2011-11-09 20:58:30'),
(164, 211, 70, '2011-11-12 11:31:40'),
(165, 244, 57, '2011-11-13 10:50:21'),
(166, 251, 28, '2011-11-13 12:09:51'),
(167, 135, 14, '2011-11-17 14:52:11'),
(168, 237, 6, '2011-11-17 22:18:41'),
(169, 207, 25, '2011-11-21 08:59:24'),
(170, 45, 63, '2011-11-21 21:22:37'),
(171, 219, 67, '2011-11-24 10:57:36'),
(172, 218, 20, '2011-11-28 14:50:51'),
(173, 4, 79, '2011-12-03 16:00:34'),
(174, 221, 75, '2011-12-05 12:31:16'),
(175, 138, 85, '2012-01-11 20:22:54'),
(176, 138, 85, '2012-01-11 20:24:23'),
(177, 49, 2, '2012-01-13 22:59:09'),
(178, 197, 68, '2012-01-16 17:24:23'),
(179, 197, 68, '2012-01-16 17:25:26'),
(180, 197, 68, '2012-01-16 18:15:55'),
(181, 218, 103, '2012-01-19 11:03:38'),
(182, 187, 54, '2012-01-20 19:43:47'),
(183, 77, 84, '2012-03-19 18:31:21'),
(184, 77, 84, '2012-03-19 18:35:56'),
(185, 10, 7, '2012-03-20 10:35:50'),
(186, 10, 7, '2012-03-20 10:37:55'),
(187, 10, 7, '2012-03-20 10:39:21'),
(188, 10, 7, '2012-03-20 10:39:59'),
(189, 218, 103, '2012-03-20 10:59:32'),
(190, 218, 103, '2012-03-20 11:03:27'),
(191, 152, 94, '2012-03-20 11:07:02'),
(192, 152, 94, '2012-03-20 11:10:27'),
(193, 222, 20, '2012-03-20 11:11:19'),
(194, 222, 20, '2012-03-20 11:12:35'),
(195, 222, 20, '2012-03-20 11:13:09'),
(196, 222, 20, '2012-03-20 11:13:54'),
(197, 222, 20, '2012-03-20 11:15:08'),
(198, 56, 99, '2012-03-20 11:21:07'),
(199, 143, 43, '2012-03-20 11:21:27'),
(200, 108, 42, '2012-03-20 11:38:53'),
(201, 140, 105, '2012-03-20 11:41:32'),
(202, 140, 105, '2012-03-20 11:42:31'),
(203, 140, 105, '2012-03-20 11:42:41'),
(204, 140, 105, '2012-03-20 11:44:47'),
(205, 140, 105, '2012-03-20 11:45:51'),
(206, 143, 43, '2012-03-20 12:30:17'),
(207, 125, 23, '2012-03-20 16:06:51'),
(208, 125, 23, '2012-03-20 16:08:11'),
(209, 176, 53, '2012-03-20 16:21:52'),
(210, 176, 53, '2012-03-20 16:22:43'),
(211, 176, 53, '2012-03-20 16:23:37'),
(212, 176, 53, '2012-03-20 16:24:13'),
(213, 176, 53, '2012-03-20 16:25:06'),
(214, 176, 53, '2012-03-20 16:25:22'),
(215, 238, 60, '2012-03-20 17:47:48'),
(216, 238, 60, '2012-03-20 17:48:03'),
(217, 238, 60, '2012-03-20 17:49:12'),
(218, 238, 60, '2012-03-20 17:50:35'),
(219, 238, 60, '2012-03-20 17:54:15'),
(220, 238, 60, '2012-03-20 17:54:54'),
(221, 238, 60, '2012-03-20 17:55:00'),
(222, 48, 35, '2012-03-20 19:55:45'),
(223, 48, 35, '2012-03-20 19:56:22'),
(224, 48, 35, '2012-03-20 19:57:39'),
(225, 48, 35, '2012-03-20 19:58:25'),
(226, 83, 96, '2012-03-21 21:34:07'),
(227, 234, 69, '2012-03-22 13:16:28'),
(228, 221, 75, '2012-03-22 16:38:04'),
(229, 221, 75, '2012-03-22 16:38:58'),
(230, 158, 32, '2012-03-22 16:49:02'),
(231, 184, 90, '2012-03-23 08:43:32'),
(232, 224, 73, '2012-03-24 11:33:46'),
(233, 224, 73, '2012-03-24 11:34:48'),
(234, 224, 73, '2012-03-24 11:35:34'),
(235, 224, 73, '2012-03-24 11:36:13'),
(236, 224, 73, '2012-03-24 11:36:33'),
(237, 186, 40, '2012-04-02 09:42:02'),
(238, 186, 40, '2012-04-02 09:44:30'),
(239, 186, 40, '2012-04-02 09:45:23'),
(240, 237, 44, '2012-04-04 15:37:54'),
(241, 44, 80, '2012-04-08 10:22:49'),
(242, 187, 54, '2012-04-11 23:44:32'),
(243, 187, 54, '2012-04-11 23:49:28'),
(244, 187, 54, '2012-04-11 23:49:39'),
(245, 187, 54, '2012-04-11 23:49:50'),
(246, 187, 54, '2012-04-11 23:50:26'),
(247, 187, 54, '2012-04-11 23:50:51'),
(248, 187, 54, '2012-04-11 23:53:46'),
(249, 101, 58, '2012-04-13 11:31:41'),
(250, 241, 24, '2012-04-13 17:11:18'),
(251, 241, 24, '2012-04-13 17:12:43'),
(252, 259, 77, '2012-04-14 13:31:28'),
(253, 45, 63, '2012-04-21 13:56:01'),
(254, 8, 98, '2012-04-22 14:30:45'),
(255, 8, 98, '2012-04-22 14:31:42'),
(256, 247, 4, '2012-04-23 19:42:27'),
(257, 247, 4, '2012-04-23 19:45:17'),
(258, 237, 44, '2012-04-24 16:06:00'),
(259, 237, 44, '2012-04-24 16:06:39'),
(260, 237, 44, '2012-04-24 16:07:30'),
(261, 185, 27, '2012-05-06 20:35:05'),
(262, 185, 27, '2012-05-06 20:35:34'),
(263, 185, 27, '2012-05-06 20:35:59'),
(264, 222, 20, '2012-05-08 18:13:27'),
(265, 199, 78, '2012-06-02 14:20:26'),
(266, 199, 78, '2012-06-02 14:22:37'),
(267, 70, 13, '2012-06-02 16:06:57'),
(268, 208, 17, '2012-06-03 10:36:58'),
(269, 252, 65, '2012-06-05 08:36:39'),
(270, 252, 65, '2012-06-05 08:38:07'),
(271, 252, 65, '2012-06-05 08:40:16'),
(272, 252, 65, '2012-06-05 08:47:42'),
(273, 237, 44, '2012-06-05 19:44:45'),
(274, 95, 62, '2012-06-08 10:44:34'),
(275, 95, 62, '2012-06-08 10:47:35'),
(276, 194, 61, '2012-06-08 12:08:07'),
(277, 249, 21, '2012-06-10 10:51:54'),
(278, 223, 83, '2012-08-21 11:55:32'),
(279, 223, 83, '2012-08-21 11:55:35'),
(280, 223, 83, '2012-08-21 11:56:08'),
(281, 223, 83, '2012-08-21 11:56:28'),
(282, 223, 83, '2012-08-21 11:56:46'),
(283, 223, 83, '2012-08-21 11:57:12'),
(284, 223, 83, '2012-08-21 11:57:42'),
(285, 193, 32, '2012-08-22 07:56:15'),
(286, 193, 32, '2012-08-22 07:57:39'),
(287, 276, 82, '2012-08-23 14:57:20'),
(288, 276, 82, '2012-08-23 14:58:13'),
(289, 276, 82, '2012-08-23 14:59:25'),
(290, 276, 82, '2012-08-23 15:00:38'),
(291, 252, 72, '2012-08-24 09:01:26'),
(292, 176, 97, '2012-08-25 16:47:53'),
(293, 176, 97, '2012-08-25 16:48:03'),
(294, 176, 97, '2012-08-25 16:48:14'),
(295, 176, 97, '2012-08-25 16:48:24'),
(296, 184, 42, '2012-08-26 13:12:39'),
(297, 184, 42, '2012-08-26 13:12:48'),
(298, 184, 42, '2012-08-26 13:13:42'),
(299, 184, 42, '2012-08-26 13:14:03'),
(300, 184, 42, '2012-08-26 13:16:34'),
(301, 206, 85, '2012-08-26 14:47:47'),
(302, 206, 85, '2012-08-26 14:49:17'),
(303, 10, 7, '2012-08-27 07:59:00'),
(304, 266, 10, '2012-08-27 20:08:30'),
(305, 249, 21, '2012-08-29 18:05:48'),
(306, 258, 90, '2012-08-30 09:08:57'),
(307, 258, 90, '2012-08-30 09:09:50'),
(308, 79, 33, '2012-08-30 16:30:22'),
(309, 138, 81, '2012-09-05 14:38:17'),
(310, 281, 24, '2012-09-06 13:40:52'),
(311, 175, 41, '2012-09-11 14:19:24'),
(312, 175, 41, '2012-09-11 18:43:05'),
(313, 143, 43, '2012-09-13 15:56:41'),
(314, 138, 81, '2012-09-14 08:15:48'),
(315, 173, 81, '2012-09-16 16:27:45'),
(316, 173, 81, '2012-09-16 16:28:06'),
(317, 173, 81, '2012-09-16 16:28:44'),
(318, 173, 81, '2012-09-16 16:30:37'),
(319, 101, 58, '2012-09-17 14:04:07'),
(320, 272, 12, '2012-09-18 20:31:48'),
(321, 221, 100, '2012-09-19 07:50:11'),
(322, 237, 38, '2012-09-19 08:50:30'),
(323, 249, 21, '2012-09-19 08:56:30'),
(324, 203, 40, '2012-09-19 17:01:22'),
(325, 231, 23, '2012-10-03 06:40:32'),
(326, 118, 80, '2012-10-04 13:30:04'),
(327, 234, 104, '2012-10-07 16:09:25'),
(328, 234, 104, '2012-10-07 16:09:56'),
(329, 234, 104, '2012-10-07 16:10:46'),
(330, 224, 53, '2012-10-10 15:05:45'),
(331, 266, 10, '2012-10-19 13:02:58'),
(332, 139, 9, '2012-10-26 18:02:30'),
(333, 243, 28, '2012-11-12 17:05:40'),
(334, 237, 38, '2012-11-20 16:40:52'),
(335, 259, 77, '2012-11-20 17:49:55'),
(336, 263, 59, '2012-11-26 21:04:27'),
(337, 243, 28, '2012-11-27 10:30:26'),
(338, 279, 22, '2012-11-30 18:26:39'),
(339, 266, 10, '2012-12-01 00:53:43'),
(340, 270, 75, '2012-12-16 15:15:56'),
(341, 138, 81, '2013-01-28 09:01:44'),
(342, 77, 89, '2013-02-08 17:22:51'),
(343, 77, 89, '2013-02-13 10:52:49'),
(344, 8, 98, '2013-03-09 13:44:37'),
(345, 8, 98, '2013-03-09 13:44:58'),
(346, 8, 98, '2013-03-09 13:45:06'),
(347, 8, 98, '2013-03-09 13:46:17'),
(348, 280, 34, '2013-03-14 12:46:57'),
(349, 280, 34, '2013-03-14 12:47:58'),
(350, 275, 46, '2013-03-16 14:42:31'),
(351, 119, 56, '2013-03-20 12:06:47'),
(352, 258, 90, '2013-03-21 10:52:00'),
(353, 79, 33, '2013-03-27 13:11:17'),
(354, 171, 74, '2013-04-07 18:41:03'),
(355, 279, 22, '2013-04-13 16:36:16'),
(356, 279, 22, '2013-04-13 16:37:42'),
(357, 186, 88, '2013-04-15 19:55:33'),
(358, 199, 2, '2013-05-28 08:57:34'),
(359, 199, 2, '2013-05-28 08:58:07'),
(360, 199, 2, '2013-05-28 08:58:19'),
(361, 199, 2, '2013-05-28 08:58:59'),
(362, 199, 2, '2013-05-28 08:59:43'),
(363, 199, 2, '2013-05-28 09:00:09'),
(364, 199, 2, '2013-05-28 09:00:30'),
(365, 199, 2, '2013-05-28 09:00:55'),
(366, 199, 2, '2013-05-28 09:01:45'),
(367, 199, 2, '2013-05-28 09:02:07'),
(368, 199, 2, '2013-05-28 09:02:22'),
(369, 194, 81, '2013-08-20 09:07:11'),
(370, 194, 81, '2013-08-20 09:08:20'),
(371, 194, 81, '2013-08-20 09:08:48'),
(372, 194, 81, '2013-08-20 09:10:08'),
(373, 194, 81, '2013-08-20 09:10:41'),
(374, 194, 81, '2013-08-20 09:13:17'),
(375, 249, 48, '2013-08-20 18:26:44'),
(376, 249, 48, '2013-08-20 18:27:21'),
(377, 249, 48, '2013-08-20 18:30:06'),
(378, 249, 48, '2013-08-20 18:30:41'),
(379, 223, 83, '2013-08-22 07:39:14'),
(380, 166, 88, '2013-08-22 10:43:20'),
(381, 215, 85, '2013-08-22 11:03:04'),
(382, 221, 49, '2013-08-22 11:45:53'),
(383, 297, 37, '2013-08-22 12:36:26'),
(384, 140, 35, '2013-08-23 08:17:05'),
(385, 301, 65, '2013-08-23 20:16:08'),
(386, 301, 65, '2013-08-23 20:16:37'),
(387, 135, 56, '2013-08-25 15:31:08'),
(388, 233, 68, '2013-08-25 17:00:41'),
(389, 233, 68, '2013-08-25 17:01:17'),
(390, 233, 68, '2013-08-25 17:02:18'),
(391, 233, 68, '2013-08-25 17:02:52'),
(392, 288, 6, '2013-08-26 17:09:37'),
(393, 288, 6, '2013-08-26 17:11:01'),
(394, 171, 63, '2013-08-27 12:07:54'),
(395, 171, 63, '2013-08-27 12:08:48'),
(396, 171, 63, '2013-08-27 12:10:09'),
(397, 171, 63, '2013-08-27 12:10:49'),
(398, 354, 53, '2013-08-27 16:12:20'),
(399, 158, 95, '2013-08-28 09:11:42'),
(400, 277, 19, '2013-08-29 07:47:19'),
(401, 313, 16, '2013-08-31 15:29:55'),
(402, 296, 69, '2013-09-02 19:32:25'),
(403, 296, 69, '2013-09-02 19:33:01'),
(404, 296, 69, '2013-09-02 19:33:48'),
(405, 296, 69, '2013-09-02 19:34:31'),
(406, 289, 55, '2013-09-15 18:32:26'),
(407, 306, 8, '2013-09-22 16:16:15'),
(408, 287, 50, '2013-09-23 14:05:51'),
(409, 287, 50, '2013-09-23 14:06:14'),
(410, 287, 50, '2013-09-23 14:06:44'),
(411, 287, 50, '2013-09-23 14:07:00'),
(412, 287, 50, '2013-09-23 14:07:34'),
(413, 287, 50, '2013-09-23 14:08:31'),
(414, 291, 20, '2013-09-25 20:37:18'),
(415, 254, 100, '2013-10-10 15:37:47'),
(416, 143, 39, '2013-10-12 15:46:50'),
(417, 281, 74, '2013-10-16 10:07:21'),
(418, 119, 52, '2013-10-19 08:07:11'),
(419, 314, 12, '2013-11-03 17:12:17'),
(420, 299, 61, '2013-11-04 00:36:52'),
(421, 271, 25, '2013-11-18 20:33:23'),
(422, 152, 82, '2014-01-08 17:31:10'),
(423, 321, 106, '2014-01-10 15:21:35'),
(424, 225, 93, '2014-01-18 15:45:22'),
(425, 218, 96, '2014-01-20 12:17:43'),
(426, 287, 50, '2014-02-02 14:56:43'),
(427, 319, 77, '2014-02-05 20:21:52'),
(428, 258, 100, '2014-02-12 04:18:26'),
(429, 322, 22, '2014-03-04 16:39:38'),
(430, 322, 22, '2014-03-04 16:40:04'),
(431, 322, 22, '2014-03-04 16:40:36'),
(432, 321, 106, '2014-03-08 19:06:47'),
(433, 299, 61, '2014-04-02 13:54:19'),
(434, 319, 77, '2014-04-27 22:02:22'),
(435, 319, 77, '2014-04-27 22:03:12'),
(436, 143, 39, '2014-05-05 19:20:00'),
(437, 143, 39, '2014-05-05 19:22:45'),
(438, 279, 3, '2014-05-09 00:07:44'),
(439, 287, 50, '2014-08-02 16:39:35'),
(440, 288, 104, '2014-08-16 15:40:09'),
(441, 330, 57, '2014-08-18 16:54:02'),
(442, 296, 25, '2014-08-18 20:53:26'),
(443, 296, 25, '2014-08-18 20:54:18'),
(444, 187, 32, '2014-08-19 12:43:36'),
(445, 309, 60, '2014-08-20 11:09:48'),
(446, 332, 16, '2014-08-21 11:41:35'),
(447, 338, 20, '2014-08-21 14:54:16'),
(448, 338, 20, '2014-08-21 15:11:05'),
(449, 336, 4, '2014-08-25 19:59:24'),
(450, 335, 73, '2014-08-26 18:05:00'),
(451, 300, 68, '2014-08-26 18:36:58'),
(452, 300, 68, '2014-08-26 18:37:51'),
(453, 300, 68, '2014-08-26 20:41:14'),
(454, 342, 65, '2014-08-27 08:37:51'),
(455, 343, 18, '2014-08-27 12:24:49'),
(456, 328, 69, '2014-08-31 06:38:46'),
(457, 328, 69, '2014-08-31 06:40:35'),
(458, 347, 22, '2014-08-31 10:31:55'),
(459, 347, 22, '2014-08-31 12:24:25'),
(460, 347, 22, '2014-08-31 12:25:41'),
(461, 347, 22, '2014-08-31 12:30:26'),
(462, 347, 22, '2014-08-31 12:31:19'),
(463, 347, 22, '2014-08-31 12:31:58'),
(464, 348, 75, '2014-08-31 13:53:45'),
(465, 332, 16, '2014-08-31 15:45:15'),
(466, 339, 45, '2014-08-31 17:13:21'),
(467, 252, 64, '2014-09-02 18:58:31'),
(468, 252, 64, '2014-09-02 19:00:46'),
(469, 347, 22, '2014-09-06 16:31:52'),
(470, 289, 15, '2014-09-11 22:38:05'),
(471, 300, 68, '2014-09-21 20:12:58'),
(472, 258, 100, '2014-09-23 08:39:35'),
(473, 258, 100, '2014-09-23 08:40:13'),
(474, 258, 100, '2014-09-23 08:40:36'),
(475, 258, 100, '2014-09-23 08:41:51'),
(476, 258, 100, '2014-09-23 08:42:17'),
(477, 258, 100, '2014-09-23 08:43:00'),
(478, 258, 100, '2014-09-23 08:43:11'),
(479, 152, 82, '2014-10-07 06:21:40'),
(480, 152, 82, '2014-10-07 06:22:08'),
(481, 347, 22, '2014-10-21 21:04:37'),
(482, 335, 73, '2014-11-06 13:58:29'),
(483, 352, 61, '2014-11-08 16:22:43'),
(484, 336, 4, '2014-11-18 09:33:22'),
(485, 173, 43, '2015-01-11 16:09:05'),
(486, 154, 9, '2015-02-03 14:53:22'),
(487, 228, 34, '2015-02-10 13:33:00'),
(488, 304, 27, '2015-02-10 18:57:26'),
(489, 256, 83, '2015-02-11 18:57:55'),
(490, 256, 83, '2015-02-11 18:59:27'),
(491, 256, 83, '2015-02-11 19:00:06'),
(492, 256, 83, '2015-02-11 19:00:30'),
(493, 256, 83, '2015-02-11 19:01:06'),
(494, 256, 83, '2015-02-11 19:01:33'),
(495, 256, 83, '2015-02-11 19:01:39'),
(496, 218, 98, '2015-02-13 18:17:26'),
(497, 218, 98, '2015-02-13 18:17:49'),
(498, 218, 98, '2015-02-13 18:20:12'),
(499, 350, 6, '2015-03-23 20:30:33'),
(500, 350, 6, '2015-03-23 20:31:35'),
(501, 228, 34, '2015-08-16 17:12:29'),
(502, 281, 86, '2015-08-17 09:19:54'),
(503, 281, 86, '2015-08-17 09:20:29'),
(504, 281, 86, '2015-08-17 09:21:07'),
(505, 249, 99, '2015-08-20 14:36:32'),
(506, 249, 99, '2015-08-20 14:37:42'),
(507, 365, 37, '2015-08-21 12:02:34'),
(508, 365, 37, '2015-08-21 12:03:54'),
(509, 365, 37, '2015-08-21 12:04:17'),
(510, 366, 11, '2015-08-22 08:58:50'),
(511, 249, 99, '2015-08-26 21:22:27'),
(512, 404, 69, '2015-08-26 22:00:38'),
(513, 357, 106, '2015-08-30 13:38:15'),
(514, 342, 76, '2015-08-31 14:19:01'),
(515, 342, 76, '2015-08-31 14:20:10'),
(516, 301, 42, '2015-09-02 06:41:03'),
(517, 351, 54, '2015-09-02 08:31:41'),
(518, 300, 104, '2015-09-02 11:41:48'),
(519, 300, 104, '2015-09-02 11:42:30'),
(520, 300, 104, '2015-09-02 11:43:22'),
(521, 300, 104, '2015-09-02 11:44:27'),
(522, 353, 21, '2015-09-02 21:49:04'),
(523, 364, 26, '2015-09-09 07:41:25'),
(524, 388, 20, '2015-09-09 21:49:30'),
(525, 388, 20, '2015-09-09 21:50:22'),
(526, 388, 20, '2015-09-09 21:51:03'),
(527, 389, 73, '2015-09-10 23:32:44'),
(528, 202, 35, '2015-09-18 13:40:26'),
(529, 202, 35, '2015-09-18 13:40:58'),
(530, 202, 35, '2015-09-18 13:42:32'),
(531, 202, 35, '2015-09-18 13:44:58'),
(532, 202, 35, '2015-09-18 13:45:46'),
(533, 202, 35, '2015-09-18 13:46:39'),
(534, 202, 35, '2015-09-18 13:47:20'),
(535, 202, 35, '2015-09-18 13:49:04'),
(536, 202, 35, '2015-09-18 13:49:34'),
(537, 138, 64, '2015-11-02 12:04:58'),
(538, 356, 77, '2015-11-21 13:26:14'),
(539, 376, 90, '2015-11-28 21:43:26'),
(540, 77, 79, '2015-11-29 19:09:43'),
(541, 404, 69, '2016-01-11 14:31:58'),
(542, 406, 12, '2016-04-05 13:21:03'),
(543, 194, 81, '2016-05-08 20:23:34');

-- --------------------------------------------------------

--
-- Table structure for table `oppgave`
--

CREATE TABLE IF NOT EXISTS `oppgave` (
  `id` int(1) NOT NULL AUTO_INCREMENT,
  `tid_oppretta` date DEFAULT NULL,
  `anslag_timer` varchar(32) CHARACTER SET utf8 COLLATE utf8_swedish_ci DEFAULT NULL,
  `ansvarsomrade_id` int(1) DEFAULT NULL,
  `anslag_personer` varchar(32) CHARACTER SET utf8 COLLATE utf8_swedish_ci DEFAULT NULL,
  `prioritet_id` int(1) NOT NULL,
  `navn` varchar(128) CHARACTER SET utf8 COLLATE utf8_swedish_ci NOT NULL,
  `beskrivelse` text CHARACTER SET utf8 COLLATE utf8_swedish_ci NOT NULL,
  `godkjent` tinyint(1) NOT NULL,
  `tid_godkjent` date DEFAULT NULL,
  `godkjent_bruker_id` int(1) DEFAULT NULL,
  PRIMARY KEY (`id`)
) ENGINE=MyISAM  DEFAULT CHARSET=utf8 COLLATE=utf8_unicode_ci AUTO_INCREMENT=4 ;

--
-- Dumping data for table `oppgave`
--

INSERT INTO `oppgave` (`id`, `tid_oppretta`, `anslag_timer`, `ansvarsomrade_id`, `anslag_personer`, `prioritet_id`, `navn`, `beskrivelse`, `godkjent`, `tid_godkjent`, `godkjent_bruker_id`) VALUES
(1, '2012-04-27', 'uvisst', NULL, '', 3, 'Baderom-regi', 'Kan dere ta en tur å kikke på dette. Gjøre det som skal gjøres', 1, '2012-05-05', 474),
(2, '0000-00-00', 'ca 1', NULL, '1', 2, 'Disse rommene mangler brannskilt', 'Sjekk om brannskilt mangler, og heng opp der det trengs.', 1, '2012-05-05', 474),
(3, '2012-05-05', '', NULL, '', 3, 'bad', '', 0, NULL, NULL);

-- --------------------------------------------------------

--
-- Table structure for table `pafyll`
--

CREATE TABLE IF NOT EXISTS `pafyll` (
  `id` int(10) unsigned NOT NULL AUTO_INCREMENT,
  `dato` date NOT NULL,
  `vakttype` varchar(1) COLLATE utf8_unicode_ci NOT NULL,
  `transaksjon` text COLLATE utf8_unicode_ci NOT NULL,
  PRIMARY KEY (`id`)
) ENGINE=MyISAM DEFAULT CHARSET=utf8 COLLATE=utf8_unicode_ci AUTO_INCREMENT=1 ;

-- --------------------------------------------------------

--
-- Table structure for table `prioritet`
--

CREATE TABLE IF NOT EXISTS `prioritet` (
  `id` int(10) unsigned NOT NULL AUTO_INCREMENT,
  `navn` varchar(16) CHARACTER SET latin1 NOT NULL,
  `nummer` tinyint(4) NOT NULL COMMENT 'Relativt nummer for å skille viktighet',
  `farge` varchar(7) CHARACTER SET latin1 NOT NULL,
  PRIMARY KEY (`id`)
) ENGINE=InnoDB  DEFAULT CHARSET=utf8 COLLATE=utf8_unicode_ci AUTO_INCREMENT=4 ;

--
-- Dumping data for table `prioritet`
--

INSERT INTO `prioritet` (`id`, `navn`, `nummer`, `farge`) VALUES
(1, 'Lav', 0, '#00B233'),
(2, 'Middels', 1, '#1485CC'),
(3, 'Høy', 3, '#FF2626');

-- --------------------------------------------------------

--
-- Table structure for table `rapport`
--

CREATE TABLE IF NOT EXISTS `rapport` (
  `id` int(12) unsigned NOT NULL AUTO_INCREMENT,
  `kvittering_id` int(8) unsigned DEFAULT NULL,
  `feil_id` int(8) unsigned DEFAULT NULL,
  `oppgave_id` int(8) unsigned DEFAULT NULL COMMENT 'For framtidig implementasjon av regioppgaver',
  `prioritet_id` int(4) unsigned NOT NULL,
  `godkjent` tinyint(1) NOT NULL,
  `tid_endret` datetime DEFAULT NULL,
  `merknad` text CHARACTER SET utf8 COLLATE utf8_swedish_ci,
  `tid_godkjent` datetime NOT NULL,
  `godkjent_bruker_id` int(8) NOT NULL,
  PRIMARY KEY (`id`)
) ENGINE=MyISAM  DEFAULT CHARSET=utf8 COLLATE=utf8_unicode_ci AUTO_INCREMENT=1617 ;

--
-- Dumping data for table `rapport`
--

INSERT INTO `rapport` (`id`, `kvittering_id`, `feil_id`, `oppgave_id`, `prioritet_id`, `godkjent`, `tid_endret`, `merknad`, `tid_godkjent`, `godkjent_bruker_id`) VALUES
(1, 1, 34, NULL, 1, 0, NULL, 'Mangler to knotter på knaggen.', '0000-00-00 00:00:00', 0),
(2, 1, 5, NULL, 2, 0, NULL, 'Går ikke alltid helt igjen. I tillegg er tetningslista nederst i karmen ødelagt.', '0000-00-00 00:00:00', 0),
(3, 1, 6, NULL, 1, 1, NULL, 'Ja.', '2011-05-16 00:26:03', 286),
(4, 1, 7, NULL, 2, 0, NULL, 'Flasser litt innvendig.', '0000-00-00 00:00:00', 0),
(5, 1, 4, NULL, 2, 0, NULL, 'Skapdørene under vasker er løse. Den ene faller helt av hengslene, mens den andre fremdeles henger på.', '0000-00-00 00:00:00', 0),
(6, 1, 11, NULL, 3, 0, NULL, '', '0000-00-00 00:00:00', 0),
(7, 2, 1, NULL, 3, 1, NULL, 'nei', '2011-05-16 00:22:37', 286),
(8, 2, 2, NULL, 1, 1, NULL, 'ja', '2011-05-16 00:22:37', 286),
(9, 2, 14, NULL, 3, 1, NULL, 'har ikke dusj', '2011-05-16 00:22:37', 286),
(10, 2, 15, NULL, 3, 1, NULL, 'har ikke dusj', '2011-05-16 00:22:37', 286),
(11, 2, 16, NULL, 3, 1, NULL, 'har ikke do', '2011-05-16 00:22:37', 286),
(12, 2, 23, NULL, 2, 1, NULL, 'ja', '2011-05-16 00:22:37', 286),
(13, 2, 24, NULL, 3, 1, NULL, 'nei', '2011-05-16 00:22:37', 286),
(14, 2, 32, NULL, 1, 1, NULL, 'ja', '2011-05-16 00:22:37', 286),
(15, 2, 34, NULL, 1, 1, NULL, 'ja', '2011-05-16 00:22:37', 286),
(16, 2, 27, NULL, 1, 1, NULL, 'nei', '2011-10-25 13:31:06', 265),
(17, 2, 28, NULL, 3, 1, NULL, 'ja', '2011-05-16 00:21:58', 286),
(18, 2, 5, NULL, 2, 1, NULL, 'ja', '2011-05-16 00:26:03', 286),
(19, 2, 6, NULL, 1, 1, NULL, 'nei', '2011-05-16 00:26:03', 286),
(20, 2, 8, NULL, 1, 0, NULL, '', '0000-00-00 00:00:00', 0),
(21, 2, 9, NULL, 1, 1, NULL, 'ja', '2011-05-16 00:26:03', 286),
(22, 2, 33, NULL, 1, 1, NULL, 'ja', '2011-05-16 00:26:03', 286),
(23, 2, 38, NULL, 1, 0, NULL, '', '0000-00-00 00:00:00', 0),
(24, 2, 20, NULL, 3, 1, NULL, '', '2011-05-16 00:25:44', 286),
(25, 2, 21, NULL, 3, 1, NULL, 'ja', '2011-05-16 00:25:44', 286),
(26, 2, 22, NULL, 3, 1, NULL, 'ja', '2011-05-16 00:25:44', 286),
(27, 2, 3, NULL, 1, 1, NULL, 'ja', '2011-05-16 00:25:31', 286),
(28, 2, 4, NULL, 2, 0, NULL, 'en er for kort, de er litt ødelagte', '0000-00-00 00:00:00', 0),
(29, 2, 25, NULL, 1, 1, NULL, 'nei', '2011-05-16 00:25:31', 286),
(30, 2, 26, NULL, 1, 1, NULL, 'ja', '2011-05-16 00:25:31', 286),
(31, 2, 31, NULL, 2, 0, NULL, '', '0000-00-00 00:00:00', 0),
(32, 2, 36, NULL, 3, 1, NULL, 'ja', '2011-05-16 00:25:31', 286),
(33, 2, 37, NULL, 3, 0, NULL, 'det kommer drønn gjennom hele rommet.. bølger, sus, elvelyder, skvulping spesielt.. bobler.. mest sannsynlig fra sprinkelanlegg eller radiatorgreier? ikke ovnen i seg selv..', '0000-00-00 00:00:00', 0),
(34, 2, 12, NULL, 3, 0, NULL, 'nja', '0000-00-00 00:00:00', 0),
(35, 2, 13, NULL, 3, 1, NULL, 'ja', '2011-05-16 00:21:32', 286),
(36, 2, 17, NULL, 2, 1, NULL, 'ja', '2011-05-16 00:21:32', 286),
(37, 2, 18, NULL, 2, 1, NULL, 'ja', '2011-05-16 00:21:32', 286),
(38, 2, 19, NULL, 1, 1, NULL, 'ja', '2011-05-16 00:21:32', 286),
(39, 2, 35, NULL, 3, 1, NULL, 'ja', '2011-05-16 00:21:32', 286),
(40, 2, 39, NULL, 3, 1, NULL, 'nei', '2011-05-16 00:21:47', 286),
(41, 2, 40, NULL, 3, 1, NULL, 'nei', '2011-05-16 00:21:47', 286),
(42, 3, 2, NULL, 1, 1, NULL, 'Det er ingen hyller ved vasken', '2012-04-15 16:04:14', 471),
(43, 3, 14, NULL, 3, 1, NULL, 'har ikke bad på rommet mitt(bøttekott)', '2011-10-25 13:28:30', 265),
(44, 3, 15, NULL, 3, 1, NULL, '', '2011-12-13 20:42:15', 471),
(45, 3, 16, NULL, 3, 1, NULL, '', '2011-10-25 13:29:50', 265),
(46, 3, 27, NULL, 1, 1, NULL, 'bor i første etage', '2011-10-25 13:31:06', 265),
(47, 3, 3, NULL, 1, 0, NULL, 'vet ikke om den er ny, den lyser i hvertfall', '0000-00-00 00:00:00', 0),
(48, 3, 29, NULL, 1, 0, NULL, 'det er hulli veggen etter skruer, trolig til en nattlampe for sommerhotellet som mangler', '0000-00-00 00:00:00', 0),
(49, 3, 31, NULL, 2, 0, NULL, 'det er en boble i gulvbelegget', '0000-00-00 00:00:00', 0),
(50, 3, 13, NULL, 3, 0, NULL, 'kan ikke skru den fast', '0000-00-00 00:00:00', 0),
(51, 4, 1, NULL, 3, 1, NULL, 'Ja, fra et punkt i fronten.', '2011-11-27 23:48:25', 471),
(52, 4, 23, NULL, 2, 1, NULL, 'Nei, den er i ferd med å smuldre opp.', '2011-11-27 23:42:23', 471),
(53, 4, 24, NULL, 3, 1, NULL, 'Hender den er ganske treg.', '2011-11-03 19:54:57', 471),
(54, 4, 38, NULL, 1, 0, NULL, 'Nei.', '0000-00-00 00:00:00', 0),
(55, 4, 29, NULL, 1, 0, NULL, 'En vegg har endel hull i tapeten.', '0000-00-00 00:00:00', 0),
(56, 4, 37, NULL, 3, 1, NULL, 'Ikke så mye som tidligere.', '2013-08-30 00:58:48', 471),
(57, 4, 13, NULL, 3, 0, NULL, 'Nei.', '0000-00-00 00:00:00', 0),
(58, 5, 1, NULL, 3, 0, NULL, 'Ja, en stor sprekk i vask', '0000-00-00 00:00:00', 0),
(59, 5, 27, NULL, 1, 0, NULL, 'nei', '0000-00-00 00:00:00', 0),
(60, 5, 3, NULL, 1, 0, NULL, 'nei', '0000-00-00 00:00:00', 0),
(61, 5, 17, NULL, 2, 0, NULL, 'har ikke rullegardin eller fester', '0000-00-00 00:00:00', 0),
(62, 6, 7, NULL, 2, 0, NULL, 'flasset av på innsiden', '0000-00-00 00:00:00', 0),
(63, 6, 29, NULL, 1, 0, NULL, 'mange spikerhull i vegg', '0000-00-00 00:00:00', 0),
(64, 7, 23, NULL, 2, 0, NULL, 'Noe skjolder', '0000-00-00 00:00:00', 0),
(65, 7, 24, 3, 3, 0, NULL, 'Varmtvannskrana går litt tregt, må strammes hardt for å bli tett. Ny pakning?', '0000-00-00 00:00:00', 0),
(66, 7, 7, NULL, 2, 0, NULL, 'Umalt innvendig, slitt maling på dørstokk og karm', '0000-00-00 00:00:00', 0),
(67, 7, 3, NULL, 1, 0, NULL, 'Trekassetypen', '0000-00-00 00:00:00', 0),
(68, 7, 25, NULL, 1, 0, NULL, 'Hjørnelister ved vasken er 5 cm for korte, fotlista under (ca 10 cm lang) er sprekt', '0000-00-00 00:00:00', 0),
(69, 7, 29, NULL, 1, 0, NULL, 'Noe avskalla maling på veggene', '0000-00-00 00:00:00', 0),
(70, 7, 10, NULL, 3, 0, NULL, 'Høyre vindu mangler feste for sprosser oppe til venstre', '0000-00-00 00:00:00', 0),
(71, 7, 11, NULL, 3, 0, NULL, 'Høyre vindu trekker', '0000-00-00 00:00:00', 0),
(72, 8, 34, NULL, 1, 0, NULL, '', '0000-00-00 00:00:00', 0),
(73, 8, 27, NULL, 1, 1, NULL, '', '2011-10-25 13:31:06', 265),
(74, 8, 28, 2, 3, 0, NULL, '', '0000-00-00 00:00:00', 0),
(75, 8, 9, NULL, 1, 0, NULL, 'den er vekk', '0000-00-00 00:00:00', 0),
(76, 8, 33, NULL, 1, 0, NULL, '', '0000-00-00 00:00:00', 0),
(77, 8, 4, NULL, 2, 0, NULL, '', '0000-00-00 00:00:00', 0),
(78, 8, 31, NULL, 2, 0, NULL, 'noen små spikerhull i gulvet', '0000-00-00 00:00:00', 0),
(79, 8, 37, NULL, 3, 0, NULL, 'JA!', '0000-00-00 00:00:00', 0),
(80, 8, 19, NULL, 1, 0, NULL, '', '0000-00-00 00:00:00', 0),
(81, 9, 16, NULL, 3, 1, NULL, 'Det renner litt (veldig lite, men allikevel noe)', '2011-11-27 23:48:42', 471),
(82, 9, 8, NULL, 1, 1, NULL, 'Ny lås', '2011-10-25 13:33:05', 265),
(83, 10, 8, NULL, 1, 1, NULL, 'Ny lås', '2011-10-25 13:33:05', 265),
(84, 10, 33, NULL, 1, 0, NULL, 'Mange kleskroker', '0000-00-00 00:00:00', 0),
(85, 10, 3, NULL, 1, 0, NULL, 'Gammel taklampe', '0000-00-00 00:00:00', 0),
(86, 10, 4, NULL, 2, 0, NULL, 'Mangler en skapdør. De som er går ikke helt igjen.', '0000-00-00 00:00:00', 0),
(87, 10, 29, NULL, 1, 0, NULL, 'Godt brukt tapet på veggene.', '0000-00-00 00:00:00', 0),
(88, 10, 31, NULL, 2, 0, NULL, 'En del stygge merker.', '0000-00-00 00:00:00', 0),
(89, 11, 1, NULL, 3, 1, NULL, 'nei', '2011-05-16 10:15:27', 265),
(90, 11, 2, NULL, 1, 1, NULL, 'ja', '2011-05-16 12:04:19', 286),
(91, 11, 14, NULL, 3, 1, NULL, 'ja', '2011-05-16 12:04:19', 286),
(92, 11, 15, NULL, 3, 1, NULL, 'nei', '2011-05-16 12:04:19', 286),
(93, 11, 16, NULL, 3, 1, NULL, 'ja', '2011-05-16 12:04:19', 286),
(94, 11, 23, NULL, 2, 1, NULL, 'ja', '2011-05-16 12:04:19', 286),
(95, 12, 23, NULL, 2, 1, NULL, 'har ikke benkelate', '2012-03-23 19:52:08', 471),
(96, 12, 3, NULL, 1, 0, NULL, 'Gammel', '0000-00-00 00:00:00', 0),
(97, 12, 40, NULL, 3, 0, NULL, 'På det ene vinduet er det noe dugg, men ikke så mye at det er irriterende. ', '0000-00-00 00:00:00', 0),
(98, 13, 24, NULL, 3, 1, NULL, 'ja', '2011-05-16 12:04:19', 286),
(99, 13, 32, NULL, 1, 1, NULL, 'ja', '2011-05-16 12:04:19', 286),
(100, 13, 34, NULL, 1, 1, NULL, 'ja', '2011-05-16 12:04:19', 286),
(101, 13, 27, NULL, 1, 1, NULL, 'nei', '2011-05-16 12:04:50', 286),
(102, 13, 28, NULL, 3, 1, NULL, 'ja', '2011-05-16 12:04:50', 286),
(103, 13, 5, NULL, 2, 1, NULL, 'ja', '2011-05-16 12:05:27', 286),
(104, 13, 6, NULL, 1, 1, NULL, 'nei', '2011-05-16 12:05:46', 286),
(105, 13, 7, NULL, 2, 1, NULL, 'nei', '2011-05-16 12:05:27', 286),
(106, 13, 8, NULL, 1, 1, NULL, '', '2011-05-16 12:05:27', 286),
(107, 13, 9, NULL, 1, 1, NULL, '', '2011-05-16 12:05:46', 286),
(108, 13, 33, NULL, 1, 1, NULL, 'ja', '2011-05-16 12:05:46', 286),
(109, 13, 38, NULL, 1, 1, NULL, 'ja', '2011-05-16 12:05:27', 286),
(110, 13, 20, NULL, 3, 1, NULL, 'ja', '2011-05-16 12:06:00', 286),
(111, 13, 21, NULL, 3, 0, NULL, 'innternett kontakten fungerer mindre bra, skrur seg av og på', '0000-00-00 00:00:00', 0),
(112, 13, 22, NULL, 3, 1, NULL, 'ja', '2011-05-16 12:06:00', 286),
(113, 13, 3, NULL, 1, 1, NULL, 'ja', '2011-05-16 12:06:44', 286),
(114, 13, 4, NULL, 2, 1, NULL, 'ja', '2011-05-16 12:06:44', 286),
(115, 13, 25, NULL, 1, 1, NULL, 'nei', '2011-05-16 12:06:44', 286),
(116, 13, 26, NULL, 1, 1, NULL, 'ja', '2011-05-16 12:06:44', 286),
(117, 13, 29, NULL, 1, 1, NULL, 'nei', '2011-05-16 12:06:44', 286),
(118, 13, 30, NULL, 1, 1, NULL, 'nei', '2011-05-16 12:06:44', 286),
(119, 13, 31, NULL, 2, 1, NULL, 'nei', '2011-05-16 12:06:44', 286),
(120, 13, 36, NULL, 3, 1, NULL, 'ja, kan gå litt vill noen ganger', '2013-08-30 00:58:48', 471),
(121, 13, 37, NULL, 3, 1, NULL, 'nei', '2011-05-16 12:06:44', 286),
(122, 13, 10, NULL, 3, 0, NULL, 'ja, en kunne vært bedre festet', '0000-00-00 00:00:00', 0),
(123, 13, 11, NULL, 3, 1, NULL, 'ja', '2011-05-16 12:09:15', 286),
(124, 13, 12, NULL, 3, 1, NULL, 'ja', '2011-05-16 12:09:15', 286),
(125, 13, 13, NULL, 3, 1, NULL, 'ja', '2011-05-16 12:09:15', 286),
(126, 13, 17, NULL, 2, 1, NULL, 'ja', '2011-05-16 12:09:15', 286),
(127, 13, 18, NULL, 2, 1, NULL, 'ja', '2011-05-16 12:09:15', 286),
(128, 13, 19, NULL, 1, 1, NULL, 'ja', '2011-05-16 12:09:15', 286),
(129, 13, 35, NULL, 3, 1, NULL, 'ja', '2011-05-16 12:09:15', 286),
(130, 13, 39, NULL, 3, 1, NULL, 'nei', '2011-05-16 12:09:15', 286),
(131, 13, 40, NULL, 3, 1, NULL, 'nei', '2011-05-16 12:09:15', 286),
(132, 14, 1, NULL, 3, 1, NULL, 'Nei', '2011-05-16 10:15:27', 265),
(133, 15, 1, NULL, 3, 1, NULL, '', '2012-04-19 22:26:11', 471),
(134, 15, 32, NULL, 1, 1, NULL, 'Ja', '2011-10-25 13:28:09', 265),
(135, 16, 10, NULL, 3, 1, NULL, 'Ja', '2011-05-16 12:09:15', 286),
(136, 16, 11, NULL, 3, 0, NULL, '', '0000-00-00 00:00:00', 0),
(137, 17, 1, NULL, 3, 1, NULL, 'Nei', '2011-05-16 10:15:27', 265),
(138, 18, 1, 3, 3, 1, NULL, '', '2013-08-30 01:01:34', 471),
(139, 18, 2, NULL, 1, 1, NULL, '', '2012-04-15 16:04:14', 471),
(140, 18, 39, NULL, 3, 1, NULL, 'Nei', '2011-05-16 12:09:15', 286),
(141, 19, 5, NULL, 2, 0, NULL, 'Jeg må ofte gi den et ekstra dytt for at den skal lukke seg. Men dette er ikke noe problem for meg.', '0000-00-00 00:00:00', 0),
(142, 19, 8, NULL, 1, 1, NULL, 'Ny', '2011-10-25 13:33:05', 265),
(143, 20, 38, NULL, 1, 0, NULL, 'Nei', '0000-00-00 00:00:00', 0),
(144, 20, 3, NULL, 1, 0, NULL, 'Nei', '0000-00-00 00:00:00', 0),
(145, 20, 4, NULL, 2, 0, NULL, 'Det ene håndtaket på skapet er knekt', '0000-00-00 00:00:00', 0),
(146, 20, 37, NULL, 3, 0, NULL, 'Ja', '0000-00-00 00:00:00', 0),
(147, 21, 12, NULL, 3, 0, NULL, '', '0000-00-00 00:00:00', 0),
(148, 21, 13, NULL, 3, 0, NULL, '', '0000-00-00 00:00:00', 0),
(149, 22, 5, NULL, 2, 0, NULL, 'døren går ikke helt igjen uten å dra med håndmakt da dørkarmen er skakk, Døren har også en sprekk midt på (ved låsen)', '0000-00-00 00:00:00', 0),
(150, 22, 7, NULL, 2, 0, NULL, 'ikke maling på døren innvendig, men den er pusset så den er ikke stygg', '0000-00-00 00:00:00', 0),
(151, 22, 31, NULL, 2, 0, NULL, 'Lite hull midt på gulvet (belegg)', '0000-00-00 00:00:00', 0),
(152, 23, 1, NULL, 3, 1, NULL, 'Ja', '2011-05-16 10:15:12', 265),
(153, 23, 2, NULL, 1, 0, NULL, 'Nei, (kun privat reol, blir stående under hotellperioden)', '0000-00-00 00:00:00', 0),
(154, 23, 14, NULL, 3, 1, NULL, 'Nei, fiksre selv', '2011-10-25 13:28:30', 265),
(155, 23, 23, NULL, 2, 1, NULL, 'Mangler', '2012-03-23 19:52:08', 471),
(156, 23, 27, NULL, 1, 1, NULL, '1. etajse', '2011-10-25 13:31:06', 265),
(157, 23, 8, NULL, 1, 1, NULL, 'Ny', '2011-10-25 13:33:05', 265),
(158, 23, 25, NULL, 1, 0, NULL, 'Ca. 80cm taklist på badet bak toalettet', '0000-00-00 00:00:00', 0),
(159, 23, 30, NULL, 1, 0, NULL, 'Noen merker i taket på badet (ikke fuktskade!)', '0000-00-00 00:00:00', 0),
(160, 23, 31, NULL, 2, 0, NULL, 'Fugene mellom flisene på badet er på tur å gå i oppløsning', '0000-00-00 00:00:00', 0),
(161, 24, 1, 3, 3, 0, NULL, 'Ja, men den lekker ikke. ', '0000-00-00 00:00:00', 0),
(162, 25, 1, NULL, 3, 1, NULL, '', '2013-08-30 01:01:34', 471),
(163, 25, 2, NULL, 1, 1, NULL, '2 små', '2011-10-25 13:29:19', 265),
(164, 25, 23, NULL, 2, 0, NULL, 'veldig gammel', '0000-00-00 00:00:00', 0),
(165, 25, 24, NULL, 3, 1, NULL, 'nei', '2011-10-25 13:27:49', 265),
(166, 25, 32, NULL, 1, 1, NULL, 'ja', '2011-10-25 13:28:09', 265),
(167, 25, 34, NULL, 1, 1, NULL, 'ja', '2011-10-25 13:30:42', 265),
(168, 25, 27, NULL, 1, 1, NULL, 'nei', '2011-10-25 13:31:06', 265),
(169, 25, 28, NULL, 3, 1, NULL, 'ja', '2011-10-25 13:31:18', 265),
(170, 25, 5, NULL, 2, 0, NULL, 'lukker seg ikke alltid helt hvis man bare slipper den.', '0000-00-00 00:00:00', 0),
(171, 25, 6, NULL, 1, 1, NULL, 'nei', '2011-10-25 13:31:58', 265),
(172, 25, 7, NULL, 2, 0, NULL, 'ja!', '0000-00-00 00:00:00', 0),
(173, 25, 8, NULL, 1, 0, NULL, '', '0000-00-00 00:00:00', 0),
(174, 25, 9, NULL, 1, 0, NULL, '', '0000-00-00 00:00:00', 0),
(175, 25, 33, NULL, 1, 1, NULL, 'ja', '2011-10-25 13:33:45', 265),
(176, 25, 20, NULL, 3, 0, NULL, 'gnistrer ofte i veggkontakt', '0000-00-00 00:00:00', 0),
(177, 25, 21, NULL, 3, 1, NULL, 'ja', '2011-10-25 13:34:40', 265),
(178, 25, 22, NULL, 3, 1, NULL, 'ja', '2011-10-25 13:34:54', 265),
(179, 25, 3, NULL, 1, 0, NULL, 'gammel sort med tre-gitter', '0000-00-00 00:00:00', 0),
(180, 25, 4, NULL, 2, 0, NULL, 'den ene skapdøren er ødelagt', '0000-00-00 00:00:00', 0),
(181, 25, 25, NULL, 1, 1, NULL, 'nei', '2011-05-16 12:06:44', 286),
(182, 25, 26, NULL, 1, 1, NULL, 'ja', '2011-05-16 12:06:44', 286),
(183, 25, 29, NULL, 1, 0, NULL, 'en del flekker /hull', '0000-00-00 00:00:00', 0),
(184, 25, 30, NULL, 1, 1, NULL, 'nei', '2012-11-23 12:56:41', 474),
(185, 25, 31, NULL, 2, 1, NULL, 'nei', '2012-11-23 12:56:34', 474),
(186, 25, 36, NULL, 3, 1, NULL, 'ja', '2012-01-13 11:56:25', 463),
(187, 25, 37, NULL, 3, 0, NULL, 'ja til tider', '0000-00-00 00:00:00', 0),
(188, 25, 10, NULL, 3, 0, NULL, 'bare på den ene', '0000-00-00 00:00:00', 0),
(189, 25, 11, NULL, 3, 0, NULL, '', '0000-00-00 00:00:00', 0),
(190, 25, 12, NULL, 3, 1, NULL, 'ja', '2011-05-16 12:09:15', 286),
(191, 25, 13, NULL, 3, 1, NULL, 'ja', '2011-05-16 12:09:15', 286),
(192, 25, 17, NULL, 2, 1, NULL, 'ja', '2011-05-16 12:09:15', 286),
(193, 25, 18, NULL, 2, 1, NULL, 'ja', '2011-05-16 12:09:15', 286),
(194, 25, 19, NULL, 1, 1, NULL, 'ja', '2011-05-16 12:09:15', 286),
(195, 25, 35, NULL, 3, 1, NULL, 'ja', '2011-05-16 12:09:15', 286),
(196, 25, 39, NULL, 3, 1, NULL, 'nei', '2011-05-16 12:09:15', 286),
(197, 25, 40, NULL, 3, 1, NULL, 'nei', '2011-05-16 12:09:15', 286),
(198, 26, 16, NULL, 3, 1, NULL, 'Ja', '2012-03-16 15:41:13', 471),
(199, 26, 5, NULL, 2, 0, NULL, 'Døren blir stående på gløtt.', '0000-00-00 00:00:00', 0),
(200, 26, 9, NULL, 1, 0, NULL, '', '0000-00-00 00:00:00', 0),
(201, 27, 16, NULL, 3, 1, NULL, 'Ja', '2012-03-16 15:41:13', 471),
(202, 27, 5, NULL, 2, 0, NULL, 'Døren blir stående på gløtt.', '0000-00-00 00:00:00', 0),
(203, 27, 9, NULL, 1, 0, NULL, '', '0000-00-00 00:00:00', 0),
(204, 27, 3, NULL, 1, 0, NULL, 'Tror ikke det', '0000-00-00 00:00:00', 0),
(205, 27, 4, NULL, 2, 0, NULL, 'Nei, mangler nederste hengsel på høyt klesskap i sovealkove', '0000-00-00 00:00:00', 0),
(206, 27, 26, NULL, 1, 0, NULL, '', '0000-00-00 00:00:00', 0),
(207, 27, 29, NULL, 1, 0, NULL, 'Noen hull', '0000-00-00 00:00:00', 0),
(208, 27, 12, NULL, 3, 0, NULL, 'Litt harde, men fungerer', '0000-00-00 00:00:00', 0),
(209, 28, 1, NULL, 3, 1, NULL, 'test', '2011-05-16 11:55:37', 286),
(210, 29, 1, NULL, 3, 1, NULL, 'test', '2011-05-16 12:07:18', 286),
(211, 30, 27, NULL, 1, 0, NULL, 'nei', '0000-00-00 00:00:00', 0),
(212, 30, 7, NULL, 2, 0, NULL, 'Malingen er flasset av i flekker langs kanten åp utsidne', '0000-00-00 00:00:00', 0),
(213, 31, 8, NULL, 1, 1, NULL, 'ny', '2011-10-25 13:33:05', 265),
(214, 31, 9, NULL, 1, 0, NULL, 'dørpumpe mangler', '0000-00-00 00:00:00', 0),
(215, 31, 3, NULL, 1, 0, NULL, 'nei', '0000-00-00 00:00:00', 0),
(216, 31, 4, NULL, 2, 0, NULL, 'Mangler skapdører til småskap over og under vask.', '0000-00-00 00:00:00', 0),
(217, 31, 25, NULL, 1, 0, NULL, 'ja, noen steder', '0000-00-00 00:00:00', 0),
(218, 31, 17, NULL, 2, 0, NULL, 'mangler feste til den tråden til rullegardinen', '0000-00-00 00:00:00', 0),
(219, 32, 1, NULL, 3, 1, NULL, 'Bare små riper', '2013-08-30 00:58:48', 471),
(220, 32, 2, NULL, 1, 1, NULL, 'Nei', '2012-04-15 16:04:14', 471),
(221, 32, 27, NULL, 1, 1, NULL, 'Nei', '2011-10-25 13:31:06', 265),
(222, 32, 5, NULL, 2, 0, NULL, 'Nei', '0000-00-00 00:00:00', 0),
(223, 32, 6, NULL, 1, 0, NULL, 'Noe', '0000-00-00 00:00:00', 0),
(224, 32, 7, NULL, 2, 0, NULL, 'Kunne tålt et strøk maling på innsiden', '0000-00-00 00:00:00', 0),
(225, 32, 8, NULL, 1, 1, NULL, 'Ny', '2011-10-25 13:33:05', 265),
(226, 32, 20, NULL, 3, 0, NULL, 'Mangler deksel på internett-uttaket', '0000-00-00 00:00:00', 0),
(227, 32, 3, NULL, 1, 0, NULL, 'Nei', '0000-00-00 00:00:00', 0),
(228, 32, 30, NULL, 1, 0, NULL, 'Brunt bak lampen', '0000-00-00 00:00:00', 0),
(229, 32, 31, NULL, 2, 0, NULL, 'Noen rifter i belegget', '0000-00-00 00:00:00', 0),
(230, 33, 1, NULL, 3, 0, NULL, 'En sprekk', '0000-00-00 00:00:00', 0),
(231, 33, 2, NULL, 1, 1, NULL, '', '2012-04-15 16:04:14', 471),
(232, 34, 27, NULL, 1, 1, NULL, 'Nei, men fikk melding om at jeg ikke trengte det i 1. etasje.', '2011-10-25 13:31:06', 265),
(233, 34, 21, NULL, 3, 0, NULL, 'Har Internett, men pluggen er meget dårlig. Må rette på den mange ganger om dagen.', '0000-00-00 00:00:00', 0),
(234, 34, 3, NULL, 1, 0, NULL, 'Har en gammel variant som blokkerer over 50% av lyset.', '0000-00-00 00:00:00', 0),
(235, 34, 37, NULL, 3, 0, NULL, 'Radiatoren spiller for full musikk. Har prøvd å drenere den for luft,men har ikke greit å få ut alt.', '0000-00-00 00:00:00', 0),
(236, 35, 2, NULL, 1, 0, NULL, 'Dørene på skapene går ikke igjen. Ellers finnes det ikke hyller her.', '0000-00-00 00:00:00', 0),
(237, 35, 34, NULL, 1, 0, NULL, 'nei', '0000-00-00 00:00:00', 0),
(238, 36, 5, NULL, 2, 0, NULL, 'nei', '0000-00-00 00:00:00', 0),
(239, 37, 8, NULL, 1, 1, NULL, 'Ser ny ut.', '2011-10-25 13:33:05', 265),
(240, 37, 33, NULL, 1, 0, NULL, 'ja, men de er ikke festet noe sted. Det er ikke plass i dørkarmen.', '0000-00-00 00:00:00', 0),
(241, 37, 20, NULL, 3, 0, NULL, 'Internettkontakten er ikke festet skikkelig.', '0000-00-00 00:00:00', 0),
(242, 37, 22, NULL, 3, 0, NULL, 'Jeg har ikke telefon på rommet.', '0000-00-00 00:00:00', 0),
(243, 38, 4, NULL, 2, 0, NULL, 'De kan ikke lukkes.', '0000-00-00 00:00:00', 0),
(244, 38, 25, NULL, 1, 0, NULL, 'Ja, på en og en halv vegg.', '0000-00-00 00:00:00', 0),
(245, 39, 26, NULL, 1, 0, NULL, 'Nei', '0000-00-00 00:00:00', 0),
(246, 39, 30, NULL, 1, 0, NULL, 'Ja', '0000-00-00 00:00:00', 0),
(247, 39, 10, NULL, 3, 0, NULL, 'Noen fester. Ikke alle.', '0000-00-00 00:00:00', 0),
(248, 39, 11, NULL, 3, 0, NULL, 'DET ER INGEN GUMMILISTER RUNDT VIDUET!!', '0000-00-00 00:00:00', 0),
(249, 39, 12, NULL, 3, 0, NULL, 'De sitter litt løst.', '0000-00-00 00:00:00', 0),
(250, 40, 8, NULL, 1, 0, NULL, 'gammel', '0000-00-00 00:00:00', 0),
(251, 40, 9, NULL, 1, 0, NULL, 'nei, døren går ikke helt igjen', '0000-00-00 00:00:00', 0),
(252, 40, 33, NULL, 1, 0, NULL, 'den som hang på døren hadde to knagger, hengt opp privat', '0000-00-00 00:00:00', 0),
(253, 40, 3, NULL, 1, 0, NULL, 'nei', '0000-00-00 00:00:00', 0),
(254, 40, 29, NULL, 1, 0, NULL, 'mørke flekker etter tetting av hull og brukt feil maling etterpå', '0000-00-00 00:00:00', 0),
(255, 40, 13, NULL, 3, 0, NULL, 'fungerer ikke ', '0000-00-00 00:00:00', 0),
(256, 40, 35, NULL, 3, 0, NULL, 'nei', '0000-00-00 00:00:00', 0),
(257, 41, 5, NULL, 2, 0, NULL, 'Noe treg', '0000-00-00 00:00:00', 0),
(258, 41, 8, NULL, 1, 1, NULL, 'ny', '2011-10-25 13:33:05', 265),
(259, 41, 12, NULL, 3, 0, NULL, 'treg', '0000-00-00 00:00:00', 0),
(260, 42, 7, NULL, 2, 0, NULL, 'døren har mange merker og skraper, mest på innsiden', '0000-00-00 00:00:00', 0),
(261, 42, 8, NULL, 1, 0, NULL, 'gammel lås', '0000-00-00 00:00:00', 0),
(262, 42, 38, NULL, 1, 0, NULL, 'Nei, ingen list utenfor døren', '0000-00-00 00:00:00', 0),
(263, 42, 4, NULL, 2, 0, NULL, 'skapdørene er hele, men ser slitne ut. Festene virker skrøpelige.', '0000-00-00 00:00:00', 0),
(264, 42, 31, NULL, 2, 0, NULL, 'Ikke hull, men mange svarte merker som ikke lar seg gjøre å vaske bort', '0000-00-00 00:00:00', 0),
(265, 42, 37, NULL, 3, 0, NULL, 'radiatoren bråker en del når den skrues på', '0000-00-00 00:00:00', 0),
(266, 42, 13, NULL, 3, 0, NULL, 'Går ikke an å skru den fast', '0000-00-00 00:00:00', 0),
(267, 43, 23, NULL, 2, 0, NULL, '', '0000-00-00 00:00:00', 0),
(268, 43, 6, NULL, 1, 0, NULL, 'Jepp', '0000-00-00 00:00:00', 0),
(269, 43, 7, NULL, 2, 0, NULL, 'Døren er stygg innvendig', '0000-00-00 00:00:00', 0),
(270, 43, 8, NULL, 1, 0, NULL, 'Gammel lås', '0000-00-00 00:00:00', 0),
(271, 43, 22, NULL, 3, 0, NULL, 'Dårlig kontakt, løst deksel', '0000-00-00 00:00:00', 0),
(272, 43, 10, NULL, 3, 0, NULL, 'En del spiker som substitutt', '0000-00-00 00:00:00', 0),
(273, 43, 13, NULL, 3, 0, NULL, 'Mangler endestykke, mangler også krok til andre siden', '0000-00-00 00:00:00', 0),
(274, 43, 40, NULL, 3, 0, NULL, 'Ikke dugg, men dritt', '0000-00-00 00:00:00', 0),
(275, 44, 23, NULL, 2, 1, NULL, 'Finnes ingen. Skal det det?', '2012-03-23 19:52:08', 471),
(276, 45, 10, NULL, 3, 0, NULL, 'Reparert 20.05.2011', '0000-00-00 00:00:00', 0),
(277, 46, 29, NULL, 1, 0, NULL, 'det er noen hull fra gamle hyller som har hengt her tidligere', '0000-00-00 00:00:00', 0),
(278, 46, 36, NULL, 3, 0, NULL, 'litt løs', '0000-00-00 00:00:00', 0),
(279, 46, 12, NULL, 3, 0, NULL, 'litt lause', '0000-00-00 00:00:00', 0),
(280, 46, 13, NULL, 3, 0, NULL, 'ja, men mangler en knott på enden.', '0000-00-00 00:00:00', 0),
(281, 47, 1, NULL, 3, 0, NULL, 'Antydninger til sprekker', '0000-00-00 00:00:00', 0),
(282, 47, 23, NULL, 2, 0, NULL, 'Oppsprukket', '0000-00-00 00:00:00', 0),
(283, 47, 7, NULL, 2, 0, NULL, 'Ingen maling på innsiden (skal kanskje være slik?)', '0000-00-00 00:00:00', 0),
(284, 47, 8, NULL, 1, 0, NULL, 'gammel', '0000-00-00 00:00:00', 0),
(285, 47, 3, NULL, 1, 0, NULL, 'Gammel tror jeg. Lysstoffrør med tregitter', '0000-00-00 00:00:00', 0),
(286, 47, 4, NULL, 2, 0, NULL, 'Den ene døra vil ikke sitte inntil', '0000-00-00 00:00:00', 0),
(287, 47, 29, NULL, 1, 0, NULL, 'Småhull', '0000-00-00 00:00:00', 0),
(288, 47, 30, NULL, 1, 0, NULL, 'Småhull og litt forskjellig falming', '0000-00-00 00:00:00', 0),
(289, 47, 36, NULL, 3, 1, NULL, 'tja. sikkert så bra som den skal', '2013-08-30 00:58:48', 471),
(290, 47, 37, NULL, 3, 0, NULL, 'Tidvis', '0000-00-00 00:00:00', 0),
(291, 47, 13, NULL, 3, 0, NULL, 'Har bare på den ene sida', '0000-00-00 00:00:00', 0),
(292, 48, 1, NULL, 3, 1, NULL, 'Nei, ikke vesentlige. Røret begynner å bli litt tett etter at vi renset det i januar.', '2011-11-03 19:57:27', 471),
(293, 48, 2, NULL, 1, 1, NULL, 'Ja.', '2011-10-25 13:29:19', 265),
(294, 48, 14, NULL, 3, 1, NULL, 'Ja.', '2011-10-25 13:28:30', 265),
(295, 48, 15, NULL, 3, 0, NULL, 'Noen ganger kommer det litt vann opp av sluket på badegulvet slik at det blir glatt. OBS OBS! Badematte anbefales.', '0000-00-00 00:00:00', 0),
(296, 48, 16, NULL, 3, 1, NULL, 'Nei.', '2011-10-25 13:29:50', 265),
(297, 48, 23, NULL, 2, 1, NULL, 'Har ikke benkplate.', '2011-11-27 23:47:07', 471),
(298, 48, 24, NULL, 3, 1, NULL, 'Litt.', '2011-11-03 19:57:27', 471),
(299, 48, 32, NULL, 1, 1, NULL, 'Ja.', '2011-10-25 13:28:09', 265),
(300, 48, 34, NULL, 1, 1, NULL, 'Ja.', '2011-10-25 13:30:42', 265),
(301, 48, 27, NULL, 1, 1, NULL, 'Nei, første etasje.', '2011-10-25 13:31:06', 265),
(302, 48, 28, NULL, 3, 1, NULL, 'Ja.', '2011-10-25 13:31:18', 265),
(303, 48, 5, NULL, 2, 1, NULL, 'Ja, perfekt tempo.', '2011-10-25 13:31:48', 265),
(304, 48, 6, NULL, 1, 0, NULL, 'Ja, litt når den er nesten helt igjen.', '0000-00-00 00:00:00', 0),
(305, 48, 7, NULL, 2, 0, NULL, 'Kunne trengt et strøk inne på rommet. Dørhåndtaket på den innerste døren i gangen kunne godt blitt skiftet ut, ganske stygt.', '0000-00-00 00:00:00', 0),
(306, 48, 8, NULL, 1, 1, NULL, 'Ny, ser ny ut i hvert fall.', '2011-10-25 13:33:05', 265),
(307, 48, 9, NULL, 1, 1, NULL, 'Ja.', '2011-10-25 13:33:27', 265),
(308, 48, 33, NULL, 1, 1, NULL, 'Ja.', '2011-10-25 13:33:45', 265),
(309, 48, 38, NULL, 1, 1, NULL, 'Ja.', '2011-10-25 13:33:55', 265),
(310, 48, 20, NULL, 3, 1, NULL, 'Ja.', '2011-10-25 13:34:13', 265),
(311, 48, 21, NULL, 3, 1, NULL, 'Ja, trådløst :-)', '2011-10-25 13:34:40', 265),
(312, 48, 22, NULL, 3, 1, NULL, 'Ja.', '2011-10-25 13:34:54', 265),
(313, 48, 3, NULL, 1, 0, NULL, 'Nei, mangler skjerm på to lamper i stuen/Bergljots soverom.', '0000-00-00 00:00:00', 0),
(314, 48, 4, NULL, 2, 0, NULL, 'Ja.', '0000-00-00 00:00:00', 0),
(315, 48, 25, NULL, 1, 0, NULL, 'Nei.', '0000-00-00 00:00:00', 0),
(316, 48, 26, NULL, 1, 1, NULL, 'Ja.', '2012-03-20 11:43:17', 265),
(317, 48, 29, NULL, 1, 0, NULL, 'Masse skruer i veggen som ikke har noe funksjon (i hvert fall ikke for oss).', '0000-00-00 00:00:00', 0),
(318, 48, 30, NULL, 1, 0, NULL, 'Nei, noen små hull her og der.', '0000-00-00 00:00:00', 0),
(319, 48, 31, NULL, 2, 0, NULL, 'Nei, noen flekker som ikke går bort.', '0000-00-00 00:00:00', 0),
(320, 48, 36, NULL, 3, 0, NULL, 'Tja, det er kaldt om vinteren.', '0000-00-00 00:00:00', 0),
(321, 48, 37, NULL, 3, 1, NULL, 'Nei.', '2013-08-30 00:58:48', 471),
(322, 48, 10, NULL, 3, 0, NULL, 'Ja.', '0000-00-00 00:00:00', 0),
(323, 48, 11, NULL, 3, 0, NULL, 'Ja.', '0000-00-00 00:00:00', 0),
(324, 48, 12, NULL, 3, 1, NULL, 'Ja. ', '2012-01-13 11:59:13', 463),
(325, 48, 13, NULL, 3, 0, NULL, 'Ja. Mangler et låsestykke på den ene slik at man kan åpne vinduet helt utenfra (Heidis soverom).', '0000-00-00 00:00:00', 0),
(326, 48, 17, NULL, 2, 0, NULL, 'Ja. Snoren til den ene er løs (Heidis soverom).', '0000-00-00 00:00:00', 0),
(327, 48, 18, NULL, 2, 1, NULL, 'Ja.', '2015-02-06 10:37:43', 427),
(328, 48, 19, NULL, 1, 0, NULL, 'Ja.  "Gardinfestet" foran sovealkoven er helt på trynet. Faller ned hver gang man drar det for.', '0000-00-00 00:00:00', 0),
(329, 48, 35, NULL, 3, 0, NULL, 'Ja.', '0000-00-00 00:00:00', 0),
(330, 48, 39, NULL, 3, 0, NULL, 'Nei.', '0000-00-00 00:00:00', 0),
(331, 48, 40, NULL, 3, 0, NULL, 'Nei.', '0000-00-00 00:00:00', 0),
(332, 49, 2, NULL, 1, 1, NULL, '', '2011-10-25 13:29:19', 265),
(333, 49, 14, NULL, 3, 1, NULL, '', '2011-10-25 13:28:34', 265),
(334, 49, 16, NULL, 3, 1, NULL, '', '2011-10-25 13:29:50', 265),
(335, 49, 23, NULL, 2, 0, NULL, '', '0000-00-00 00:00:00', 0),
(336, 49, 32, NULL, 1, 1, NULL, '', '2011-10-25 13:28:09', 265),
(337, 49, 34, NULL, 1, 0, NULL, '', '0000-00-00 00:00:00', 0),
(338, 49, 28, 2, 3, 0, NULL, '', '0000-00-00 00:00:00', 0),
(339, 50, 23, NULL, 2, 0, NULL, 'litt slitt, men ikke kritisk', '0000-00-00 00:00:00', 0),
(340, 50, 24, NULL, 3, 1, NULL, 'lekker litt', '2012-06-05 21:02:06', 471),
(341, 50, 5, NULL, 2, 0, NULL, 'må justeres litt på låsekassa', '0000-00-00 00:00:00', 0),
(342, 50, 7, NULL, 2, 0, NULL, 'litt avskalling av maling innvendig, men ikke kritisk', '0000-00-00 00:00:00', 0),
(343, 50, 22, NULL, 3, 0, NULL, 'har ikke telefon', '0000-00-00 00:00:00', 0),
(344, 50, 17, NULL, 2, 0, NULL, 'har ikke rullgardin', '0000-00-00 00:00:00', 0),
(345, 50, 40, NULL, 3, 0, NULL, 'litt', '0000-00-00 00:00:00', 0),
(346, 51, 23, NULL, 2, 1, NULL, 'Har ikke benkeplate rundt vasken.', '2011-11-27 23:46:48', 471),
(347, 51, 5, NULL, 2, 0, NULL, 'Mangler den innerste døren i gangen', '0000-00-00 00:00:00', 0),
(348, 51, 6, NULL, 1, 0, NULL, 'Det smeller i døren, akkurat som om noen kommer inn, hver gang noen går i døren på gangen.', '0000-00-00 00:00:00', 0),
(349, 51, 8, NULL, 1, 1, NULL, 'Ny lås, men den er litt løst festet.', '2011-10-25 13:33:05', 265),
(350, 51, 20, NULL, 3, 0, NULL, 'Flere av kontaktene er ikke fast i veggen.', '0000-00-00 00:00:00', 0),
(351, 51, 3, NULL, 1, 0, NULL, 'Nei, tror ikke det.', '0000-00-00 00:00:00', 0),
(352, 51, 4, NULL, 2, 0, NULL, 'Den ene døren i gangen har en bulk. Alle skapene i alkoven mangler dørhåndtak/knotter.', '0000-00-00 00:00:00', 0),
(353, 51, 29, NULL, 1, 0, NULL, 'Tapeten er stygg, og det er et hakk i veggen. Tapetene på ene veggen i alkoven er løs. Veggene på badet er skjoldete.', '0000-00-00 00:00:00', 0),
(354, 51, 30, NULL, 1, 0, NULL, 'Ja, prøvde å vaske det fire ganger i fjor sommer, og det ble bare værre for hver gang. Taket på badet er stygt og skjoldet.', '0000-00-00 00:00:00', 0),
(355, 51, 31, NULL, 2, 0, NULL, 'Det er hullete, sprekker, og flekkete.', '0000-00-00 00:00:00', 0),
(356, 51, 36, NULL, 3, 0, NULL, 'Nei, denne ene er enten alltid på maks eller av.', '0000-00-00 00:00:00', 0),
(357, 51, 11, NULL, 3, 0, NULL, 'Tettningslistene sitter godt, men det trekker veldig fra vinduene i alkovene.', '0000-00-00 00:00:00', 0),
(358, 51, 12, NULL, 3, 0, NULL, 'Noen er veldig seige å åpne og å lukke.', '0000-00-00 00:00:00', 0),
(359, 51, 13, NULL, 3, 0, NULL, 'Mangler på et av vindussettene', '0000-00-00 00:00:00', 0),
(360, 51, 17, NULL, 2, 0, NULL, 'To av rullegardinen har vært ødelagt i festet siden vi flyttet inn, og i vinter så knakk den ene helt. Den andre faller ned hvis man ikke drar i den på riktig måte.', '0000-00-00 00:00:00', 0),
(361, 52, 15, NULL, 3, 1, NULL, 'Slangen har en stor lekkasje og bør byttes ut snarest.', '2012-03-16 15:40:34', 471),
(362, 52, 23, NULL, 2, 0, NULL, '', '0000-00-00 00:00:00', 0),
(363, 52, 24, NULL, 3, 1, NULL, 'Nei, men avløpet til dusjen bør kanskje sees over.', '2012-03-16 15:40:34', 471),
(364, 52, 7, NULL, 2, 0, NULL, 'Ja, døren til badet er spesielt ille.', '0000-00-00 00:00:00', 0),
(365, 52, 8, NULL, 1, 1, NULL, 'Ny.', '2011-10-25 13:33:05', 265),
(366, 52, 3, NULL, 1, 1, NULL, 'Ja.', '2011-10-25 13:35:15', 265),
(367, 52, 4, NULL, 2, 0, NULL, 'Mangler mange skapdører i sovealkoven.', '0000-00-00 00:00:00', 0),
(368, 52, 25, NULL, 1, 0, NULL, 'Noen av listene på badet trenger maling.', '0000-00-00 00:00:00', 0),
(369, 52, 26, NULL, 1, 0, NULL, '', '0000-00-00 00:00:00', 0),
(370, 52, 29, NULL, 1, 0, NULL, 'Noen smp hull her og der. Stor vannskade i sovealkoven, som fremdeles ikke er helt i orden.', '0000-00-00 00:00:00', 0),
(371, 52, 31, NULL, 2, 0, NULL, 'Noen små hakk her og der, men ingen store skader.', '0000-00-00 00:00:00', 0),
(372, 53, 27, NULL, 1, 0, NULL, 'Nei', '0000-00-00 00:00:00', 0),
(373, 53, 3, NULL, 1, 0, NULL, 'Nei', '0000-00-00 00:00:00', 0),
(374, 53, 4, NULL, 2, 0, NULL, 'Nei, den ene skapdøren har nesten falt helt av', '0000-00-00 00:00:00', 0),
(375, 53, 25, NULL, 1, 0, NULL, 'noen lister i taket holder på å falle av', '0000-00-00 00:00:00', 0),
(376, 54, 3, NULL, 1, 0, NULL, 'Nei', '0000-00-00 00:00:00', 0),
(377, 54, 10, NULL, 3, 0, NULL, 'noen fester er bare spikere', '0000-00-00 00:00:00', 0),
(378, 55, 14, NULL, 3, 1, NULL, 'Nei', '2011-10-25 13:28:30', 265),
(379, 55, 24, NULL, 3, 0, NULL, 'Delvis, vannet renner ut etter ca halvannen-3 timer, avhengig av forholdene.', '0000-00-00 00:00:00', 0),
(380, 55, 7, NULL, 2, 0, NULL, 'Ja, hakk i malingen hvor luftbobler fra da den ble malt har sprukket, o.l.', '0000-00-00 00:00:00', 0),
(381, 55, 8, NULL, 1, 0, NULL, 'Gammel, tror jeg. Usikker. Den er avrundet i kantene.', '0000-00-00 00:00:00', 0),
(382, 55, 9, NULL, 1, 0, NULL, 'den lukker døra sakte, men ikke helt igjen.', '0000-00-00 00:00:00', 0),
(383, 55, 3, NULL, 1, 0, NULL, 'Vet ikke hva forskjellen er.', '0000-00-00 00:00:00', 0),
(384, 55, 26, NULL, 1, 0, NULL, 'Nei.', '0000-00-00 00:00:00', 0),
(385, 55, 29, NULL, 1, 0, NULL, 'Hull etter malerier eller bilder fra tidligere beboere, særlig rundt der vegglampene skulle vært. NB: Ingen vegglamper, disse er M.I.A. (aldri eid lampe på østvegg) eller fjernet grunnet kaputt (funnet spor etter tidligere liming, skulle vært kastet for lenge siden.)', '0000-00-00 00:00:00', 0),
(386, 55, 31, NULL, 2, 0, NULL, 'Mindre riper, ellers ingenting.', '0000-00-00 00:00:00', 0),
(387, 55, 37, NULL, 3, 0, NULL, 'lav susing hvis man har hodet innenfor en fot fra, og den står på.', '0000-00-00 00:00:00', 0),
(388, 55, 10, NULL, 3, 0, NULL, 'Nja. Har spikre i stedet for, sprosser forsvant i fjor under regi, er jeg fortalt.', '0000-00-00 00:00:00', 0),
(389, 55, 12, NULL, 3, 0, NULL, 'Nei, en er jævlig løs, en er jævlig stram, kan ikke manøvreres. Gjelder venstre vindu. Bruker ikke høyre.', '0000-00-00 00:00:00', 0),
(390, 55, 13, NULL, 3, 0, NULL, 'Nei.', '0000-00-00 00:00:00', 0),
(391, 56, 2, NULL, 1, 0, NULL, 'den ene døra er sprekt', '0000-00-00 00:00:00', 0),
(392, 56, 27, NULL, 1, 1, NULL, 'nei', '2011-10-25 13:31:06', 265),
(393, 56, 6, NULL, 1, 0, NULL, 'ja', '0000-00-00 00:00:00', 0),
(394, 56, 7, NULL, 2, 0, NULL, 'stygg innvendig', '0000-00-00 00:00:00', 0),
(395, 56, 8, NULL, 1, 1, NULL, 'ny', '2011-10-25 13:33:05', 265),
(396, 56, 9, NULL, 1, 1, NULL, 'ja', '2011-10-25 13:33:27', 265),
(397, 56, 33, NULL, 1, 1, NULL, 'ja', '2011-10-25 13:33:45', 265),
(398, 56, 38, NULL, 1, 1, NULL, 'ja', '2011-10-25 13:33:55', 265),
(399, 56, 20, NULL, 3, 1, NULL, 'ja', '2011-10-25 13:34:13', 265),
(400, 56, 21, NULL, 3, 0, NULL, 'boksen er ødelagt', '0000-00-00 00:00:00', 0),
(401, 56, 22, NULL, 3, 1, NULL, 'ja', '2011-10-25 13:34:54', 265),
(402, 56, 3, NULL, 1, 0, NULL, 'nei', '0000-00-00 00:00:00', 0),
(403, 56, 4, NULL, 2, 0, NULL, 'ja,men mangler underligger mellom skap og gulv.', '0000-00-00 00:00:00', 0),
(404, 56, 25, NULL, 1, 0, NULL, 'under skapet ved vasken', '0000-00-00 00:00:00', 0),
(405, 56, 26, NULL, 1, 1, NULL, 'ja', '2012-03-20 11:43:17', 265),
(406, 56, 29, NULL, 1, 0, NULL, 'noen h', '0000-00-00 00:00:00', 0),
(407, 57, 29, NULL, 1, 0, NULL, 'Noen hull', '0000-00-00 00:00:00', 0),
(408, 58, 29, NULL, 1, 0, NULL, 'stygg tapet ved speil. Blitt fuktig og krøllete.', '0000-00-00 00:00:00', 0),
(409, 58, 30, NULL, 1, 0, NULL, 'nei', '0000-00-00 00:00:00', 0),
(410, 58, 31, NULL, 2, 0, NULL, 'nei', '0000-00-00 00:00:00', 0),
(411, 58, 36, NULL, 3, 1, NULL, 'ja', '2012-01-13 11:56:25', 463),
(412, 58, 37, NULL, 3, 1, NULL, 'nei', '2013-08-30 00:58:48', 471),
(413, 58, 10, NULL, 3, 0, NULL, 'ja', '0000-00-00 00:00:00', 0),
(414, 58, 11, NULL, 3, 0, NULL, 'nei, noen sprekker', '0000-00-00 00:00:00', 0),
(415, 58, 12, NULL, 3, 1, NULL, 'ja', '2012-01-13 11:59:13', 463),
(416, 58, 13, NULL, 3, 0, NULL, 'ja', '0000-00-00 00:00:00', 0),
(417, 58, 17, NULL, 2, 0, NULL, 'ja', '0000-00-00 00:00:00', 0),
(418, 58, 18, NULL, 2, 1, NULL, 'ja', '2015-02-06 10:37:43', 427),
(419, 58, 19, NULL, 1, 0, NULL, 'ja', '0000-00-00 00:00:00', 0),
(420, 58, 35, NULL, 3, 0, NULL, 'ja', '0000-00-00 00:00:00', 0),
(421, 58, 39, NULL, 3, 0, NULL, 'nei', '0000-00-00 00:00:00', 0),
(422, 58, 40, NULL, 3, 0, NULL, 'nei', '0000-00-00 00:00:00', 0),
(423, 59, 2, NULL, 1, 1, NULL, 'Nei, har ingen hyller ved vasken', '2012-04-15 16:01:52', 471),
(424, 59, 34, NULL, 1, 0, NULL, 'Nei, bare på inngangsdøren', '0000-00-00 00:00:00', 0),
(425, 59, 9, NULL, 1, 0, NULL, 'har ikke dørpumpe', '0000-00-00 00:00:00', 0),
(426, 59, 33, NULL, 1, 0, NULL, 'Mangler en! ', '0000-00-00 00:00:00', 0),
(427, 59, 4, NULL, 2, 0, NULL, 'Mangler håndtak på skap under vask, ett hull nede på den ene siden av skapet', '0000-00-00 00:00:00', 0),
(428, 59, 29, NULL, 1, 0, NULL, 'Er en del hull på veggene under hyllene', '0000-00-00 00:00:00', 0),
(429, 59, 31, NULL, 2, 0, NULL, 'litt oppbuling/ stygt rett ved vinduet', '0000-00-00 00:00:00', 0),
(430, 59, 13, NULL, 3, 0, NULL, 'Har bare på ett av vinduene, den fungerer godt', '0000-00-00 00:00:00', 0),
(431, 59, 40, NULL, 3, 0, NULL, 'Litt', '0000-00-00 00:00:00', 0),
(432, 60, 23, NULL, 2, 0, NULL, 'En bulk og slitasje ved kanten', '0000-00-00 00:00:00', 0),
(433, 60, 5, NULL, 2, 0, NULL, 'Må gi døren et lett trykk for at den skal gå igjen skikkelig', '0000-00-00 00:00:00', 0),
(434, 60, 7, NULL, 2, 0, NULL, 'Malingen har flasset av noen steder', '0000-00-00 00:00:00', 0),
(435, 60, 4, NULL, 2, 0, NULL, 'Malingen har flakket av noen steder og den ene skapdøren er skeiv slik at det er litt vanskeligere å få igjen dørene', '0000-00-00 00:00:00', 0),
(436, 60, 29, NULL, 1, 0, NULL, 'Mange hull etter spiker, avskallet noen steder og noen flekker', '0000-00-00 00:00:00', 0),
(437, 60, 31, NULL, 2, 0, NULL, 'Noen små hull og noen bulker', '0000-00-00 00:00:00', 0),
(438, 60, 10, NULL, 3, 0, NULL, '2 sprosser mangler feste', '0000-00-00 00:00:00', 0),
(439, 60, 18, NULL, 2, 0, NULL, '2 av sidebåndene er ødelagt i festet', '0000-00-00 00:00:00', 0),
(440, 61, 1, NULL, 3, 0, NULL, 'Den synes, men lager ingen problemer', '0000-00-00 00:00:00', 0),
(441, 61, 23, NULL, 2, 0, NULL, 'Ganske ripete og litt flassete', '0000-00-00 00:00:00', 0),
(442, 61, 7, NULL, 2, 0, NULL, 'Litt stygg utenpå, riper og litt flass, men ingenting som fortjener en døroppussing', '0000-00-00 00:00:00', 0),
(443, 61, 8, NULL, 1, 0, NULL, 'Vet ikke - tror den er ny(du vrir den i hvert fall)', '0000-00-00 00:00:00', 0),
(444, 61, 4, NULL, 2, 0, NULL, 'Hele dører, men den ene henger kun i ett feste. Selve skapet står litt på skjeive.', '0000-00-00 00:00:00', 0),
(445, 61, 25, NULL, 1, 0, NULL, 'Noen løse lister, men de er på rommet.', '0000-00-00 00:00:00', 0),
(446, 61, 29, NULL, 1, 0, NULL, 'En del småhull', '0000-00-00 00:00:00', 0),
(447, 61, 31, NULL, 2, 0, NULL, 'Noen rifter midt på gulvet + merker etter sengeben', '0000-00-00 00:00:00', 0),
(448, 61, 10, NULL, 3, 0, NULL, 'Noen, men andre sitter løst/er borte for sprossene sitter dårlig', '0000-00-00 00:00:00', 0),
(449, 61, 11, NULL, 3, 0, NULL, 'Begynner å morkne - fungerer dårlig(både mot kulde og lyd)', '0000-00-00 00:00:00', 0),
(450, 61, 13, NULL, 3, 0, NULL, 'Fungerer dårlig', '0000-00-00 00:00:00', 0),
(451, 62, 27, NULL, 1, 1, NULL, '', '2011-10-25 13:31:06', 265),
(452, 62, 20, NULL, 3, 0, NULL, 'Det ene "dekselet" til en kontakt er ødelagt', '0000-00-00 00:00:00', 0),
(453, 62, 3, NULL, 1, 0, NULL, '', '0000-00-00 00:00:00', 0),
(454, 62, 25, NULL, 1, 0, NULL, 'ca 10 cm', '0000-00-00 00:00:00', 0),
(455, 63, 2, NULL, 1, 0, NULL, 'Lampen over vaksen har ikke deksel.', '0000-00-00 00:00:00', 0),
(456, 64, 4, NULL, 2, 0, NULL, 'ja, men det ene håndtaket ble ødelagt i forbindelse med vannlekkasjen.', '0000-00-00 00:00:00', 0),
(457, 66, 1, NULL, 3, 0, NULL, 'noen små hul. ellers fint', '0000-00-00 00:00:00', 0),
(458, 67, 2, NULL, 1, 0, NULL, 'de har en tendens til å løsne etter litt tid. Når man strammer de går det bra, men så blir de dårlig igjen ', '0000-00-00 00:00:00', 0),
(459, 67, 23, NULL, 2, 1, NULL, 'har ikke benkeplate. Bruker en kommode under istedet', '2011-11-27 23:44:46', 471),
(460, 68, 23, NULL, 2, 0, NULL, '', '0000-00-00 00:00:00', 0),
(461, 68, 28, 2, 3, 0, NULL, 'mangler', '0000-00-00 00:00:00', 0),
(462, 68, 7, NULL, 2, 0, NULL, 'noen små flekker, ikke for ille', '0000-00-00 00:00:00', 0),
(463, 68, 3, NULL, 1, 0, NULL, 'har lysrør med gammel type cover', '0000-00-00 00:00:00', 0),
(464, 68, 29, NULL, 1, 0, NULL, 'en del flekker og fargen er ROSA. ', '0000-00-00 00:00:00', 0),
(465, 68, 30, NULL, 1, 0, NULL, 'små flekker, men ellers ok', '0000-00-00 00:00:00', 0),
(466, 68, 31, NULL, 2, 0, NULL, 'har småsår men ikke noe dramatisk ', '0000-00-00 00:00:00', 0),
(467, 68, 18, NULL, 2, 0, NULL, 'mangler et feste til det som skal holde gardinen til siden ', '0000-00-00 00:00:00', 0),
(468, 69, 27, NULL, 1, 0, NULL, 'Det ble brukt på den nye fine 17. mai fanen til sing', '0000-00-00 00:00:00', 0),
(469, 69, 13, NULL, 3, 0, NULL, 'Vil ikke skru seg fast', '0000-00-00 00:00:00', 0),
(470, 70, 7, NULL, 2, 0, NULL, 'dørstokken er veldig stygg!', '0000-00-00 00:00:00', 0),
(471, 71, 2, NULL, 1, 0, NULL, 'Den ene skapdøra er løs', '0000-00-00 00:00:00', 0),
(472, 71, 5, NULL, 2, 0, NULL, '', '0000-00-00 00:00:00', 0),
(473, 71, 9, NULL, 1, 0, NULL, 'Smeller litt hardt', '0000-00-00 00:00:00', 0),
(474, 71, 22, NULL, 3, 0, NULL, 'Har ikke telefon', '0000-00-00 00:00:00', 0),
(475, 71, 25, NULL, 1, 0, NULL, 'Mangler en bitteliten list', '0000-00-00 00:00:00', 0),
(476, 71, 26, NULL, 1, 0, NULL, 'Nei!', '0000-00-00 00:00:00', 0),
(477, 71, 11, NULL, 3, 0, NULL, 'Nei', '0000-00-00 00:00:00', 0),
(478, 72, 36, NULL, 3, 1, NULL, 'En av radiatorene mangler knotten til å regulere temperaturen', '2013-08-30 01:00:56', 471),
(479, 73, 24, NULL, 3, 1, NULL, 'Det hender at det tar litt tid før vannet renner ned.', '2012-04-15 16:07:15', 471),
(480, 73, 34, NULL, 1, 0, NULL, 'ingen kroker ved vasken', '0000-00-00 00:00:00', 0),
(481, 73, 7, NULL, 2, 0, NULL, 'Stor flekk uten maling på innsiden av døren', '0000-00-00 00:00:00', 0),
(482, 73, 8, NULL, 1, 1, NULL, 'Ny', '2011-10-25 13:33:05', 265),
(483, 73, 4, NULL, 2, 0, NULL, 'Skapet under vasken mangler magnetfeste, og går derfor ikke helt igjen', '0000-00-00 00:00:00', 0),
(484, 74, 2, NULL, 1, 1, NULL, 'nei', '2012-04-15 16:01:52', 471),
(485, 74, 34, NULL, 1, 0, NULL, '', '0000-00-00 00:00:00', 0),
(486, 74, 6, NULL, 1, 0, NULL, 'ja', '0000-00-00 00:00:00', 0),
(487, 74, 8, NULL, 1, 1, NULL, 'ny tror jeg', '2011-10-25 13:33:05', 265),
(488, 74, 33, NULL, 1, 0, NULL, 'nei', '0000-00-00 00:00:00', 0),
(489, 74, 31, NULL, 2, 0, NULL, 'ja, kom noen skader under hotellperioden i fjor. ', '0000-00-00 00:00:00', 0),
(490, 74, 37, NULL, 3, 0, NULL, 'den suser noen ganger', '0000-00-00 00:00:00', 0),
(491, 75, 24, NULL, 3, 0, NULL, 'Det er noe feil med avløpet fra Kristian og Tine sitt rom. Den gamle pakningen lekker når de bruker vasken lenge.', '0000-00-00 00:00:00', 0),
(492, 78, 12, NULL, 3, 0, NULL, 'Er blitt ganske harde', '0000-00-00 00:00:00', 0),
(493, 79, 27, NULL, 1, 0, NULL, 'nei', '0000-00-00 00:00:00', 0),
(494, 79, 7, NULL, 2, 0, NULL, 'Malingen flasser langs sidene på døren', '0000-00-00 00:00:00', 0),
(495, 79, 9, NULL, 1, 0, NULL, 'Dørpumpen mangler skinne', '0000-00-00 00:00:00', 0),
(496, 79, 20, NULL, 3, 0, NULL, 'Den ene kontakten mangler deksel', '0000-00-00 00:00:00', 0),
(497, 79, 21, NULL, 3, 0, NULL, 'internett uttaket virker ikke', '0000-00-00 00:00:00', 0),
(498, 79, 3, NULL, 1, 0, NULL, 'nei', '0000-00-00 00:00:00', 0),
(499, 79, 4, NULL, 2, 0, NULL, 'mangler skapdører til små skap over og under vasken', '0000-00-00 00:00:00', 0),
(500, 79, 25, NULL, 1, 0, NULL, 'Ja, noen steder', '0000-00-00 00:00:00', 0),
(501, 79, 17, NULL, 2, 0, NULL, 'mangler feste til den tråden til rullegardinen', '0000-00-00 00:00:00', 0),
(502, 79, 19, NULL, 1, 0, NULL, 'mangler et endestykke', '0000-00-00 00:00:00', 0),
(503, 80, 1, NULL, 3, 0, NULL, 'Sprekker i dusjkabinettet', '0000-00-00 00:00:00', 0),
(504, 81, 3, NULL, 1, 0, NULL, 'Gammel og ødelagt på sovealkoven', '0000-00-00 00:00:00', 0),
(505, 82, 36, NULL, 3, 0, NULL, 'Ikke på sovealkoven', '0000-00-00 00:00:00', 0),
(506, 83, 10, NULL, 3, 0, NULL, 'Noen av festene er borte, men alle sprossene henger på', '0000-00-00 00:00:00', 0),
(507, 86, 5, NULL, 2, 0, NULL, 'Innerdøren kniper litt. Må ta i for å få den opp', '0000-00-00 00:00:00', 0),
(508, 87, 2, NULL, 1, 1, NULL, 'Har ingen hyller ved vasken.. det kunne trengs', '2012-04-15 16:01:52', 471),
(509, 87, 27, NULL, 1, 0, NULL, 'Nei, det burde kanskje trengs', '0000-00-00 00:00:00', 0),
(510, 87, 5, NULL, 2, 0, NULL, 'den er tung og smeller høyt.. og mesteparten av tiden smekker den ikke helt igjen.. det er irriterende!', '0000-00-00 00:00:00', 0),
(511, 87, 7, NULL, 2, 0, NULL, 'Listen rundt er ikke fin, den døren+list kunne trengt et strøk med mailng ja!', '0000-00-00 00:00:00', 0),
(512, 87, 8, NULL, 1, 0, NULL, 'ny', '0000-00-00 00:00:00', 0),
(513, 87, 21, NULL, 3, 0, NULL, 'Ja, men den hvite boksen som skal være rundt internett utgangen er falt av...', '0000-00-00 00:00:00', 0),
(514, 87, 3, NULL, 1, 0, NULL, 'nei, gammel trekasse rundt som stjeler masse lys... den er ikke ødelagt, men  ikke veldig fin heller..', '0000-00-00 00:00:00', 0),
(515, 87, 13, NULL, 3, 0, NULL, 'Ja, men den har ingen "stopper" på enden, så hvis jeg har låst fast vinduet i en posisjon og det kommer en kraftig vind, kan den skliut av festeren.', '0000-00-00 00:00:00', 0),
(516, 87, 18, NULL, 2, 0, NULL, 'Ja, men har ikke de små tau/båndene som skal holde gardinene på plass..', '0000-00-00 00:00:00', 0),
(517, 89, 24, NULL, 3, 1, NULL, 'hlav', '2012-01-13 12:10:48', 463),
(518, 90, 24, NULL, 3, 0, NULL, 'halv', '0000-00-00 00:00:00', 0),
(519, 91, 7, NULL, 2, 0, NULL, 'stygg', '0000-00-00 00:00:00', 0),
(520, 92, 9, NULL, 1, 0, NULL, 'nei', '0000-00-00 00:00:00', 0),
(521, 93, 3, NULL, 1, 0, NULL, 'nei', '0000-00-00 00:00:00', 0),
(522, 94, 1, NULL, 3, 0, NULL, 'ja', '0000-00-00 00:00:00', 0),
(523, 94, 27, NULL, 1, 0, NULL, 'nei', '0000-00-00 00:00:00', 0),
(524, 94, 7, NULL, 2, 0, NULL, 'stygg innvendig', '0000-00-00 00:00:00', 0),
(525, 94, 8, NULL, 1, 0, NULL, 'ny', '0000-00-00 00:00:00', 0),
(526, 94, 3, NULL, 1, 0, NULL, 'nei', '0000-00-00 00:00:00', 0),
(527, 94, 29, NULL, 1, 0, NULL, 'mange spikerhull i vegg', '0000-00-00 00:00:00', 0),
(528, 94, 31, NULL, 2, 0, NULL, 'noe rifter/skader i belegget', '0000-00-00 00:00:00', 0),
(529, 95, 2, NULL, 1, 1, NULL, 'Det er ingen hyller, bare skap,', '2012-04-15 16:01:52', 471),
(530, 96, 4, NULL, 2, 0, NULL, 'Den ene skapdøren under vasken har falt av', '0000-00-00 00:00:00', 0),
(531, 97, 3, NULL, 1, 0, NULL, 'Nei', '0000-00-00 00:00:00', 0),
(532, 98, 31, NULL, 2, 0, NULL, 'Fortsatt svarte merker', '0000-00-00 00:00:00', 0),
(533, 100, 3, NULL, 1, 0, NULL, 'nei', '0000-00-00 00:00:00', 0),
(534, 100, 4, NULL, 2, 0, NULL, 'en løs hengsel på en skapdør', '0000-00-00 00:00:00', 0),
(535, 100, 13, NULL, 3, 0, NULL, 'den er litt løs så vinduet glir opp etterhvert dersom det er litt vind osv', '0000-00-00 00:00:00', 0),
(536, 101, 27, NULL, 1, 1, NULL, 'nei', '2012-03-20 11:43:52', 265),
(537, 101, 6, NULL, 1, 0, NULL, 'ja', '0000-00-00 00:00:00', 0),
(538, 101, 31, NULL, 2, 0, NULL, 'Et par små hull/rifter', '0000-00-00 00:00:00', 0),
(539, 101, 13, NULL, 3, 0, NULL, 'nei', '0000-00-00 00:00:00', 0),
(540, 102, 1, NULL, 3, 1, NULL, 'nei, røret er litt tett', '2011-11-03 19:57:27', 471),
(541, 102, 14, NULL, 3, 1, NULL, 'nei', '2012-03-23 19:53:53', 471),
(542, 102, 15, NULL, 3, 1, NULL, 'Ja, dusj slangen faller stadig vekk av', '2012-03-23 19:53:10', 471),
(543, 103, 15, NULL, 3, 1, NULL, '', '2012-04-15 16:06:43', 471),
(544, 103, 24, NULL, 3, 1, NULL, 'renner litt dårlig', '2011-11-03 19:57:27', 471),
(545, 103, 27, NULL, 1, 1, NULL, 'nei', '2012-03-20 11:43:52', 265),
(546, 103, 28, 2, 3, 0, NULL, '', '0000-00-00 00:00:00', 0),
(547, 103, 5, NULL, 2, 0, NULL, 'ikke den andre døren og håndtaket er ødelagt', '0000-00-00 00:00:00', 0),
(548, 103, 6, NULL, 1, 0, NULL, 'ja litt', '0000-00-00 00:00:00', 0),
(549, 103, 7, NULL, 2, 0, NULL, 'mange hull og litt sliten maling', '0000-00-00 00:00:00', 0),
(550, 103, 8, NULL, 1, 0, NULL, 'ny tror jeg?', '0000-00-00 00:00:00', 0),
(551, 103, 33, NULL, 1, 0, NULL, '', '0000-00-00 00:00:00', 0),
(552, 103, 22, NULL, 3, 0, NULL, 'kan ta imot', '0000-00-00 00:00:00', 0),
(553, 103, 3, NULL, 1, 0, NULL, 'nei litt ødelagt også', '0000-00-00 00:00:00', 0),
(554, 103, 26, NULL, 1, 0, NULL, 'ja, men dårlige greier, vil helst ha byttet', '0000-00-00 00:00:00', 0),
(555, 104, 36, NULL, 3, 0, NULL, 'enig, tror den ikke funker så bra, og detektoren er ikke festet', '0000-00-00 00:00:00', 0),
(556, 104, 37, NULL, 3, 0, NULL, 'ingen varme på badet', '0000-00-00 00:00:00', 0),
(557, 104, 13, NULL, 3, 0, NULL, 'mangler fremdeles låsestykke', '0000-00-00 00:00:00', 0),
(558, 104, 18, NULL, 2, 0, NULL, 'bortsett fra romdeler, den er ødelagt', '0000-00-00 00:00:00', 0),
(559, 104, 35, NULL, 3, 0, NULL, 'nei', '0000-00-00 00:00:00', 0),
(560, 105, 25, NULL, 1, 0, NULL, 'har en vertikal veggliste som henger såvidt på..', '0000-00-00 00:00:00', 0),
(561, 105, 11, NULL, 3, 0, NULL, 'jeg har litt trekk gjennom vinduene', '0000-00-00 00:00:00', 0),
(562, 107, 27, NULL, 1, 0, NULL, 'nei', '0000-00-00 00:00:00', 0),
(563, 107, 5, NULL, 2, 0, NULL, 'døren til badet går dårlig igjenn', '0000-00-00 00:00:00', 0),
(564, 107, 6, NULL, 1, 0, NULL, 'litt', '0000-00-00 00:00:00', 0),
(565, 107, 7, NULL, 2, 0, NULL, 'ytterdøra flasser innvendig', '0000-00-00 00:00:00', 0),
(566, 107, 8, NULL, 1, 0, NULL, 'gammel', '0000-00-00 00:00:00', 0),
(567, 107, 26, NULL, 1, 0, NULL, 'mangler sko hylle', '0000-00-00 00:00:00', 0),
(568, 108, 1, NULL, 3, 0, NULL, 'Går ikke an å skru kran skikkelig igjen. Drypper konstant.', '0000-00-00 00:00:00', 0),
(569, 108, 2, NULL, 1, 1, NULL, 'Nei', '2012-04-15 16:01:52', 471),
(570, 108, 34, NULL, 1, 0, NULL, 'Nei', '0000-00-00 00:00:00', 0),
(571, 108, 6, NULL, 1, 0, NULL, 'ja', '0000-00-00 00:00:00', 0),
(572, 109, 7, NULL, 2, 0, NULL, 'Noe flassing av maling innvendig', '0000-00-00 00:00:00', 0),
(573, 109, 33, NULL, 1, 0, NULL, 'Nei', '0000-00-00 00:00:00', 0),
(574, 109, 4, NULL, 2, 0, NULL, 'Mangler knotter på skapdører', '0000-00-00 00:00:00', 0),
(575, 109, 29, NULL, 1, 0, NULL, 'Flere hull. Et par steder med avflassing', '0000-00-00 00:00:00', 0),
(576, 110, 1, NULL, 3, 0, NULL, 'Se Stian sin. Ellers er "risten" i utslaget knukket.', '0000-00-00 00:00:00', 0),
(577, 110, 7, NULL, 2, 0, NULL, 'Nederste delen av døren er stygg.', '0000-00-00 00:00:00', 0),
(578, 111, 7, NULL, 2, 0, NULL, 'glippe mellom dørstokk og sør', '0000-00-00 00:00:00', 0),
(579, 112, 3, NULL, 1, 0, NULL, 'Coveret er borte.', '0000-00-00 00:00:00', 0),
(580, 113, 29, NULL, 1, 0, NULL, '', '0000-00-00 00:00:00', 0),
(581, 113, 10, NULL, 3, 0, NULL, 'Ikke alle,men sprossene henger på', '0000-00-00 00:00:00', 0),
(582, 114, 18, NULL, 2, 0, NULL, 'Mangler alle festene', '0000-00-00 00:00:00', 0),
(583, 116, 1, NULL, 3, 1, NULL, 'ødelagt sluk', '2012-04-19 22:25:42', 471),
(584, 116, 2, NULL, 1, 1, NULL, 'ingen hyller', '2012-04-15 16:01:52', 471),
(585, 116, 23, NULL, 2, 0, NULL, 'slitt', '0000-00-00 00:00:00', 0),
(586, 116, 27, NULL, 1, 0, NULL, 'nei', '0000-00-00 00:00:00', 0);
INSERT INTO `rapport` (`id`, `kvittering_id`, `feil_id`, `oppgave_id`, `prioritet_id`, `godkjent`, `tid_endret`, `merknad`, `tid_godkjent`, `godkjent_bruker_id`) VALUES
(587, 116, 5, NULL, 2, 0, NULL, 'nei. Et av festene faller noen ganger av...', '0000-00-00 00:00:00', 0),
(588, 116, 7, NULL, 2, 0, NULL, 'ja', '0000-00-00 00:00:00', 0),
(589, 116, 8, NULL, 1, 0, NULL, 'gammel', '0000-00-00 00:00:00', 0),
(590, 116, 38, NULL, 1, 0, NULL, 'ingen list.', '0000-00-00 00:00:00', 0),
(591, 116, 4, NULL, 2, 0, NULL, 'dørene sklir litt ut og skapet har ingen bakvegg!', '0000-00-00 00:00:00', 0),
(592, 116, 29, NULL, 1, 0, NULL, 'noen svarte flekker. Tror det er spikere  bak som skinner igjennom.', '0000-00-00 00:00:00', 0),
(593, 116, 10, NULL, 3, 0, NULL, 'noen', '0000-00-00 00:00:00', 0),
(594, 116, 13, NULL, 3, 0, NULL, 'nei', '0000-00-00 00:00:00', 0),
(595, 116, 35, NULL, 3, 0, NULL, 'mangler én!', '0000-00-00 00:00:00', 0),
(596, 117, 3, NULL, 1, 0, NULL, 'Nei', '0000-00-00 00:00:00', 0),
(597, 117, 29, NULL, 1, 0, NULL, 'Stort hull i tapeten, noe misfarget', '0000-00-00 00:00:00', 0),
(598, 117, 30, NULL, 1, 0, NULL, 'Over 10 "spiker-hull"', '0000-00-00 00:00:00', 0),
(599, 117, 37, NULL, 3, 0, NULL, 'Dryppe-lyder når den startes opp', '0000-00-00 00:00:00', 0),
(600, 118, 1, NULL, 3, 1, NULL, '', '2013-08-30 00:58:48', 471),
(601, 118, 24, NULL, 3, 0, NULL, 'Ja. Den tømmer seg sakte', '0000-00-00 00:00:00', 0),
(602, 118, 3, NULL, 1, 0, NULL, 'nei. Det tar lang tid før det blir lyst', '0000-00-00 00:00:00', 0),
(603, 118, 31, NULL, 2, 0, NULL, 'riper i parketten ja. ', '0000-00-00 00:00:00', 0),
(604, 118, 37, NULL, 3, 0, NULL, 'Den tikker. Noen ganger får jeg ikke sove', '0000-00-00 00:00:00', 0),
(605, 118, 13, NULL, 3, 0, NULL, 'nei', '0000-00-00 00:00:00', 0),
(606, 119, 27, NULL, 1, 0, NULL, 'nei', '0000-00-00 00:00:00', 0),
(607, 119, 3, NULL, 1, 0, NULL, 'nei', '0000-00-00 00:00:00', 0),
(608, 119, 4, NULL, 2, 0, NULL, 'skapdørene mangler', '0000-00-00 00:00:00', 0),
(609, 119, 37, NULL, 3, 0, NULL, 'ja', '0000-00-00 00:00:00', 0),
(610, 119, 12, NULL, 3, 0, NULL, 'Det ene vinduet virker som sitter veldig løst og er vanskelig å få igjen', '0000-00-00 00:00:00', 0),
(611, 120, 5, NULL, 2, 0, NULL, 'det ene dørhåndtaket gjør det litt vanskelig å åpne døren', '0000-00-00 00:00:00', 0),
(612, 121, 7, NULL, 2, 0, NULL, 'dørene bør males', '0000-00-00 00:00:00', 0),
(613, 122, 4, NULL, 2, 0, NULL, 'skapdørene mangler fortsatt.', '0000-00-00 00:00:00', 0),
(614, 123, 25, NULL, 1, 0, NULL, 'listene bør males', '0000-00-00 00:00:00', 0),
(615, 124, 29, NULL, 1, 0, NULL, 'bak sengen i sovealkoven bør det gjøres noe..', '0000-00-00 00:00:00', 0),
(616, 125, 11, NULL, 3, 0, NULL, 'mye trekk fra vinduene', '0000-00-00 00:00:00', 0),
(617, 127, 1, NULL, 3, 0, NULL, 'Håndtaket på vasken er løst. ', '0000-00-00 00:00:00', 0),
(618, 128, 9, NULL, 1, 0, NULL, 'fungerer ikke i det hele tatt.', '0000-00-00 00:00:00', 0),
(619, 128, 4, NULL, 2, 0, NULL, '', '0000-00-00 00:00:00', 0),
(620, 128, 18, NULL, 2, 0, NULL, '', '0000-00-00 00:00:00', 0),
(621, 129, 5, NULL, 2, 0, NULL, 'Ja men den går ikke lett opp til tider :)', '0000-00-00 00:00:00', 0),
(622, 129, 3, NULL, 1, 0, NULL, 'Nei gammel drittlampe', '0000-00-00 00:00:00', 0),
(623, 129, 31, NULL, 2, 0, NULL, 'smårifter rundt om', '0000-00-00 00:00:00', 0),
(624, 129, 10, NULL, 3, 0, NULL, 'Nei den ene henger å dingler', '0000-00-00 00:00:00', 0),
(625, 130, 23, NULL, 2, 0, NULL, 'Det er litt misfarging på platen. Tror ikke det er mugg, men det kan jo være lurt å sjekke.', '0000-00-00 00:00:00', 0),
(626, 130, 27, NULL, 1, 0, NULL, 'Nei', '0000-00-00 00:00:00', 0),
(627, 130, 8, NULL, 1, 0, NULL, 'Den ser gammel ut, men det virker helt fint.', '0000-00-00 00:00:00', 0),
(628, 130, 3, NULL, 1, 0, NULL, 'Den er nok gammel. Gir ikke mye lys.', '0000-00-00 00:00:00', 0),
(629, 130, 4, NULL, 2, 0, NULL, 'To av hankene på skapene over og under vasken er ødelagt.', '0000-00-00 00:00:00', 0),
(630, 130, 29, NULL, 1, 0, NULL, 'Tapeten løsner fra veggen bak radiatoren, ellers er det ikke noen problemer.', '0000-00-00 00:00:00', 0),
(631, 130, 12, NULL, 3, 0, NULL, 'Venstre vindu er vanskelig å få lukket helt igjen.', '0000-00-00 00:00:00', 0),
(632, 130, 13, NULL, 3, 0, NULL, 'Den fungerer, men tror det synger på siste verset.', '0000-00-00 00:00:00', 0),
(633, 131, 27, NULL, 1, 0, NULL, 'Nei', '0000-00-00 00:00:00', 0),
(634, 131, 7, NULL, 2, 0, NULL, 'Utvendig', '0000-00-00 00:00:00', 0),
(635, 131, 3, NULL, 1, 0, NULL, 'Nei', '0000-00-00 00:00:00', 0),
(636, 131, 4, NULL, 2, 0, NULL, 'Nei, dårlig over vasken', '0000-00-00 00:00:00', 0),
(637, 131, 29, NULL, 1, 0, NULL, 'Noe hull og merker', '0000-00-00 00:00:00', 0),
(638, 132, 2, NULL, 1, 1, NULL, 'jeg har ingen hyller ved vasken', '2012-04-15 16:01:52', 471),
(639, 132, 23, NULL, 2, 0, NULL, '', '0000-00-00 00:00:00', 0),
(640, 132, 33, NULL, 1, 0, NULL, 'jeg mangler noen kleskroker på døra.', '0000-00-00 00:00:00', 0),
(641, 132, 20, NULL, 3, 0, NULL, 'jeg har en ødelagt stikkontakt som ikke sitter fast i veggen', '0000-00-00 00:00:00', 0),
(642, 132, 21, NULL, 3, 0, NULL, 'internett-boksen (kontakten for tp-kabelen) er løs og internettet detter ut hvis jeg kommer borti boksen', '0000-00-00 00:00:00', 0),
(643, 132, 4, NULL, 2, 0, NULL, 'en litt løs skapdør', '0000-00-00 00:00:00', 0),
(644, 132, 29, NULL, 1, 0, NULL, 'to skruehull i veggen ved døra.', '0000-00-00 00:00:00', 0),
(645, 132, 31, NULL, 2, 0, NULL, 'hakk og riper i gulvet. midt i rommet. veldig stygt.', '0000-00-00 00:00:00', 0),
(646, 132, 12, NULL, 3, 0, NULL, 'en av vinduslåsene er knukket, så jeg får ikke låst vinduet ordentlig', '0000-00-00 00:00:00', 0),
(647, 133, 25, NULL, 1, 0, NULL, 'Mangler list forran dør(gulv) og list/plate under skap', '0000-00-00 00:00:00', 0),
(648, 134, 29, NULL, 1, 0, NULL, 'Mye hull på vegger og øddelagt tappet på skilleveggen mellom vask og rom', '0000-00-00 00:00:00', 0),
(649, 135, 18, NULL, 2, 0, NULL, 'Sømmen på den ene gardinen har gått opp i underkant', '0000-00-00 00:00:00', 0),
(650, 136, 27, NULL, 1, 0, NULL, 'Nei.', '0000-00-00 00:00:00', 0),
(651, 136, 28, NULL, 3, 0, NULL, 'Har en branninstruksjonsplakett, men den viser ikke rømningsvei eksplisitt.', '0000-00-00 00:00:00', 0),
(652, 136, 21, NULL, 3, 0, NULL, 'Har internett, men uttaket mangler deksel.', '0000-00-00 00:00:00', 0),
(653, 136, 22, NULL, 3, 1, NULL, 'Telefonen funker bare tidvis. Når noen ringer er det mye "knitring", og det er vanskelig å høre hva som blir sagt.', '2011-12-04 09:06:57', 382),
(654, 136, 36, NULL, 3, 0, NULL, 'Mulig det bare er meg som ikke har peiling på den, men merker ikke nevneverdig forskjell ed å skru på den.', '0000-00-00 00:00:00', 0),
(655, 136, 37, NULL, 3, 0, NULL, 'Ja, av og til. Den har perioder der det kommer en periodevis dunkelyd fra den.', '0000-00-00 00:00:00', 0),
(656, 136, 10, NULL, 3, 0, NULL, 'Det mangler én sprosse etter malingen.', '0000-00-00 00:00:00', 0),
(657, 136, 35, NULL, 3, 0, NULL, 'Mangler én.', '0000-00-00 00:00:00', 0),
(658, 137, 1, NULL, 3, 0, NULL, '3 sprekker som møtes i et gult krater i vasken. Ingen lekkasje, bare veldig synlig.', '0000-00-00 00:00:00', 0),
(659, 137, 7, NULL, 2, 0, NULL, 'Flekker av maling har flasset av på innsiden.', '0000-00-00 00:00:00', 0),
(660, 137, 38, NULL, 1, 0, NULL, 'List mangler. Gulvbelegget er i ferd med å krølle seg.', '0000-00-00 00:00:00', 0),
(661, 137, 3, NULL, 1, 0, NULL, 'Taklampa er trolig gammel. Dekselet av tre mangler, men lampa funker best uten.', '0000-00-00 00:00:00', 0),
(662, 138, 2, NULL, 1, 1, NULL, 'ingen hyller', '2012-04-15 16:01:52', 471),
(663, 138, 34, NULL, 1, 0, NULL, 'kun 1 spiker ', '0000-00-00 00:00:00', 0),
(664, 138, 27, NULL, 1, 1, NULL, 'nei. (første etasje)', '2012-03-20 11:43:52', 265),
(665, 138, 7, NULL, 2, 0, NULL, 'innvendig, møkkete slitt nederst på døra', '0000-00-00 00:00:00', 0),
(666, 138, 29, NULL, 1, 0, NULL, 'noen småhull "her og der", et par flekker og litt tapet i hjørnet ved vasken som er borte, hvis man er pirkete.', '0000-00-00 00:00:00', 0),
(667, 138, 31, NULL, 2, 0, NULL, 'noen hakk i parketten.', '0000-00-00 00:00:00', 0),
(668, 139, 27, NULL, 1, 1, NULL, 'Nei', '2012-03-20 11:43:52', 265),
(669, 139, 7, NULL, 2, 0, NULL, 'Ja!', '0000-00-00 00:00:00', 0),
(670, 139, 8, NULL, 1, 0, NULL, 'Vil tro den er ny', '0000-00-00 00:00:00', 0),
(671, 139, 33, NULL, 1, 0, NULL, 'Nei', '0000-00-00 00:00:00', 0),
(672, 139, 3, NULL, 1, 0, NULL, 'Nei', '0000-00-00 00:00:00', 0),
(673, 139, 25, NULL, 1, 0, NULL, 'Mulig det mangler list under vasken, men vet ikke om det skal være der.', '0000-00-00 00:00:00', 0),
(674, 139, 29, NULL, 1, 0, NULL, 'Noe misfarget/skitten vegg', '0000-00-00 00:00:00', 0),
(675, 139, 13, NULL, 3, 0, NULL, 'Nei, den er der, men fungerer ikke', '0000-00-00 00:00:00', 0),
(676, 139, 17, NULL, 2, 0, NULL, 'Den fungerer, men snoren er røket', '0000-00-00 00:00:00', 0),
(677, 140, 1, NULL, 3, 0, NULL, 'Ja, sprekker.', '0000-00-00 00:00:00', 0),
(678, 140, 2, NULL, 1, 0, NULL, '', '0000-00-00 00:00:00', 0),
(679, 140, 15, NULL, 3, 0, NULL, 'Nei, men dusjen bråker. Dunker i rørene konstant.', '0000-00-00 00:00:00', 0),
(680, 140, 16, NULL, 3, 0, NULL, 'Ikke konstant, men den er litt ødelagt, slik at om man ikke passer på står den og renner.', '0000-00-00 00:00:00', 0),
(681, 140, 27, NULL, 1, 0, NULL, '', '0000-00-00 00:00:00', 0),
(682, 140, 28, NULL, 3, 0, NULL, 'Ikke brannskilt som hører til rommet, det hører til et rom i 1. misj.', '0000-00-00 00:00:00', 0),
(683, 140, 8, NULL, 1, 0, NULL, 'ny, men treg lås.', '0000-00-00 00:00:00', 0),
(684, 140, 33, NULL, 1, 0, NULL, 'nei. Kun personlige', '0000-00-00 00:00:00', 0),
(685, 140, 20, NULL, 3, 0, NULL, 'Nei.', '0000-00-00 00:00:00', 0),
(686, 140, 22, NULL, 3, 0, NULL, 'Nei, den spraker.', '0000-00-00 00:00:00', 0),
(687, 140, 3, NULL, 1, 0, NULL, 'De er Aleksander sine.', '0000-00-00 00:00:00', 0),
(688, 140, 25, NULL, 1, 0, NULL, '', '0000-00-00 00:00:00', 0),
(689, 140, 29, NULL, 1, 0, NULL, 'Mange huller.', '0000-00-00 00:00:00', 0),
(690, 140, 30, NULL, 1, 0, NULL, 'JA, det er dratt utover. I tillegg er det noen som har kastet en drink i taket.', '0000-00-00 00:00:00', 0),
(691, 140, 13, NULL, 3, 0, NULL, 'Nei.', '0000-00-00 00:00:00', 0),
(692, 140, 17, NULL, 2, 0, NULL, 'Har ikke rullegardiner.', '0000-00-00 00:00:00', 0),
(693, 140, 19, NULL, 1, 0, NULL, '', '0000-00-00 00:00:00', 0),
(694, 140, 39, NULL, 3, 0, NULL, 'Det ser ut som om noen en gang hadde planer om å male vinduskarmene, pusset de ned, og ikke malt de igjen.', '0000-00-00 00:00:00', 0),
(695, 140, 40, NULL, 3, 0, NULL, '', '0000-00-00 00:00:00', 0),
(696, 141, 21, NULL, 3, 0, NULL, 'Dårlig kontakt, litt bingo om den funker', '0000-00-00 00:00:00', 0),
(697, 142, 7, NULL, 2, 0, NULL, 'Litt flass utvendig', '0000-00-00 00:00:00', 0),
(698, 143, 34, NULL, 1, 0, NULL, 'Niet', '0000-00-00 00:00:00', 0),
(699, 143, 6, NULL, 1, 0, NULL, 'Litt, men ikke så mye', '0000-00-00 00:00:00', 0),
(700, 143, 7, NULL, 2, 0, NULL, 'Innvendig, helt øverst er det litt stygt, men det ser man ikke så godt når døren er lukket. Dørkarmen litt avflasset. ', '0000-00-00 00:00:00', 0),
(701, 143, 8, NULL, 1, 0, NULL, 'Ny', '0000-00-00 00:00:00', 0),
(702, 143, 3, NULL, 1, 0, NULL, 'Ser ny ut', '0000-00-00 00:00:00', 0),
(703, 143, 29, NULL, 1, 0, NULL, 'Litt avskallet maling i vinduskarmen', '0000-00-00 00:00:00', 0),
(704, 143, 10, NULL, 3, 0, NULL, 'Ikke på høyre vindu', '0000-00-00 00:00:00', 0),
(705, 144, 6, NULL, 1, 0, NULL, 'Ja, knirker mye av og til', '0000-00-00 00:00:00', 0),
(706, 145, 4, NULL, 2, 0, NULL, 'mangler håndtak på skapet under og over vasken', '0000-00-00 00:00:00', 0),
(707, 146, 36, NULL, 3, 1, NULL, 'Nei, har datt av. Trenger ny.', '2012-05-02 21:57:01', 471),
(708, 148, 36, NULL, 3, 0, NULL, 'Usikker på om den fungerer som den skal. Kommer ikke mye varme fra radiatoren.', '0000-00-00 00:00:00', 0),
(709, 149, 2, NULL, 1, 1, NULL, 'nei', '2012-04-15 16:04:14', 471),
(710, 149, 27, NULL, 1, 0, NULL, 'nei', '0000-00-00 00:00:00', 0),
(711, 149, 7, NULL, 2, 0, NULL, 'dørterskelen flasser', '0000-00-00 00:00:00', 0),
(712, 149, 38, NULL, 1, 0, NULL, 'list mangler', '0000-00-00 00:00:00', 0),
(713, 149, 4, NULL, 2, 0, NULL, 'Dårlig fester på skapdører under vask', '0000-00-00 00:00:00', 0),
(714, 149, 36, NULL, 3, 1, NULL, 'Litt dårlig', '2013-08-30 00:58:48', 471),
(715, 149, 13, NULL, 3, 0, NULL, 'Ikke helt, litt løs', '0000-00-00 00:00:00', 0),
(716, 150, 7, NULL, 2, 0, NULL, 'Flasser på innsida', '0000-00-00 00:00:00', 0),
(717, 150, 8, NULL, 1, 0, NULL, 'Vet ikke, men den mangler en skrue som skal holde hele låsen sammen', '0000-00-00 00:00:00', 0),
(718, 150, 31, NULL, 2, 0, NULL, 'Et lite hakk', '0000-00-00 00:00:00', 0),
(719, 151, 2, NULL, 1, 0, NULL, 'mangler skapdør under vasken', '0000-00-00 00:00:00', 0),
(720, 151, 20, NULL, 3, 0, NULL, 'dekselet på internettkoblingen i veggen er laust', '0000-00-00 00:00:00', 0),
(721, 153, 27, NULL, 1, 0, NULL, 'Mangler branntau. Er riktignok anbefalt av ekte Brannmenn å droppe tauet, og bare hoppe i stedet.', '0000-00-00 00:00:00', 0),
(722, 153, 5, NULL, 2, 0, NULL, 'Dørklinken er litt vanskelig innimellom. GÅr ikke helt ned uten at den presses skikkelig, og det kan da være litt vanskelig å åpne døren.', '0000-00-00 00:00:00', 0),
(723, 153, 7, NULL, 2, 0, NULL, 'Utvendig: Kun enkelte avflassinger, men litt stygg ved låsen pga brekkjernbruk (?). Innvendig: En del hull og avflassinger. ', '0000-00-00 00:00:00', 0),
(724, 153, 33, NULL, 1, 0, NULL, 'Ikke kleskroker på døren. Trengs heller ikke pga flere kroker andre steder på rommet.', '0000-00-00 00:00:00', 0),
(725, 153, 11, NULL, 3, 0, NULL, 'Listene er ganske slitte. SKaper en del trekk og tap av varme. ', '0000-00-00 00:00:00', 0),
(726, 153, 13, NULL, 3, 0, NULL, 'Ved det ene vindet mangler låsepinne for regulator.', '0000-00-00 00:00:00', 0),
(727, 154, 6, NULL, 1, 0, NULL, 'Ja', '0000-00-00 00:00:00', 0),
(728, 154, 31, NULL, 2, 0, NULL, 'Belegget ser temmelig jævelig ut', '0000-00-00 00:00:00', 0),
(729, 154, 18, NULL, 2, 0, NULL, 'Mangler små festeskruer som gjør at gardinstanga fyker frem og tilbake', '0000-00-00 00:00:00', 0),
(730, 155, 24, NULL, 3, 1, NULL, 'Drypper', '2012-05-27 02:22:11', 471),
(731, 156, 3, NULL, 1, 0, NULL, 'Nei', '0000-00-00 00:00:00', 0),
(732, 156, 4, NULL, 2, 0, NULL, 'Mangler 3 skapdører(Johan Lilliestråle holder på å fikse dem), ellers mangler håndtak på et skap', '0000-00-00 00:00:00', 0),
(733, 156, 10, NULL, 3, 0, NULL, 'Mangler noen, men de sitter greit fast..', '0000-00-00 00:00:00', 0),
(734, 157, 36, NULL, 3, 0, NULL, 'Sensor(?) er ikke festet noe sted. Henger bare og slenger.', '0000-00-00 00:00:00', 0),
(735, 158, 1, NULL, 3, 0, NULL, 'Det er små sprekker rundt sluket, men ikke noe kritisk', '0000-00-00 00:00:00', 0),
(736, 159, 35, NULL, 3, 0, NULL, 'Mangler sprosser etter maling av yttervegg', '0000-00-00 00:00:00', 0),
(737, 160, 1, NULL, 3, 0, NULL, 'Sorte prikker som ikke går av i vask langs kanten ', '0000-00-00 00:00:00', 0),
(738, 160, 2, NULL, 1, 0, NULL, 'en glass hylle over vasken, ikke hyller under vasken', '0000-00-00 00:00:00', 0),
(739, 160, 23, NULL, 2, 1, NULL, 'Har ikke benkeplate', '2012-03-23 19:52:08', 471),
(740, 160, 8, NULL, 1, 0, NULL, 'ny', '0000-00-00 00:00:00', 0),
(741, 160, 3, NULL, 1, 0, NULL, 'Gammel taklampe', '0000-00-00 00:00:00', 0),
(742, 160, 25, NULL, 1, 0, NULL, 'nei, men gulvlistene og taklistene er forskjellig farge', '0000-00-00 00:00:00', 0),
(743, 160, 26, NULL, 1, 0, NULL, 'På "hyllen" eller listen over radiatoren flasser malingen veldig', '0000-00-00 00:00:00', 0),
(744, 160, 29, NULL, 1, 0, NULL, 'et stort hvit flekk ca 7 cm i diameter, små sprekker i tapeten her og der', '0000-00-00 00:00:00', 0),
(745, 160, 13, NULL, 3, 0, NULL, '', '0000-00-00 00:00:00', 0),
(746, 161, 1, NULL, 3, 0, NULL, 'ja en sprekk', '0000-00-00 00:00:00', 0),
(747, 161, 24, NULL, 3, 1, NULL, 'Ja den er litt tett', '2012-04-19 22:24:09', 471),
(748, 161, 5, NULL, 2, 0, NULL, 'Nei, det går ikke helt igjen uten litt kraft, også vanskelig å åpne.', '0000-00-00 00:00:00', 0),
(749, 161, 8, NULL, 1, 0, NULL, 'gammel', '0000-00-00 00:00:00', 0),
(750, 161, 33, NULL, 1, 0, NULL, 'Nei tror ikke det', '0000-00-00 00:00:00', 0),
(751, 161, 3, NULL, 1, 0, NULL, 'Den ser ikke så veldig ny ut akkurat.', '0000-00-00 00:00:00', 0),
(752, 161, 4, NULL, 2, 0, NULL, '', '0000-00-00 00:00:00', 0),
(753, 161, 10, NULL, 3, 0, NULL, 'vet ikke', '0000-00-00 00:00:00', 0),
(754, 162, 1, NULL, 3, 0, NULL, 'Kosmetisk skade/sprekk i vask, filtertapp av grunnet slitasje', '0000-00-00 00:00:00', 0),
(755, 162, 7, NULL, 2, 0, NULL, 'Samme som innlevert 28.05.11', '0000-00-00 00:00:00', 0),
(756, 163, 29, NULL, 1, 0, NULL, '', '0000-00-00 00:00:00', 0),
(757, 163, 42, NULL, 2, 0, NULL, 'Nei, begge har på tidligere tidspunkt blitt fjernet. Østre vegglampe ble fjernet før jeg flyttet inn (over to år siden), vestre ble fjernet i fjor pga defekt.', '0000-00-00 00:00:00', 0),
(758, 163, 12, NULL, 3, 0, NULL, 'Se tidligere notat, dette har ikke endret seg.', '0000-00-00 00:00:00', 0),
(759, 163, 13, NULL, 3, 0, NULL, 'Nei, regulerer ikke.', '0000-00-00 00:00:00', 0),
(760, 164, 7, NULL, 2, 0, NULL, 'Flasser maling utvendig.', '0000-00-00 00:00:00', 0),
(761, 164, 8, NULL, 1, 0, NULL, 'Gammel', '0000-00-00 00:00:00', 0),
(762, 164, 22, NULL, 3, 0, NULL, 'Ledning var revet ut fra pulgg. Må få ny plugg.', '0000-00-00 00:00:00', 0),
(763, 164, 31, NULL, 2, 0, NULL, 'Litt flekker som ikke går vekk.', '0000-00-00 00:00:00', 0),
(764, 165, 15, NULL, 3, 1, NULL, 'det drypper fra dusjhodet, hvis man ikke strammer veldig hartd til', '2012-03-20 11:42:22', 265),
(765, 165, 27, NULL, 1, 0, NULL, 'nei', '0000-00-00 00:00:00', 0),
(766, 165, 3, NULL, 1, 0, NULL, 'nei', '0000-00-00 00:00:00', 0),
(767, 165, 31, NULL, 2, 0, NULL, 'noen små hull i belegget', '0000-00-00 00:00:00', 0),
(768, 166, 1, NULL, 3, 0, NULL, 'Selve vasken er fin, men det er stygge sprekker mellom vasken og platen den står "i". ', '0000-00-00 00:00:00', 0),
(769, 166, 2, NULL, 1, 0, NULL, 'Nederste dør til høyre vil kan ikke lukkes. ', '0000-00-00 00:00:00', 0),
(770, 166, 27, NULL, 1, 1, NULL, 'Nei, men ligger i første etasje så skal vel ikke ha det(?)', '2012-03-20 11:43:52', 265),
(771, 166, 7, NULL, 2, 0, NULL, 'Det er en god del merker på døren (flak hvor malingen mangler). Forøvrig mangler en av knaggene som henger på døren. ', '0000-00-00 00:00:00', 0),
(772, 166, 8, NULL, 1, 0, NULL, 'Ser ny ut...', '0000-00-00 00:00:00', 0),
(773, 166, 33, NULL, 1, 0, NULL, 'Nei, bare mine egne..', '0000-00-00 00:00:00', 0),
(774, 166, 3, NULL, 1, 0, NULL, 'Nei, ser gammel ut..', '0000-00-00 00:00:00', 0),
(775, 166, 4, NULL, 2, 0, NULL, 'Dørene på skapet under vasken kan hoppe av av og til. ', '0000-00-00 00:00:00', 0),
(776, 166, 31, NULL, 2, 0, NULL, 'Parkett. Er noen hakk og mørke flekker på gulvet, spesielt i midten av rommet. ', '0000-00-00 00:00:00', 0),
(777, 166, 36, NULL, 3, 0, NULL, 'Tror det, men vanskelig å si om den fungerer optimalt. Uansett henger det en rar "metalltråd" ut fra den ene siden der regulatoren sitter. ', '0000-00-00 00:00:00', 0),
(778, 166, 42, NULL, 2, 0, NULL, 'Leselampen er revet ut av veggen (ser ut som at skruene har løsnet fra gipsveggen). ', '0000-00-00 00:00:00', 0),
(779, 167, 1, NULL, 3, 0, NULL, 'Det er en sprekk i vasken, men håper den kun er i emaljen.', '0000-00-00 00:00:00', 0),
(780, 167, 23, NULL, 2, 1, NULL, 'har ikke benkelate', '2011-11-27 23:45:39', 471),
(781, 167, 29, NULL, 1, 0, NULL, 'Er noen små hull her og der.', '0000-00-00 00:00:00', 0),
(782, 167, 31, NULL, 2, 0, NULL, 'Veldig gammelt, stygt gulv fult av flekker og noen små hull.', '0000-00-00 00:00:00', 0),
(783, 167, 37, NULL, 3, 1, NULL, 'Noen ganger.', '2013-08-30 00:58:48', 471),
(784, 167, 11, NULL, 3, 0, NULL, 'De er der, men er ganske harde, noen som fører til at vinduet ikke er helt tett.', '0000-00-00 00:00:00', 0),
(785, 168, 36, NULL, 3, 0, NULL, 'Nei, den fungerer ikke med mindre jeg putter den ut vinduet. Først da slår radiatoren seg på. ', '0000-00-00 00:00:00', 0),
(786, 169, 2, NULL, 1, 0, NULL, 'magler en skapdør', '0000-00-00 00:00:00', 0),
(787, 169, 3, NULL, 1, 0, NULL, 'nei', '0000-00-00 00:00:00', 0),
(788, 169, 36, NULL, 3, 0, NULL, 'går ikke ann å skru av varmen', '0000-00-00 00:00:00', 0),
(789, 169, 42, NULL, 2, 0, NULL, 'har ikke', '0000-00-00 00:00:00', 0),
(790, 170, 23, NULL, 2, 1, NULL, 'Har ikke benkplate rundt vasken. Rommet hadde nok gjort seg enda bedre med benkplate+skap under vasken.', '2011-11-27 23:45:39', 471),
(791, 170, 24, NULL, 3, 1, NULL, 'Nei, men den drypper veldig.', '2012-01-10 01:25:09', 471),
(792, 170, 8, NULL, 1, 0, NULL, 'Tror den er gammel', '0000-00-00 00:00:00', 0),
(793, 170, 4, NULL, 2, 0, NULL, 'Èn av skapdørene er veldig stygg.', '0000-00-00 00:00:00', 0),
(794, 170, 30, NULL, 1, 0, NULL, 'Noen stygge flekker rundt taklampa', '0000-00-00 00:00:00', 0),
(795, 170, 17, NULL, 2, 0, NULL, 'Ja, men den er hullete og ganske stygg.', '0000-00-00 00:00:00', 0),
(796, 171, 36, NULL, 3, 0, NULL, 'Jeg får ikke regulert temperaturen selv. Den er enten glodvarm, eller iskald. Klarer ikke holde den avskrudd.', '0000-00-00 00:00:00', 0),
(797, 171, 11, NULL, 3, 0, NULL, 'Ser ingen sprekker, men jeg syntes det trekker selv om vinduet er lukket.', '0000-00-00 00:00:00', 0),
(798, 172, 2, NULL, 1, 1, NULL, 'har ikke hyller', '2012-04-15 15:57:44', 471),
(799, 172, 23, NULL, 2, 0, NULL, 'den er hel, men passer ikke helt', '0000-00-00 00:00:00', 0),
(800, 172, 28, 2, 3, 0, NULL, 'nei', '0000-00-00 00:00:00', 0),
(801, 172, 5, NULL, 2, 0, NULL, 'ja, men er ofte vanskelig å åpne', '0000-00-00 00:00:00', 0),
(802, 172, 3, NULL, 1, 0, NULL, 'nei', '0000-00-00 00:00:00', 0),
(803, 172, 29, NULL, 1, 0, NULL, 'noen hull i tapeten', '0000-00-00 00:00:00', 0),
(804, 173, 20, NULL, 3, 0, NULL, 'Minst en veggkontakt er slått i stykker, så dekselet er stort sett borte.', '0000-00-00 00:00:00', 0),
(805, 174, 1, NULL, 3, 0, NULL, 'sprekk i vasken', '0000-00-00 00:00:00', 0),
(806, 174, 27, NULL, 1, 0, NULL, 'nei', '0000-00-00 00:00:00', 0),
(807, 174, 7, NULL, 2, 0, NULL, '', '0000-00-00 00:00:00', 0),
(808, 174, 33, NULL, 1, 0, NULL, 'nei', '0000-00-00 00:00:00', 0),
(809, 174, 31, NULL, 2, 0, NULL, 'små rifter', '0000-00-00 00:00:00', 0),
(810, 174, 42, NULL, 2, 0, NULL, 'kontakten på den ene lampen er teipet sammen', '0000-00-00 00:00:00', 0),
(811, 175, 15, NULL, 3, 1, NULL, 'Sluket mer meget tregt, står med vann oppetter leggen i badekaret.', '2012-04-19 22:24:09', 471),
(812, 175, 27, NULL, 1, 0, NULL, 'Nei', '0000-00-00 00:00:00', 0),
(813, 175, 7, NULL, 2, 0, NULL, 'Kunne trengt et strøk, masse sorte flekker nede på døren som ikke går bort. Dog, ikke noe hastverk.', '0000-00-00 00:00:00', 0),
(814, 175, 3, NULL, 1, 0, NULL, 'Tre gamle lamper, alle umalte. To lange med lysrør.', '0000-00-00 00:00:00', 0),
(815, 175, 30, NULL, 1, 0, NULL, 'Stygt og misfarget', '0000-00-00 00:00:00', 0),
(816, 175, 31, NULL, 2, 0, NULL, 'Flekkete', '0000-00-00 00:00:00', 0),
(817, 175, 11, NULL, 3, 0, NULL, 'Trekker fra vinduene.', '0000-00-00 00:00:00', 0),
(818, 175, 12, NULL, 3, 0, NULL, 'Det vinduet i midten er veldig hardt å få igjen (ruten til venstre)', '0000-00-00 00:00:00', 0),
(819, 175, 13, NULL, 3, 0, NULL, 'Har bare kroker, altså ikke muligheten til en liten sprekk i vinduet uten at det flyyyr opp av Trondheimsvinden.', '0000-00-00 00:00:00', 0),
(820, 175, 17, NULL, 2, 0, NULL, 'Har bare en rullegardin i alkoven. Magler på de to vinduene i stuen.', '0000-00-00 00:00:00', 0),
(821, 175, 35, NULL, 3, 0, NULL, 'Mangler på to av vinduene.', '0000-00-00 00:00:00', 0),
(822, 176, 5, NULL, 2, 0, NULL, 'Mangler den innerste døren i gangen', '0000-00-00 00:00:00', 0),
(823, 183, 24, NULL, 3, 1, NULL, 'må bytte spredningsgreia på servanten', '2012-04-19 22:24:09', 471),
(824, 177, 23, NULL, 2, 0, NULL, 'Den er stygg', '0000-00-00 00:00:00', 0),
(825, 177, 28, 2, 3, 0, NULL, 'Nei', '0000-00-00 00:00:00', 0),
(826, 177, 7, NULL, 2, 0, NULL, 'Døren er ok, men gangen min har stygge biter slått ut av gipsen pga døren.', '0000-00-00 00:00:00', 0),
(827, 177, 29, NULL, 1, 0, NULL, 'Mange stygge hull', '0000-00-00 00:00:00', 0),
(828, 177, 17, NULL, 2, 0, NULL, 'De ramler ned innimellom, men bare hvis man røsker for hardt.', '0000-00-00 00:00:00', 0),
(829, 177, 18, NULL, 2, 0, NULL, 'Mangler gardiner på et vindu', '0000-00-00 00:00:00', 0),
(830, 177, 19, NULL, 1, 0, NULL, 'et mangler', '0000-00-00 00:00:00', 0),
(831, 178, 5, NULL, 2, 0, NULL, 'Døra er svært vanskelig å låse og plastdelen på håndtaket faller av hele tiden', '0000-00-00 00:00:00', 0),
(832, 179, 8, NULL, 1, 0, NULL, 'gammel lås', '0000-00-00 00:00:00', 0),
(833, 180, 20, NULL, 3, 0, NULL, 'En av kontaktene er veldig løs og konstant litt varm', '0000-00-00 00:00:00', 0),
(834, 180, 29, NULL, 1, 0, NULL, 'noen få spikerhull her og der', '0000-00-00 00:00:00', 0),
(835, 181, 7, NULL, 2, 0, NULL, 'hull i døren fra for lange skruer til knagger', '0000-00-00 00:00:00', 0),
(836, 181, 29, NULL, 1, 0, NULL, 'tapeten er stygg og hullete og det er masse skruehull og ujevnheter i fargen', '0000-00-00 00:00:00', 0),
(837, 182, 1, NULL, 3, 1, NULL, 'ødelagt sluk', '2012-04-15 16:06:04', 471),
(838, 182, 23, NULL, 2, 0, NULL, 'slitt', '0000-00-00 00:00:00', 0),
(839, 182, 27, NULL, 1, 0, NULL, 'nei', '0000-00-00 00:00:00', 0),
(840, 182, 5, NULL, 2, 0, NULL, 'et av festene faller noen ganger av...', '0000-00-00 00:00:00', 0),
(841, 182, 7, NULL, 2, 0, NULL, 'ja', '0000-00-00 00:00:00', 0),
(842, 182, 8, NULL, 1, 0, NULL, 'gammel', '0000-00-00 00:00:00', 0),
(843, 182, 38, NULL, 1, 0, NULL, 'ingen list', '0000-00-00 00:00:00', 0),
(844, 182, 4, NULL, 2, 0, NULL, 'dørene sklir litt ut, skapet har ingen bakvegg og en av dørene går nedi gulvet!', '0000-00-00 00:00:00', 0),
(845, 182, 29, NULL, 1, 0, NULL, 'noen svarte flekker. Tror det er spikere bak som skinner igjennom.', '0000-00-00 00:00:00', 0),
(846, 182, 10, NULL, 3, 0, NULL, 'noen. ', '0000-00-00 00:00:00', 0),
(847, 182, 13, NULL, 3, 0, NULL, 'NEI!', '0000-00-00 00:00:00', 0),
(848, 182, 35, NULL, 3, 0, NULL, 'Mangler én!', '0000-00-00 00:00:00', 0),
(849, 183, 22, NULL, 3, 0, NULL, 'den har litt dårlig kontakt, så lyden detter ut innimellom', '0000-00-00 00:00:00', 0),
(850, 183, 3, NULL, 1, 0, NULL, 'lysstoffrør', '0000-00-00 00:00:00', 0),
(851, 184, 2, NULL, 1, 1, NULL, 'ingen hyller, kun benkplate. Fungerer fint', '2012-04-15 15:57:44', 471),
(852, 184, 27, NULL, 1, 0, NULL, 'nei', '0000-00-00 00:00:00', 0),
(853, 184, 26, NULL, 1, 0, NULL, 'umalte', '0000-00-00 00:00:00', 0),
(854, 184, 30, NULL, 1, 0, NULL, 'ja, etter ostesprengning', '0000-00-00 00:00:00', 0),
(855, 184, 31, NULL, 2, 0, NULL, 'noen småskader noen steder. ', '0000-00-00 00:00:00', 0),
(856, 184, 12, NULL, 3, 0, NULL, 'noe defekt vinduslåser', '0000-00-00 00:00:00', 0),
(857, 184, 17, NULL, 2, 0, NULL, 'har ikke, skal ikke ha', '0000-00-00 00:00:00', 0),
(858, 185, 1, NULL, 3, 0, NULL, 'Tilsynelatende gjennomgående sprekk, men ingen synlig lekasje', '0000-00-00 00:00:00', 0),
(859, 185, 2, NULL, 1, 0, NULL, '', '0000-00-00 00:00:00', 0),
(860, 186, 1, NULL, 3, 0, NULL, '', '0000-00-00 00:00:00', 0),
(861, 186, 3, NULL, 1, 0, NULL, 'Treskjermen er ødelagt etter sommeren 2011', '0000-00-00 00:00:00', 0),
(862, 187, 10, NULL, 3, 0, NULL, '3 av 4 fester borte på to av sprossene. Nå festet med blått pakkebånd.', '0000-00-00 00:00:00', 0),
(863, 189, 1, NULL, 3, 1, NULL, '', '2012-03-22 00:32:38', 471),
(864, 189, 38, NULL, 1, 0, NULL, 'den gummilisttingen utenfor døren er halvveis falt av', '0000-00-00 00:00:00', 0),
(865, 190, 25, NULL, 1, 0, NULL, 'nei, men de kunne godt males', '0000-00-00 00:00:00', 0),
(866, 190, 42, NULL, 2, 0, NULL, 'har bare ett', '0000-00-00 00:00:00', 0),
(867, 190, 11, NULL, 3, 0, NULL, 'har tetningslist, men tror ikke den er helt fungerende, blåser inn gjennom lukket vindu', '0000-00-00 00:00:00', 0),
(868, 191, 2, NULL, 1, 1, NULL, 'Nei, det har aldri vært hyller ved vasken. ', '2012-04-15 15:57:44', 471),
(869, 192, 23, NULL, 2, 0, NULL, '', '0000-00-00 00:00:00', 0),
(870, 192, 26, NULL, 1, 0, NULL, '', '0000-00-00 00:00:00', 0),
(871, 192, 29, NULL, 1, 0, NULL, 'ja, det er lite hull i tapeten på veggen. Det skjedde før jeg flyttet inn. ', '0000-00-00 00:00:00', 0),
(872, 192, 18, NULL, 2, 0, NULL, 'har aldri hatt gardinfester (hvis det er kroker på siden av vinduet det er snakk om)', '0000-00-00 00:00:00', 0),
(873, 193, 2, NULL, 1, 1, NULL, 'Har ikke hyller', '2012-04-15 15:57:44', 471),
(874, 194, 28, 2, 3, 0, NULL, 'Nei', '0000-00-00 00:00:00', 0),
(875, 195, 5, NULL, 2, 0, NULL, 'Vanskelig å åpne.', '0000-00-00 00:00:00', 0),
(876, 196, 3, NULL, 1, 0, NULL, 'nei', '0000-00-00 00:00:00', 0),
(877, 197, 4, NULL, 2, 0, NULL, 'Hyllene inne i klesskapet henger dårlig og faller ned til tider.', '0000-00-00 00:00:00', 0),
(878, 199, 6, NULL, 1, 0, NULL, 'ja!!', '0000-00-00 00:00:00', 0),
(879, 200, 9, NULL, 1, 0, NULL, '', '0000-00-00 00:00:00', 0),
(880, 200, 31, NULL, 2, 0, NULL, 'det var en liten hull men husker ikke vhor', '0000-00-00 00:00:00', 0),
(881, 201, 5, NULL, 2, 0, NULL, 'Denne feilen er fikset =)', '0000-00-00 00:00:00', 0),
(882, 202, 7, NULL, 2, 0, NULL, 'Døra har noen små flekker uten maling, men jeg tror ikke det er noe mer enn andre dører', '0000-00-00 00:00:00', 0),
(883, 203, 8, NULL, 1, 0, NULL, 'ny', '0000-00-00 00:00:00', 0),
(884, 204, 12, NULL, 3, 0, NULL, 'Vanskelig å lukke vinduet ordentlig. Men må bruke mye kraft.', '0000-00-00 00:00:00', 0),
(885, 206, 7, NULL, 2, 0, NULL, 'innvendig', '0000-00-00 00:00:00', 0),
(886, 206, 3, NULL, 1, 0, NULL, 'nei, men den er malt', '0000-00-00 00:00:00', 0),
(887, 206, 4, NULL, 2, 0, NULL, '', '0000-00-00 00:00:00', 0),
(888, 206, 25, NULL, 1, 0, NULL, 'ved vask og dør, mangler underligger mellom skap under vasken og gulvet', '0000-00-00 00:00:00', 0),
(889, 206, 29, NULL, 1, 0, NULL, 'mange spikerhull og noen merker, krøllete ved speil', '0000-00-00 00:00:00', 0),
(890, 206, 30, NULL, 1, 0, NULL, 'litt flekkete rundt lampen og har lufthull i gangen', '0000-00-00 00:00:00', 0),
(891, 206, 37, NULL, 3, 0, NULL, 'dryppe-lyder', '0000-00-00 00:00:00', 0),
(892, 206, 42, NULL, 2, 0, NULL, 'ingen leselampe hengt opp', '0000-00-00 00:00:00', 0),
(893, 206, 13, NULL, 3, 0, NULL, 'den ene er litt skeiv og går derfor tregt', '0000-00-00 00:00:00', 0),
(894, 206, 40, NULL, 3, 0, NULL, 'noe dugg på et vindu', '0000-00-00 00:00:00', 0),
(895, 207, 42, NULL, 2, 0, NULL, 'Kun 1 leselys', '0000-00-00 00:00:00', 0),
(896, 208, 17, NULL, 2, 0, NULL, 'Festet til rullgardinen litt ødelagt, så sitter ikke så veldig godt', '0000-00-00 00:00:00', 0),
(897, 209, 1, NULL, 3, 1, NULL, 'Vasken har særdeles treg drenering', '2012-05-27 02:23:07', 471),
(898, 210, 8, NULL, 1, 0, NULL, 'Gammel', '0000-00-00 00:00:00', 0),
(899, 211, 3, NULL, 1, 0, NULL, 'Monterte egen lampe, men spørs om den ikke doneres til huset, med mindre huset vil ha en egen lampe', '0000-00-00 00:00:00', 0),
(900, 212, 42, NULL, 2, 0, NULL, 'Har bare ett, hotellet krever to', '0000-00-00 00:00:00', 0),
(901, 213, 13, NULL, 3, 0, NULL, 'Mangler endebolt, så vinduet kan gå helt opp', '0000-00-00 00:00:00', 0),
(902, 215, 5, NULL, 2, 0, NULL, 'Blir ofte stående litt på gløtt. ', '0000-00-00 00:00:00', 0),
(903, 216, 6, NULL, 1, 0, NULL, 'Ja. ', '0000-00-00 00:00:00', 0),
(904, 217, 7, NULL, 2, 0, NULL, 'Flasser innvendig.', '0000-00-00 00:00:00', 0),
(905, 218, 18, NULL, 2, 0, NULL, 'Gardinstanga mangler feste. ', '0000-00-00 00:00:00', 0),
(906, 219, 4, NULL, 2, 0, NULL, 'En av skapdørene på det store skapet er løs.', '0000-00-00 00:00:00', 0),
(907, 220, 24, NULL, 3, 1, NULL, 'Ja', '2012-06-05 21:02:06', 471),
(908, 222, 7, NULL, 2, 0, NULL, 'Noen  stygge merker på utsiden', '0000-00-00 00:00:00', 0),
(909, 223, 22, NULL, 3, 0, NULL, 'Ikke montert koblingspunkt for telefonledning', '0000-00-00 00:00:00', 0),
(910, 224, 3, NULL, 1, 0, NULL, 'nei', '0000-00-00 00:00:00', 0),
(911, 224, 12, NULL, 3, 0, NULL, 'Får ikke lukket det ene vinduet ordentlig', '0000-00-00 00:00:00', 0),
(912, 225, 17, NULL, 2, 0, NULL, 'Festet feil vei', '0000-00-00 00:00:00', 0),
(913, 226, 2, NULL, 1, 0, NULL, 'Den ene skapdøra er løs', '0000-00-00 00:00:00', 0),
(914, 226, 9, NULL, 1, 0, NULL, 'Smeller litt hardt', '0000-00-00 00:00:00', 0),
(915, 226, 22, NULL, 3, 0, NULL, 'Har ikke telefon', '0000-00-00 00:00:00', 0),
(916, 226, 25, NULL, 1, 0, NULL, 'Mangler en bitteliten list', '0000-00-00 00:00:00', 0),
(917, 226, 26, NULL, 1, 0, NULL, 'Nei', '0000-00-00 00:00:00', 0),
(918, 226, 11, NULL, 3, 0, NULL, 'Nei', '0000-00-00 00:00:00', 0),
(919, 227, 20, NULL, 3, 0, NULL, 'noen av de er litt løse', '0000-00-00 00:00:00', 0),
(920, 228, 21, NULL, 3, 0, NULL, 'Må bruke tape for at det skal fungere. ', '0000-00-00 00:00:00', 0),
(921, 228, 42, NULL, 2, 0, NULL, 'Den ene fungerer ikke', '0000-00-00 00:00:00', 0),
(922, 230, 6, NULL, 1, 0, NULL, 'Ja', '0000-00-00 00:00:00', 0),
(923, 230, 42, NULL, 2, 0, NULL, 'Den ene er ødelagt.', '0000-00-00 00:00:00', 0),
(924, 231, 5, NULL, 2, 0, NULL, 'nei, går ikke helt igjen', '0000-00-00 00:00:00', 0),
(925, 231, 7, NULL, 2, 0, NULL, 'bare innvendig', '0000-00-00 00:00:00', 0),
(926, 231, 9, NULL, 1, 0, NULL, 'nei, døra går ikke helt igjen', '0000-00-00 00:00:00', 0),
(927, 231, 36, NULL, 3, 0, NULL, 'tja, kan bli varm på natten, selv om den er avslått', '0000-00-00 00:00:00', 0),
(928, 231, 42, NULL, 2, 0, NULL, 'isolasjonen har falt av ved stikkontakten', '0000-00-00 00:00:00', 0),
(929, 231, 10, NULL, 3, 0, NULL, 'tja, noen er tette av maling og kan ikke brukes', '0000-00-00 00:00:00', 0),
(930, 232, 1, NULL, 3, 0, NULL, '', '0000-00-00 00:00:00', 0),
(931, 232, 7, NULL, 2, 0, NULL, 'Ja døra er kjempestygg og flassete', '0000-00-00 00:00:00', 0),
(932, 232, 9, NULL, 1, 0, NULL, 'tror ikke det', '0000-00-00 00:00:00', 0),
(933, 233, 24, NULL, 3, 1, NULL, '', '2012-04-19 22:24:09', 471),
(934, 233, 4, NULL, 2, 0, NULL, 'Nei, noen løse skruer på håndtaket og hyllene er ikke veeldig stabile', '0000-00-00 00:00:00', 0),
(935, 234, 26, NULL, 1, 0, NULL, '', '0000-00-00 00:00:00', 0),
(936, 234, 12, NULL, 3, 0, NULL, '', '0000-00-00 00:00:00', 0),
(937, 234, 13, NULL, 3, 0, NULL, 'Nei! den er helt ute av funksjon', '0000-00-00 00:00:00', 0),
(938, 235, 12, NULL, 3, 0, NULL, '', '0000-00-00 00:00:00', 0),
(939, 235, 13, NULL, 3, 0, NULL, '', '0000-00-00 00:00:00', 0),
(940, 235, 35, NULL, 3, 1, NULL, 'Jeg vet ikke hva det er...', '2012-04-27 13:16:49', 474),
(941, 236, 19, NULL, 1, 0, NULL, 'bare en', '0000-00-00 00:00:00', 0),
(942, 237, 1, NULL, 3, 0, NULL, 'Sprekk i servant', '0000-00-00 00:00:00', 0),
(943, 237, 23, NULL, 2, 0, NULL, 'Stygg. Dårlig fuge mot servant', '0000-00-00 00:00:00', 0),
(944, 237, 3, NULL, 1, 0, NULL, 'Nei', '0000-00-00 00:00:00', 0),
(945, 238, 7, NULL, 2, 0, NULL, 'Noe merker både innvendig og utvendig', '0000-00-00 00:00:00', 0),
(946, 238, 8, NULL, 1, 0, NULL, 'Ny', '0000-00-00 00:00:00', 0),
(947, 238, 29, NULL, 1, 0, NULL, 'Noe sår og merker ', '0000-00-00 00:00:00', 0),
(948, 239, 31, NULL, 2, 0, NULL, 'Hakk og malingsflekker over hele gulvet', '0000-00-00 00:00:00', 0),
(949, 240, 5, NULL, 2, 0, NULL, 'Døra går ikkje heilt igjen av seg sjølv, svært treig. Må presse den hardt att for å få låst', '0000-00-00 00:00:00', 0),
(950, 240, 42, NULL, 2, 0, NULL, 'vegglampa er knekt', '0000-00-00 00:00:00', 0),
(951, 241, 23, NULL, 2, 0, NULL, 'Noe sprekker og riller pga fukt', '0000-00-00 00:00:00', 0),
(952, 241, 24, NULL, 3, 0, NULL, 'Litt tett, men kan muligens fikses ved å tømme dingsen under', '0000-00-00 00:00:00', 0),
(953, 241, 3, NULL, 1, 0, NULL, 'nei', '0000-00-00 00:00:00', 0),
(954, 241, 4, NULL, 2, 0, NULL, 'en løs hengsel på en skapdør', '0000-00-00 00:00:00', 0),
(955, 241, 12, NULL, 3, 0, NULL, '', '0000-00-00 00:00:00', 0),
(956, 241, 13, NULL, 3, 0, NULL, 'den er litt løs så vinduet glir opp etterhvert dersom det er litt vind osv', '0000-00-00 00:00:00', 0),
(957, 242, 1, NULL, 3, 0, NULL, 'ødelagt sluk', '0000-00-00 00:00:00', 0),
(958, 243, 2, NULL, 1, 1, NULL, 'ingen hyller', '2012-04-15 15:57:44', 471),
(959, 244, 23, NULL, 2, 0, NULL, 'slitt', '0000-00-00 00:00:00', 0),
(960, 245, 27, NULL, 1, 0, NULL, 'nei', '0000-00-00 00:00:00', 0),
(961, 246, 5, NULL, 2, 0, NULL, 'nei, et av festene faller noen ganger av.', '0000-00-00 00:00:00', 0),
(962, 247, 7, NULL, 2, 0, NULL, 'ja. innvendig.', '0000-00-00 00:00:00', 0),
(963, 248, 8, NULL, 1, 0, NULL, 'gammel', '0000-00-00 00:00:00', 0),
(964, 248, 38, NULL, 1, 0, NULL, 'ingen list.', '0000-00-00 00:00:00', 0),
(965, 248, 4, NULL, 2, 0, NULL, 'dørene sklir litt ut, skapet har ingen bakvegg og en av dørene går nedi gulvet!', '0000-00-00 00:00:00', 0),
(966, 248, 25, NULL, 1, 0, NULL, 'ja. vaskelister (små)', '0000-00-00 00:00:00', 0),
(967, 248, 29, NULL, 1, 0, NULL, 'noen svarte flekker. Tror det er spikere bak som skinner igjennom.', '0000-00-00 00:00:00', 0),
(968, 248, 37, NULL, 3, 0, NULL, 'ja!!', '0000-00-00 00:00:00', 0),
(969, 248, 10, NULL, 3, 0, NULL, 'noen.', '0000-00-00 00:00:00', 0),
(970, 248, 13, NULL, 3, 0, NULL, 'NEI!', '0000-00-00 00:00:00', 0),
(971, 249, 22, NULL, 3, 0, NULL, 'Ofte mange som ringer etter kl 22.', '0000-00-00 00:00:00', 0),
(972, 250, 2, NULL, 1, 0, NULL, 'og mangler håndtak på alle skapdørene', '0000-00-00 00:00:00', 0),
(973, 252, 2, NULL, 1, 0, NULL, 'Lukke/låsemekanismen på det øvre skapet er ødelagt. Hengelås må også klippes av låsen.', '0000-00-00 00:00:00', 0),
(974, 252, 7, NULL, 2, 0, NULL, 'litt avflassing ved skillet mellom døren og dørkarmen, men kun en flekk avflassing på døren.', '0000-00-00 00:00:00', 0),
(975, 252, 13, NULL, 3, 0, NULL, 'Nei, det er ikke mulig å låse vinduet.', '0000-00-00 00:00:00', 0),
(976, 253, 22, NULL, 3, 0, NULL, 'Nei. Jeg har ingen summetone.', '0000-00-00 00:00:00', 0),
(977, 253, 42, NULL, 2, 0, NULL, 'Ja, men lampene er litt stygge. har snakket med El-oppmand om at disse bør skiftes ut.', '0000-00-00 00:00:00', 0),
(978, 253, 13, NULL, 3, 0, NULL, 'Vinduet kan ikke skrus fast i posisjon, men armen fungerer ellers.', '0000-00-00 00:00:00', 0),
(979, 254, 24, NULL, 3, 1, NULL, '', '2012-06-05 21:02:06', 471),
(980, 254, 5, NULL, 2, 0, NULL, '', '0000-00-00 00:00:00', 0),
(981, 254, 20, NULL, 3, 0, NULL, '', '0000-00-00 00:00:00', 0),
(982, 254, 29, NULL, 1, 0, NULL, 'brann merke', '0000-00-00 00:00:00', 0),
(983, 255, 29, NULL, 1, 0, NULL, '', '0000-00-00 00:00:00', 0),
(984, 255, 13, NULL, 3, 0, NULL, 'nei, mangler stoppe-skrue', '0000-00-00 00:00:00', 0),
(985, 255, 19, NULL, 1, 0, NULL, '', '0000-00-00 00:00:00', 0),
(986, 256, 24, NULL, 3, 1, NULL, 'Det renner tregt ned.', '2012-05-27 02:17:48', 471),
(987, 256, 36, NULL, 3, 1, NULL, 'Den fungerer ikke såvidt jeg ser', '2013-08-30 00:58:48', 471),
(988, 257, 13, NULL, 3, 0, NULL, 'Den er veldig treg og kan ikke alltid skrus fast.', '0000-00-00 00:00:00', 0),
(989, 258, 7, NULL, 2, 0, NULL, 'døra er ikkje malt på innsida', '0000-00-00 00:00:00', 0),
(990, 259, 25, NULL, 1, 0, NULL, 'manglar et par cm på ei vegglist', '0000-00-00 00:00:00', 0),
(991, 260, 8, NULL, 1, 0, NULL, 'håndtaket er slarkete, kan trekke det en centimeter ut og inn', '0000-00-00 00:00:00', 0),
(992, 261, 2, NULL, 1, 1, NULL, 'Har ingen hyller ved vasken', '2013-08-30 00:59:54', 471),
(993, 261, 7, NULL, 2, 0, NULL, 'Ja', '0000-00-00 00:00:00', 0),
(994, 261, 31, NULL, 2, 0, NULL, 'generelt slitt gulv', '0000-00-00 00:00:00', 0),
(995, 262, 17, NULL, 2, 0, NULL, 'sitter veldig skjevt', '0000-00-00 00:00:00', 0),
(996, 263, 40, NULL, 3, 0, NULL, 'Virker som vinduet er &quot;punktert&quot;', '0000-00-00 00:00:00', 0),
(997, 264, 28, NULL, 3, 0, NULL, 'Sprinkleranlegget mangler sikring i taket. (Ikke noe annet sted å skrive det)', '0000-00-00 00:00:00', 0),
(998, 265, 27, NULL, 1, 0, NULL, 'nei', '0000-00-00 00:00:00', 0),
(999, 265, 7, NULL, 2, 0, NULL, 'malingen flasser langs sidene på døren ', '0000-00-00 00:00:00', 0),
(1000, 266, 3, NULL, 1, 0, NULL, 'nei', '0000-00-00 00:00:00', 0),
(1001, 266, 4, NULL, 2, 0, NULL, 'mangler skapdører til små skap over og under vask', '0000-00-00 00:00:00', 0),
(1002, 266, 25, NULL, 1, 0, NULL, 'ja, noen steder', '0000-00-00 00:00:00', 0),
(1003, 266, 17, NULL, 2, 0, NULL, 'mangler feste til den tråden til rullegardinen', '0000-00-00 00:00:00', 0),
(1004, 266, 19, NULL, 1, 0, NULL, 'mangler et endestykke', '0000-00-00 00:00:00', 0),
(1005, 267, 15, NULL, 3, 0, NULL, 'Lekkasje i sluket, dette er forsøkt gjort noe med flere ganger...', '0000-00-00 00:00:00', 0),
(1006, 267, 27, NULL, 1, 0, NULL, 'Nei', '0000-00-00 00:00:00', 0),
(1007, 267, 22, NULL, 3, 0, NULL, 'Volumet er veldig lavt og batteriet er ødelagt', '0000-00-00 00:00:00', 0),
(1008, 267, 3, NULL, 1, 0, NULL, 'Gammel taklampe', '0000-00-00 00:00:00', 0),
(1009, 267, 4, NULL, 2, 0, NULL, 'Ene døra faller av', '0000-00-00 00:00:00', 0),
(1010, 267, 42, NULL, 2, 0, NULL, 'Ene leselyset er knukket', '0000-00-00 00:00:00', 0),
(1011, 268, 2, NULL, 1, 0, NULL, 'nei', '0000-00-00 00:00:00', 0),
(1012, 268, 40, NULL, 3, 0, NULL, '', '0000-00-00 00:00:00', 0),
(1013, 269, 26, NULL, 1, 0, NULL, 'De henger litt dårlig.', '0000-00-00 00:00:00', 0),
(1014, 270, 29, NULL, 1, 0, NULL, 'Noe avskallet og misfarget.', '0000-00-00 00:00:00', 0),
(1015, 271, 29, NULL, 1, 0, NULL, '', '0000-00-00 00:00:00', 0),
(1016, 271, 30, NULL, 1, 0, NULL, 'Litt.', '0000-00-00 00:00:00', 0),
(1017, 273, 1, NULL, 3, 0, NULL, 'er ganske tungt å skru igjen kaldtvatnet.', '0000-00-00 00:00:00', 0),
(1018, 274, 15, NULL, 3, 0, NULL, 'Lekker litt ved kobingspunktet, og noen steder ved gummilisten nederst på kabinettet', '0000-00-00 00:00:00', 0),
(1019, 274, 33, NULL, 1, 0, NULL, 'Har kleskroker, men mangler kroken til tennisballen utenfor døren', '0000-00-00 00:00:00', 0),
(1020, 274, 22, NULL, 3, 0, NULL, 'Ikke summetone i telefonen', '0000-00-00 00:00:00', 0),
(1021, 274, 17, NULL, 2, 0, NULL, 'Festet som holder snoren til den ene rullgardinen er ødelagt', '0000-00-00 00:00:00', 0),
(1022, 275, 5, NULL, 2, 0, NULL, 'Mangler plastikk delen av håndtaket på døren til badet', '0000-00-00 00:00:00', 0),
(1023, 276, 29, NULL, 1, 0, NULL, 'Svarte prikker (trolig soppangrep) på tapet på høyre side av vask. Området er ca 10 cm høyt og 5 cm bredt.', '0000-00-00 00:00:00', 0),
(1024, 277, 3, NULL, 1, 0, NULL, 'Drittlampe hvor bare en pære virker og feste til lampeskjermen er ødelagt', '0000-00-00 00:00:00', 0),
(1025, 278, 27, NULL, 1, 0, NULL, 'nei', '0000-00-00 00:00:00', 0),
(1026, 279, 1, NULL, 3, 0, NULL, 'ja', '0000-00-00 00:00:00', 0),
(1027, 280, 28, NULL, 3, 0, NULL, 'nei', '0000-00-00 00:00:00', 0),
(1028, 281, 7, NULL, 2, 0, NULL, 'ja, flasser', '0000-00-00 00:00:00', 0),
(1029, 282, 3, NULL, 1, 0, NULL, 'nei', '0000-00-00 00:00:00', 0),
(1030, 283, 29, NULL, 1, 0, NULL, 'mange spikerhull i vegg, generelt stygge vegger', '0000-00-00 00:00:00', 0),
(1031, 284, 31, NULL, 2, 0, NULL, 'Rifter og merker ja', '0000-00-00 00:00:00', 0),
(1032, 285, 4, NULL, 2, 0, NULL, 'Den ene skapdøren har mistet det ene feste, mens en skapdør mangler fortsatt håndtak', '0000-00-00 00:00:00', 0),
(1033, 286, 4, NULL, 2, 0, NULL, '', '0000-00-00 00:00:00', 0),
(1034, 286, 26, NULL, 1, 0, NULL, 'Det er en singhylle, men kunne trengt en til.', '0000-00-00 00:00:00', 0),
(1035, 287, 15, NULL, 3, 0, NULL, '', '0000-00-00 00:00:00', 0),
(1036, 287, 23, NULL, 2, 0, NULL, 'Finnes ingen', '0000-00-00 00:00:00', 0),
(1037, 288, 20, NULL, 3, 0, NULL, 'Noen av kontaktene er litt løse etter hotellet. ', '0000-00-00 00:00:00', 0),
(1038, 289, 3, NULL, 1, 0, NULL, '', '0000-00-00 00:00:00', 0),
(1039, 289, 29, NULL, 1, 0, NULL, 'Veggene har fått nye skraper/flekker etter hotellet.Synes ikke godt til daglig, men når møblene tas ut', '0000-00-00 00:00:00', 0),
(1040, 291, 1, NULL, 3, 0, NULL, '', '0000-00-00 00:00:00', 0),
(1041, 291, 9, NULL, 1, 0, NULL, 'Smekker for raskt igjen ift. sånn det er ment å være, men blir smak og behag', '0000-00-00 00:00:00', 0),
(1042, 292, 23, NULL, 2, 0, NULL, 'Dette er nå fikset', '0000-00-00 00:00:00', 0),
(1043, 293, 1, NULL, 3, 0, NULL, 'Vasken er byttet', '0000-00-00 00:00:00', 0),
(1044, 294, 8, NULL, 1, 0, NULL, 'Låsen er nå ny', '0000-00-00 00:00:00', 0),
(1045, 295, 3, NULL, 1, 0, NULL, 'To nye taklamper er montert', '0000-00-00 00:00:00', 0),
(1046, 296, 1, NULL, 3, 0, NULL, 'ja, knust i det ene hjørnet', '0000-00-00 00:00:00', 0),
(1047, 297, 2, NULL, 1, 0, NULL, 'nei', '0000-00-00 00:00:00', 0),
(1048, 298, 23, NULL, 2, 0, NULL, 'ikke helt tilpasset, sprekk langs kanten', '0000-00-00 00:00:00', 0),
(1049, 299, 5, NULL, 2, 0, NULL, 'nei, stopper før', '0000-00-00 00:00:00', 0),
(1050, 300, 4, NULL, 2, 0, NULL, 'stygge og slitte', '0000-00-00 00:00:00', 0),
(1051, 300, 12, NULL, 3, 0, NULL, 'nei, to av de er harde og vanskelig å få igjen', '0000-00-00 00:00:00', 0),
(1052, 301, 5, NULL, 2, 0, NULL, 'Mangler den innerste døren i gangen ', '0000-00-00 00:00:00', 0),
(1053, 301, 6, NULL, 1, 0, NULL, 'Branndøren smeller veldig', '0000-00-00 00:00:00', 0),
(1054, 301, 20, NULL, 3, 0, NULL, 'Et parr av kontaktener er løse', '0000-00-00 00:00:00', 0),
(1055, 301, 3, NULL, 1, 0, NULL, 'Taklampen er gammel og stygg', '0000-00-00 00:00:00', 0),
(1056, 302, 15, NULL, 3, 1, NULL, 'renner fra fugen til badekaret', '2013-08-30 00:54:43', 471),
(1057, 303, 31, NULL, 2, 0, NULL, 'Skraper i gulv på stue og sovealkove etter sommerhotellet 2012 (ingen betydelige) ', '0000-00-00 00:00:00', 0),
(1058, 304, 2, NULL, 1, 0, NULL, 'Dørene på skapene går ikke igjen. Ellers finnes det ikke hyller her.', '0000-00-00 00:00:00', 0),
(1059, 305, 22, NULL, 3, 0, NULL, 'Kan ikke ringe ut, bare ta imot samtaler', '0000-00-00 00:00:00', 0),
(1060, 306, 9, NULL, 1, 0, NULL, 'nei, døren går ikke helt igjen', '0000-00-00 00:00:00', 0),
(1061, 307, 3, NULL, 1, 0, NULL, '', '0000-00-00 00:00:00', 0),
(1062, 308, 14, NULL, 3, 0, NULL, 'Dusjen drypper hvis man ballanserer litt når man skrur av.', '0000-00-00 00:00:00', 0),
(1063, 308, 27, NULL, 1, 0, NULL, 'Nei, 1 etg', '0000-00-00 00:00:00', 0),
(1064, 308, 7, NULL, 2, 0, NULL, 'Døren er stygg (flasser, slitt)', '0000-00-00 00:00:00', 0),
(1065, 308, 30, NULL, 1, 0, NULL, 'De tre platene ut mot vindu er veldig løse. Sebastian så på dem og sa det burde fikses, men at det går greit foreløpig.', '0000-00-00 00:00:00', 0),
(1066, 308, 35, NULL, 3, 0, NULL, 'Mangler sprosser til ett vindu.', '0000-00-00 00:00:00', 0),
(1067, 309, 15, NULL, 3, 0, NULL, 'KAN NOEN FIKSE DUNKINGEN PÅ BADET? Jeg blir gal.', '0000-00-00 00:00:00', 0),
(1068, 311, 23, NULL, 2, 0, NULL, 'Benkplata UNDER vasken er gjennomvåt etter en liten oversvømmelse.. denne burde byttes.', '0000-00-00 00:00:00', 0),
(1069, 311, 11, NULL, 3, 0, NULL, 'Tettningslistene er hele, men harde. noen har malt over dem, og dermed siver kaldlufta inn i de lukkede vinduene.', '0000-00-00 00:00:00', 0),
(1070, 312, 23, NULL, 2, 0, NULL, 'Sebastian L. fjernet den våte plata, men nå trengs det å legges belegg på gulvet, og sette inn en hylle. Sebastian vet hvordan det gjøres, så spør han. Han sa jeg skulle nevne det her. Vet ikke hvordan jeg fjerner den forrige, eller legge til mulige kommentarer', '0000-00-00 00:00:00', 0),
(1071, 313, 2, NULL, 1, 0, NULL, 'nei', '0000-00-00 00:00:00', 0),
(1072, 314, 1, NULL, 3, 0, NULL, 'En stor sprekk i vasken, men tror ikke det er så farlig.', '0000-00-00 00:00:00', 0),
(1073, 314, 16, NULL, 3, 0, NULL, 'Det bruker sykt lang tid på å komme seg etter man har trukket ned. Det står å renner.', '0000-00-00 00:00:00', 0),
(1074, 314, 27, NULL, 1, 0, NULL, 'Nei', '0000-00-00 00:00:00', 0),
(1075, 314, 28, NULL, 3, 0, NULL, 'Nei', '0000-00-00 00:00:00', 0),
(1076, 314, 8, NULL, 1, 0, NULL, 'Den hakker noen ganger', '0000-00-00 00:00:00', 0),
(1077, 314, 33, NULL, 1, 0, NULL, 'Nei, bare noen på badet.', '0000-00-00 00:00:00', 0),
(1078, 314, 22, NULL, 3, 0, NULL, 'Kontakten er dårlig, så den faller lett ut.', '0000-00-00 00:00:00', 0),
(1079, 314, 3, NULL, 1, 0, NULL, 'Det er tre forskjellige taklamper med svart svidd støv rundt.', '0000-00-00 00:00:00', 0),
(1080, 314, 29, NULL, 1, 0, NULL, 'KJEMPE stygge vegger, masse hull som ikke er tettet igjen.', '0000-00-00 00:00:00', 0),
(1081, 314, 30, NULL, 1, 0, NULL, 'Ja, masse dritt.', '0000-00-00 00:00:00', 0),
(1082, 314, 42, NULL, 2, 0, NULL, 'Det er ikke leselys i sovealkoven.', '0000-00-00 00:00:00', 0),
(1083, 314, 13, NULL, 3, 0, NULL, 'Mangler det på et av vinduene.', '0000-00-00 00:00:00', 0),
(1084, 314, 17, NULL, 2, 0, NULL, 'Har ingen rullegardiner.', '0000-00-00 00:00:00', 0),
(1085, 314, 18, NULL, 2, 0, NULL, 'NEI. Ingen er festet ordentlig. Alle gardinene er skjeve.', '0000-00-00 00:00:00', 0),
(1086, 314, 39, NULL, 3, 0, NULL, 'Stygge vinduskarmer, spesielt på badet.', '0000-00-00 00:00:00', 0),
(1087, 315, 15, NULL, 3, 0, NULL, 'Lekker fra dusjhodet (ikke alt kommer ut der det skal)', '0000-00-00 00:00:00', 0),
(1088, 316, 16, NULL, 3, 0, NULL, 'Lavt trykk i toalettet', '0000-00-00 00:00:00', 0),
(1089, 317, 6, NULL, 1, 0, NULL, 'Veldig mye! Både ut til gangen og til badet.', '0000-00-00 00:00:00', 0),
(1090, 319, 40, NULL, 3, 0, NULL, 'Kommer fortsatt unødvendig mye vann på vinduet helt til venstre, venstre glass, sett fra forsiden. Tette renner.. 17/9.12', '0000-00-00 00:00:00', 0),
(1091, 320, 2, NULL, 1, 1, NULL, 'ingen hyller rundt vasken.', '2013-08-30 00:59:54', 471),
(1092, 320, 23, NULL, 2, 0, NULL, 'ingen benkplate.', '0000-00-00 00:00:00', 0),
(1093, 320, 22, NULL, 3, 0, NULL, 'har ikke ledning.', '0000-00-00 00:00:00', 0),
(1094, 320, 3, NULL, 1, 0, NULL, 'lampen er delvis defekt.', '0000-00-00 00:00:00', 0),
(1095, 320, 31, NULL, 2, 0, NULL, 'Noe sprekker i gulvet. Kom etter gulvet ble vasket første gang etter det ble lagt.', '0000-00-00 00:00:00', 0),
(1096, 321, 23, NULL, 2, 0, NULL, 'Døra under vasken har falt av', '0000-00-00 00:00:00', 0),
(1097, 322, 6, NULL, 1, 0, NULL, 'Ja', '0000-00-00 00:00:00', 0),
(1098, 322, 11, NULL, 3, 0, NULL, 'er tungt å få lukka vindauget heilt igjen, muligens pakningane som ikkje er som dei skal. greit å få fiksa dette før det blir kaldt', '0000-00-00 00:00:00', 0),
(1099, 323, 17, NULL, 2, 0, NULL, 'Nei. Løsnet nettopp ', '0000-00-00 00:00:00', 0),
(1100, 324, 3, NULL, 1, 0, NULL, 'NEI', '0000-00-00 00:00:00', 0);
INSERT INTO `rapport` (`id`, `kvittering_id`, `feil_id`, `oppgave_id`, `prioritet_id`, `godkjent`, `tid_endret`, `merknad`, `tid_godkjent`, `godkjent_bruker_id`) VALUES
(1101, 325, 29, NULL, 1, 0, NULL, 'Noe misfarget maling og litt fugemasse som er lysere enn tapeten.', '0000-00-00 00:00:00', 0),
(1102, 325, 17, NULL, 2, 0, NULL, 'Snoren som trekker opp rullegardinen fungerer heller ikke.', '0000-00-00 00:00:00', 0),
(1103, 326, 1, NULL, 3, 0, NULL, 'Ja, sprekker og kranen spruter', '0000-00-00 00:00:00', 0),
(1104, 326, 2, NULL, 1, 0, NULL, '', '0000-00-00 00:00:00', 0),
(1105, 326, 14, NULL, 3, 0, NULL, '', '0000-00-00 00:00:00', 0),
(1106, 326, 23, NULL, 2, 0, NULL, 'Nei. Sprukket opp og riller. Også et svimerke i sponplaten', '0000-00-00 00:00:00', 0),
(1107, 326, 24, NULL, 3, 0, NULL, 'Litt tett', '0000-00-00 00:00:00', 0),
(1108, 326, 5, NULL, 2, 0, NULL, 'Av og til lukker den seg ikke', '0000-00-00 00:00:00', 0),
(1109, 326, 21, NULL, 3, 0, NULL, 'Nei, kontakten mangler deksel og fungerer ikke, kan være kabelen jeg har prøvd med. Men hele koblingen ser vedlig herjet ut', '0000-00-00 00:00:00', 0),
(1110, 326, 3, NULL, 1, 0, NULL, 'nei', '0000-00-00 00:00:00', 0),
(1111, 326, 4, NULL, 2, 0, NULL, 'døren er ikke helt enkle å lukke. Særlig ikke dørene under vasken. Her tror jeg hele systemet har slått seg litt, pga fukt i benkeplaten', '0000-00-00 00:00:00', 0),
(1112, 326, 25, NULL, 1, 0, NULL, 'Nei, men listene gjør ikke den jobben de skal da gulvet sjelden treffer veggen', '0000-00-00 00:00:00', 0),
(1113, 326, 29, NULL, 1, 0, NULL, 'Mange hull i tapeten', '0000-00-00 00:00:00', 0),
(1114, 326, 31, NULL, 2, 0, NULL, 'Som sagt, gulvet er veldig slurvete lagt', '0000-00-00 00:00:00', 0),
(1115, 326, 36, NULL, 3, 0, NULL, 'Ingen temepraturregulator tilknyttet radiatoren', '0000-00-00 00:00:00', 0),
(1116, 326, 12, NULL, 3, 0, NULL, '', '0000-00-00 00:00:00', 0),
(1117, 326, 13, NULL, 3, 0, NULL, 'Nei, den mangler enden, slik at den ikke sitter i festet sitt', '0000-00-00 00:00:00', 0),
(1118, 327, 2, NULL, 1, 1, NULL, 'bare benk', '2013-08-30 00:59:54', 471),
(1119, 327, 27, NULL, 1, 0, NULL, 'nei', '0000-00-00 00:00:00', 0),
(1120, 328, 3, NULL, 1, 0, NULL, 'nei', '0000-00-00 00:00:00', 0),
(1121, 329, 4, NULL, 2, 0, NULL, 'den ene skapdøren over vasken er løs', '0000-00-00 00:00:00', 0),
(1122, 330, 1, NULL, 3, 0, NULL, 'sprekker, og krana er sånn rar, sånn at det spruter vann, og ikke renner fint, lzzm', '0000-00-00 00:00:00', 0),
(1123, 330, 2, NULL, 1, 1, NULL, 'har ikke hyller', '2013-08-30 00:59:54', 471),
(1124, 330, 7, NULL, 2, 0, NULL, 'JA', '0000-00-00 00:00:00', 0),
(1125, 330, 13, NULL, 3, 0, NULL, 'Mangler endebolt', '0000-00-00 00:00:00', 0),
(1126, 331, 4, NULL, 2, 0, NULL, 'SKAPDØRENE KAN IKKE LUKKES OG ER IKKE FESTET SKIKKELIG. JEG FIKK NETTOPP EN JÆVLA SKAPDØR I HODET. FFS', '0000-00-00 00:00:00', 0),
(1127, 332, 22, NULL, 3, 0, NULL, 'Funker ikke. Ledning henger fra taket, og er ikke koblet i.', '0000-00-00 00:00:00', 0),
(1128, 333, 1, NULL, 3, 0, NULL, 'Noen sprekker i vasken. ', '0000-00-00 00:00:00', 0),
(1129, 333, 2, NULL, 1, 0, NULL, 'Nederste hylledør til høyre kan lukkes, men faller av hele tiden. Stort irritasjonsmoment! ', '0000-00-00 00:00:00', 0),
(1130, 333, 23, NULL, 2, 0, NULL, 'Overgangen mellom vasken og benkplaten vasken ligger i er veldig stygg. ', '0000-00-00 00:00:00', 0),
(1131, 333, 27, NULL, 1, 0, NULL, 'Nei, men bor i første :)', '0000-00-00 00:00:00', 0),
(1132, 333, 5, NULL, 2, 0, NULL, 'Må bruke muskelkraft for å få den skikkelig igjen', '0000-00-00 00:00:00', 0),
(1133, 333, 7, NULL, 2, 0, NULL, 'Litt maling har flasset av. ', '0000-00-00 00:00:00', 0),
(1134, 333, 8, NULL, 1, 0, NULL, 'Virker ny', '0000-00-00 00:00:00', 0),
(1135, 333, 3, NULL, 1, 0, NULL, 'VIrker gammel, men funker bra nok', '0000-00-00 00:00:00', 0),
(1136, 333, 4, NULL, 2, 0, NULL, 'Ja, men den ene hyllen i skapet faller ned hele tiden', '0000-00-00 00:00:00', 0),
(1137, 333, 31, NULL, 2, 0, NULL, 'En del hakk og flekker som ser ut som skitt. ', '0000-00-00 00:00:00', 0),
(1138, 333, 36, NULL, 3, 0, NULL, 'Ja, selv rommet føles veldig kaldt ut.', '0000-00-00 00:00:00', 0),
(1139, 334, 12, NULL, 3, 0, NULL, 'veldig tunge å få lukka, pga tetningslistene', '0000-00-00 00:00:00', 0),
(1140, 335, 11, NULL, 3, 0, NULL, 'tror kanskje disse burde byttes.', '0000-00-00 00:00:00', 0),
(1141, 335, 12, NULL, 3, 0, NULL, 'nei, en er veldig vrien. mulig den burde byttes ut.', '0000-00-00 00:00:00', 0),
(1142, 335, 13, NULL, 3, 0, NULL, 'nei', '0000-00-00 00:00:00', 0),
(1143, 336, 11, NULL, 3, 0, NULL, 'Det trekker litt fra vinduet', '0000-00-00 00:00:00', 0),
(1144, 337, 12, NULL, 3, 0, NULL, 'Låsene glir ikke lett opp og igjen. Må ta hardt i. ', '0000-00-00 00:00:00', 0),
(1145, 338, 23, NULL, 2, 0, NULL, 'Sprekkete og porøs', '0000-00-00 00:00:00', 0),
(1146, 338, 24, NULL, 3, 0, NULL, 'Lyd fra luft som slipper ut når noen andre rom tapper vann.', '0000-00-00 00:00:00', 0),
(1147, 338, 12, NULL, 3, 0, NULL, 'Mangler ett feste. Ene vindu går ikke ordentlig igjen.', '0000-00-00 00:00:00', 0),
(1148, 339, 11, NULL, 3, 0, NULL, 'Ingen lister, kaldt som bare f når det er minusgrader ute.', '0000-00-00 00:00:00', 0),
(1149, 340, 1, NULL, 3, 0, NULL, '', '0000-00-00 00:00:00', 0),
(1150, 340, 21, NULL, 3, 0, NULL, 'Veldig dårlig plugg', '0000-00-00 00:00:00', 0),
(1151, 341, 1, NULL, 3, 0, NULL, 'Den du skrur på for å få varmtvann låser seg når den kommer over et visst hakk. Ganske tungt å skru den igjen.', '0000-00-00 00:00:00', 0),
(1152, 342, 3, NULL, 1, 0, NULL, 'Nei', '0000-00-00 00:00:00', 0),
(1153, 342, 37, NULL, 3, 0, NULL, '', '0000-00-00 00:00:00', 0),
(1154, 342, 17, NULL, 2, 0, NULL, 'Den ene har falt ned', '0000-00-00 00:00:00', 0),
(1155, 343, 35, NULL, 3, 0, NULL, 'Sprossene henger løst ,og er ødelagt i noen av festene', '0000-00-00 00:00:00', 0),
(1156, 344, 1, NULL, 3, 0, NULL, 'platen rundt', '0000-00-00 00:00:00', 0),
(1157, 345, 2, NULL, 1, 0, NULL, 'trenger nye magneter til å holde dører på plass', '0000-00-00 00:00:00', 0),
(1158, 346, 23, NULL, 2, 0, NULL, 'nei', '0000-00-00 00:00:00', 0),
(1159, 347, 12, NULL, 3, 0, NULL, 'mangler stoppe-mutter på vindus-åpner-armen aka staget', '0000-00-00 00:00:00', 0),
(1160, 348, 4, NULL, 2, 0, NULL, 'det ene festet til skapet mangler', '0000-00-00 00:00:00', 0),
(1161, 349, 12, NULL, 3, 0, NULL, 'Den ene vinduslåsen knakk av. Den har lenge vært veldig hard og få igjen.', '0000-00-00 00:00:00', 0),
(1162, 350, 24, NULL, 3, 0, NULL, 'Renne sakte ned + hender det kommer &quot;gurglelyder&quot; fra vasken', '0000-00-00 00:00:00', 0),
(1163, 350, 7, NULL, 2, 0, NULL, 'Hadde trengt et nytt lag maling', '0000-00-00 00:00:00', 0),
(1164, 350, 3, NULL, 1, 0, NULL, 'Nei', '0000-00-00 00:00:00', 0),
(1165, 350, 31, NULL, 2, 0, NULL, 'En del hakk', '0000-00-00 00:00:00', 0),
(1166, 351, 2, NULL, 1, 0, NULL, 'Øverste hylle noe ødelagt. Bør byttes etterhvert.', '0000-00-00 00:00:00', 0),
(1167, 351, 31, NULL, 2, 0, NULL, 'Slitt og gammelt gulv.', '0000-00-00 00:00:00', 0),
(1168, 351, 39, NULL, 3, 0, NULL, 'Punktert glass på en av rutene. Kondensdannese på innsiden.', '0000-00-00 00:00:00', 0),
(1169, 351, 40, NULL, 3, 0, NULL, 'Ja, på en rute.', '0000-00-00 00:00:00', 0),
(1170, 352, 23, NULL, 2, 0, NULL, 'Veldig stygg og det flasser hele tiden av små biter.', '0000-00-00 00:00:00', 0),
(1171, 352, 4, NULL, 2, 0, NULL, 'Løse fester, som knirker veldig', '0000-00-00 00:00:00', 0),
(1172, 352, 31, NULL, 2, 0, NULL, 'Ja, malingsflekker', '0000-00-00 00:00:00', 0),
(1173, 353, 5, NULL, 2, 0, NULL, 'Skapdører i sovealkoven er ødelagt! Må fikses før hotellet! :)', '0000-00-00 00:00:00', 0),
(1174, 354, 28, NULL, 3, 0, NULL, '', '0000-00-00 00:00:00', 0),
(1175, 354, 7, NULL, 2, 0, NULL, 'Flere merker der det mangler maling.', '0000-00-00 00:00:00', 0),
(1176, 355, 33, NULL, 1, 0, NULL, 'mangler fortsatt noen kleskroker på døra.', '0000-00-00 00:00:00', 0),
(1177, 356, 31, NULL, 2, 0, NULL, 'fortsatt hakk og riper på gulvet.', '0000-00-00 00:00:00', 0),
(1178, 357, 36, NULL, 3, 1, NULL, 'Høyre radiator mangler termostat og er umulig å kontrollere', '2013-08-30 01:00:56', 471),
(1179, 358, 1, NULL, 3, 0, NULL, 'Flasset maling på benken rundt vasken', '0000-00-00 00:00:00', 0),
(1180, 359, 23, NULL, 2, 0, NULL, 'Flasset maling', '0000-00-00 00:00:00', 0),
(1181, 360, 28, NULL, 3, 0, NULL, 'nei', '0000-00-00 00:00:00', 0),
(1182, 361, 7, NULL, 2, 0, NULL, 'Døren er ok, men det er hull i veggen i gangen ', '0000-00-00 00:00:00', 0),
(1183, 362, 5, NULL, 2, 0, NULL, 'Ja, men låsen er litt treig. Ble skadet under sommerhotellet 2012', '0000-00-00 00:00:00', 0),
(1184, 363, 26, NULL, 1, 0, NULL, 'Det er ingen hyller på rommet', '0000-00-00 00:00:00', 0),
(1185, 364, 29, NULL, 1, 0, NULL, 'mange hull', '0000-00-00 00:00:00', 0),
(1186, 365, 42, NULL, 2, 0, NULL, 'har ingen leselys', '0000-00-00 00:00:00', 0),
(1187, 366, 18, NULL, 2, 0, NULL, 'mangler gardiner på et vindu', '0000-00-00 00:00:00', 0),
(1188, 367, 19, NULL, 1, 0, NULL, 'mangler på et vindu', '0000-00-00 00:00:00', 0),
(1189, 369, 24, NULL, 3, 1, NULL, 'Nei. Det drypper fra krana og fra avløpet under vasken.', '2013-08-30 00:51:54', 471),
(1190, 370, 7, NULL, 2, 0, NULL, 'ja, malingen flasser flere steder. ', '0000-00-00 00:00:00', 0),
(1191, 371, 5, NULL, 2, 0, NULL, 'Den innerste ytterdøra skraper ned i gulvet.', '0000-00-00 00:00:00', 0),
(1192, 372, 3, NULL, 1, 0, NULL, 'Mangler lampeskjerm på soverommet.', '0000-00-00 00:00:00', 0),
(1193, 373, 4, NULL, 2, 0, NULL, 'Håndtaket på skapet i gangen henger ikke skikkelig i døra.', '0000-00-00 00:00:00', 0),
(1194, 374, 17, NULL, 2, 0, NULL, 'Har fortsatt ikke rullegardiner.', '0000-00-00 00:00:00', 0),
(1195, 375, 1, NULL, 3, 0, NULL, 'Stygt permanent rundt merke på høyre side', '0000-00-00 00:00:00', 0),
(1196, 376, 2, NULL, 1, 0, NULL, '', '0000-00-00 00:00:00', 0),
(1197, 376, 23, NULL, 2, 0, NULL, 'Bortsett fra at den er laget for en dverg så ser den bra ut', '0000-00-00 00:00:00', 0),
(1198, 377, 7, NULL, 2, 0, NULL, 'Stygg maling på dørlist', '0000-00-00 00:00:00', 0),
(1199, 377, 9, NULL, 1, 0, NULL, 'Slår igjen litt for hardt de siste 15 gradene', '0000-00-00 00:00:00', 0),
(1200, 377, 3, NULL, 1, 0, NULL, 'Gammel lampe som gir dårlig lys', '0000-00-00 00:00:00', 0),
(1201, 377, 29, NULL, 1, 0, NULL, 'Flere hull og avskallet maling. ', '0000-00-00 00:00:00', 0),
(1202, 377, 31, NULL, 2, 0, NULL, 'Gulvet er bølgete (mulig vannskade og utvidelse?) og knirker veldig når det gås på som en konsekvens av dette. Gulvet viser også tydelige tegn på slitasje og dårlig utført boning', '0000-00-00 00:00:00', 0),
(1203, 378, 10, NULL, 3, 0, NULL, 'En sprosse er ikke festet i bunnen', '0000-00-00 00:00:00', 0),
(1204, 379, 1, NULL, 3, 0, NULL, 'Ja, sprekk/skade', '0000-00-00 00:00:00', 0),
(1205, 379, 2, NULL, 1, 0, NULL, 'Ødelagt skapdører', '0000-00-00 00:00:00', 0),
(1206, 379, 27, NULL, 1, 0, NULL, 'nei', '0000-00-00 00:00:00', 0),
(1207, 379, 28, NULL, 3, 0, NULL, 'nei', '0000-00-00 00:00:00', 0),
(1208, 379, 7, NULL, 2, 0, NULL, 'flasser og er stygg', '0000-00-00 00:00:00', 0),
(1209, 379, 3, NULL, 1, 0, NULL, 'nei', '0000-00-00 00:00:00', 0),
(1210, 379, 29, NULL, 1, 0, NULL, 'Stygge vegger, mange hull og skitten mailing', '0000-00-00 00:00:00', 0),
(1211, 379, 31, NULL, 2, 0, NULL, 'En del rifter og merker', '0000-00-00 00:00:00', 0),
(1212, 379, 11, NULL, 3, 0, NULL, 'en del trekk fra vinduet', '0000-00-00 00:00:00', 0),
(1213, 380, 2, NULL, 1, 0, NULL, 'Fuktskade i hylle under vasken pga lekasje fra vasken.', '0000-00-00 00:00:00', 0),
(1214, 381, 2, NULL, 1, 0, NULL, 'Nei.', '0000-00-00 00:00:00', 0),
(1215, 381, 34, NULL, 1, 0, NULL, 'Nei', '0000-00-00 00:00:00', 0),
(1216, 381, 5, NULL, 2, 0, NULL, 'Mangler den innerste døren i gangen', '0000-00-00 00:00:00', 0),
(1217, 381, 20, NULL, 3, 0, NULL, 'Flere løse kontakter', '0000-00-00 00:00:00', 0),
(1218, 381, 3, NULL, 1, 0, NULL, 'gamle taklamper', '0000-00-00 00:00:00', 0),
(1219, 381, 4, NULL, 2, 0, NULL, 'skap i alkove mangler dørhandtak', '0000-00-00 00:00:00', 0),
(1220, 381, 29, NULL, 1, 0, NULL, 'løs tapet på soverom, generelt dårlig i rommet', '0000-00-00 00:00:00', 0),
(1221, 381, 31, NULL, 2, 0, NULL, 'flekkete', '0000-00-00 00:00:00', 0),
(1222, 381, 13, NULL, 3, 0, NULL, 'mangler på et vindu', '0000-00-00 00:00:00', 0),
(1223, 381, 17, NULL, 2, 0, NULL, 'Har bare en rullegardin i alkoven. Magler på de to vinduene i stuen', '0000-00-00 00:00:00', 0),
(1224, 381, 19, NULL, 1, 0, NULL, 'Ikke på alkove. er ikke plass', '0000-00-00 00:00:00', 0),
(1225, 382, 23, NULL, 2, 0, NULL, 'Mangler lister rundt vasken', '0000-00-00 00:00:00', 0),
(1226, 382, 4, NULL, 2, 0, NULL, 'Mangler et skapdørhåndtak', '0000-00-00 00:00:00', 0),
(1227, 383, 2, NULL, 1, 0, NULL, '', '0000-00-00 00:00:00', 0),
(1228, 383, 3, NULL, 1, 0, NULL, 'Lyset over vasken fungerer ikke', '0000-00-00 00:00:00', 0),
(1229, 383, 4, NULL, 2, 0, NULL, 'Nei, skapdørene henger ikke på.', '0000-00-00 00:00:00', 0),
(1230, 384, 23, NULL, 2, 0, NULL, '', '0000-00-00 00:00:00', 0),
(1231, 384, 12, NULL, 3, 0, NULL, 'Vinduslåsene sitter ikke helt fast og det er ikke mulig å lukke vinduene inntil tetningslistene. Det ene vinduet mangler også en vinduslås.', '0000-00-00 00:00:00', 0),
(1232, 387, 23, NULL, 2, 0, NULL, 'Ingen benkeplate', '0000-00-00 00:00:00', 0),
(1233, 387, 6, NULL, 1, 0, NULL, 'Døren til badet knirker veldig', '0000-00-00 00:00:00', 0),
(1234, 387, 7, NULL, 2, 0, NULL, 'Noe flassing av maling', '0000-00-00 00:00:00', 0),
(1235, 387, 9, NULL, 1, 0, NULL, 'Den er veldig treg', '0000-00-00 00:00:00', 0),
(1236, 387, 3, NULL, 1, 0, NULL, 'Ikke i sovealkoven', '0000-00-00 00:00:00', 0),
(1237, 387, 30, NULL, 1, 0, NULL, 'Det er merker etter tidligere lampe i taket, så kunne trengt et strøk med maling.', '0000-00-00 00:00:00', 0),
(1238, 387, 31, NULL, 2, 0, NULL, 'Gulvet er veldig sliten og i det ene hjørnet buler det opp', '0000-00-00 00:00:00', 0),
(1239, 387, 12, NULL, 3, 0, NULL, 'En vinduslår er ikke-fungerende', '0000-00-00 00:00:00', 0),
(1240, 387, 13, NULL, 3, 0, NULL, 'Den ene er litt løs', '0000-00-00 00:00:00', 0),
(1241, 387, 39, NULL, 3, 0, NULL, 'Innerrute på ene vinduet har en sprekk i øverste hjørnet, noe som har ført til kondenssannelse inne i hele ruten', '0000-00-00 00:00:00', 0),
(1242, 387, 40, NULL, 3, 0, NULL, 'Ja, på den som har knust innerglass', '0000-00-00 00:00:00', 0),
(1243, 388, 5, NULL, 2, 0, NULL, 'Døra vanskelig å låse og har en glippe.', '0000-00-00 00:00:00', 0),
(1244, 389, 2, NULL, 1, 0, NULL, '', '0000-00-00 00:00:00', 0),
(1245, 389, 7, NULL, 2, 0, NULL, 'Har ingen maling innvendig', '0000-00-00 00:00:00', 0),
(1246, 390, 12, NULL, 3, 0, NULL, 'Går ikke lett igjenn', '0000-00-00 00:00:00', 0),
(1247, 391, 31, NULL, 2, 0, NULL, 'Gulvet er ganske slitt', '0000-00-00 00:00:00', 0),
(1248, 392, 1, NULL, 3, 0, NULL, 'Stor sprekk midt i vasken. Ikke av praktisk betydning.', '0000-00-00 00:00:00', 0),
(1249, 392, 6, NULL, 1, 0, NULL, 'Knirker svakt.', '0000-00-00 00:00:00', 0),
(1250, 392, 3, NULL, 1, 0, NULL, 'Ja', '0000-00-00 00:00:00', 0),
(1251, 393, 3, NULL, 1, 0, NULL, '', '0000-00-00 00:00:00', 0),
(1252, 393, 29, NULL, 1, 0, NULL, 'Mange merker etter kroker.', '0000-00-00 00:00:00', 0),
(1253, 394, 27, NULL, 1, 0, NULL, 'Har ikke branntau.', '0000-00-00 00:00:00', 0),
(1254, 395, 17, NULL, 2, 0, NULL, 'Rullegardinen mangler stativ til snor som fester snoren til veggen.', '0000-00-00 00:00:00', 0),
(1255, 396, 18, NULL, 2, 0, NULL, 'Gardinene mangler en av båndene som holder gardinene pent til siden.', '0000-00-00 00:00:00', 0),
(1256, 398, 13, NULL, 3, 0, NULL, 'Mangler endebolt', '0000-00-00 00:00:00', 0),
(1257, 399, 15, NULL, 3, 0, NULL, 'Går ikke an å justere vinkelen på dusjhode pga ødelagt del.', '0000-00-00 00:00:00', 0),
(1258, 399, 27, NULL, 1, 0, NULL, 'Nei.', '0000-00-00 00:00:00', 0),
(1259, 399, 3, NULL, 1, 0, NULL, 'Nei.', '0000-00-00 00:00:00', 0),
(1260, 399, 26, NULL, 1, 0, NULL, 'Nei.', '0000-00-00 00:00:00', 0),
(1261, 399, 31, NULL, 2, 0, NULL, '', '0000-00-00 00:00:00', 0),
(1262, 399, 36, NULL, 3, 0, NULL, 'Radiatoren fungerer ikke.', '0000-00-00 00:00:00', 0),
(1263, 399, 10, NULL, 3, 0, NULL, 'Mangler en del.', '0000-00-00 00:00:00', 0),
(1264, 399, 11, NULL, 3, 0, NULL, 'Nei, disse er dårlige og må fikses.', '0000-00-00 00:00:00', 0),
(1265, 400, 1, NULL, 3, 0, NULL, 'Vasken lager lyder om kvelden og er hard å skru på. ', '0000-00-00 00:00:00', 0),
(1266, 400, 2, NULL, 1, 1, NULL, 'Har ikke hyller under vasken.', '2013-08-30 00:59:54', 471),
(1267, 401, 3, NULL, 1, 0, NULL, 'ikke nye taklampe, lampen over vasken fungerer ikke', '0000-00-00 00:00:00', 0),
(1268, 401, 29, NULL, 1, 0, NULL, 'skitten tapet med endel hull', '0000-00-00 00:00:00', 0),
(1269, 402, 23, NULL, 2, 0, NULL, 'Har ikke benkplate', '0000-00-00 00:00:00', 0),
(1270, 403, 3, NULL, 1, 0, NULL, 'Gammel', '0000-00-00 00:00:00', 0),
(1271, 404, 29, NULL, 1, 0, NULL, 'Flekkete maling på veggene og list over radiator', '0000-00-00 00:00:00', 0),
(1272, 406, 22, NULL, 3, 0, NULL, 'Fungerer ikke. Hører ingenting når jeg prater med andre, mens andre hører meg.', '0000-00-00 00:00:00', 0),
(1273, 407, 24, NULL, 3, 0, NULL, 'Ja', '0000-00-00 00:00:00', 0),
(1274, 408, 6, NULL, 1, 0, NULL, 'Ja! alltid på vei opp og igjen. Må lakkeres eller så burde skruene justeres slik at det ikke skjer lenger. evt smøre noe greier', '0000-00-00 00:00:00', 0),
(1275, 409, 7, NULL, 2, 0, NULL, 'litt stygg innvendig men funker', '0000-00-00 00:00:00', 0),
(1276, 410, 22, NULL, 3, 0, NULL, 'telefonene fungere ikke. problemet er koblingen i veggen.', '0000-00-00 00:00:00', 0),
(1277, 411, 3, NULL, 1, 0, NULL, 'nei. gammel og lyser dårlig!', '0000-00-00 00:00:00', 0),
(1278, 412, 37, NULL, 3, 0, NULL, 'ja :(', '0000-00-00 00:00:00', 0),
(1279, 413, 40, NULL, 3, 0, NULL, 'ja. vinduene er ikke tette. ', '0000-00-00 00:00:00', 0),
(1280, 414, 28, NULL, 3, 0, NULL, 'nei', '0000-00-00 00:00:00', 0),
(1281, 415, 23, NULL, 2, 0, NULL, 'Døren under vasken har fortsatt ikke blitt fikset.', '0000-00-00 00:00:00', 0),
(1282, 416, 26, NULL, 1, 0, NULL, 'nei', '0000-00-00 00:00:00', 0),
(1283, 417, 24, NULL, 3, 0, NULL, 'Vasken er så godt som tett', '0000-00-00 00:00:00', 0),
(1284, 418, 1, NULL, 3, 0, NULL, 'Vasken drypper', '0000-00-00 00:00:00', 0),
(1285, 418, 15, NULL, 3, 0, NULL, 'Dusjen er skeivt montert. Spruter derfor vann ut på baderomsgulvet.', '0000-00-00 00:00:00', 0),
(1286, 418, 27, NULL, 1, 0, NULL, 'Nei', '0000-00-00 00:00:00', 0),
(1287, 418, 10, NULL, 3, 0, NULL, 'Noen av sprossene er litt løse.', '0000-00-00 00:00:00', 0),
(1288, 418, 39, NULL, 3, 0, NULL, 'Ja. Et vindu er punktert.', '0000-00-00 00:00:00', 0),
(1289, 418, 40, NULL, 3, 0, NULL, 'Ja.', '0000-00-00 00:00:00', 0),
(1290, 419, 28, NULL, 3, 0, NULL, '', '0000-00-00 00:00:00', 0),
(1291, 419, 21, NULL, 3, 0, NULL, '', '0000-00-00 00:00:00', 0),
(1292, 419, 26, NULL, 1, 0, NULL, 'Skal det være hyller som &quot;følger med&quot; rommet? For nei, det er det ikke', '0000-00-00 00:00:00', 0),
(1293, 421, 5, NULL, 2, 0, NULL, 'nei, det er en markant glippe mellom karm og dør', '0000-00-00 00:00:00', 0),
(1294, 422, 38, NULL, 1, 0, NULL, 'Begynner å falle av', '0000-00-00 00:00:00', 0),
(1295, 423, 1, NULL, 3, 0, NULL, 'nei, noe slitasje, men kan neglisjeres', '0000-00-00 00:00:00', 0),
(1296, 423, 2, NULL, 1, 0, NULL, 'nei', '0000-00-00 00:00:00', 0),
(1297, 423, 14, NULL, 3, 0, NULL, '', '0000-00-00 00:00:00', 0),
(1298, 423, 23, NULL, 2, 0, NULL, 'ja', '0000-00-00 00:00:00', 0),
(1299, 423, 24, NULL, 3, 0, NULL, 'nei', '0000-00-00 00:00:00', 0),
(1300, 423, 32, NULL, 1, 0, NULL, 'ja', '0000-00-00 00:00:00', 0),
(1301, 423, 34, NULL, 1, 0, NULL, 'ja', '0000-00-00 00:00:00', 0),
(1302, 423, 27, NULL, 1, 0, NULL, 'ja', '0000-00-00 00:00:00', 0),
(1303, 423, 28, NULL, 3, 0, NULL, 'ja', '0000-00-00 00:00:00', 0),
(1304, 423, 5, NULL, 2, 0, NULL, 'ja', '0000-00-00 00:00:00', 0),
(1305, 423, 6, NULL, 1, 0, NULL, 'nei', '0000-00-00 00:00:00', 0),
(1306, 423, 7, NULL, 2, 0, NULL, 'nei', '0000-00-00 00:00:00', 0),
(1307, 423, 8, NULL, 1, 0, NULL, 'gammel...', '0000-00-00 00:00:00', 0),
(1308, 423, 9, NULL, 1, 0, NULL, 'lukker døra sakte men ikke helt igjen', '0000-00-00 00:00:00', 0),
(1309, 423, 33, NULL, 1, 0, NULL, 'ja', '0000-00-00 00:00:00', 0),
(1310, 423, 38, NULL, 1, 0, NULL, 'ja', '0000-00-00 00:00:00', 0),
(1311, 423, 20, NULL, 3, 0, NULL, 'ja', '0000-00-00 00:00:00', 0),
(1312, 423, 21, NULL, 3, 0, NULL, 'ja', '0000-00-00 00:00:00', 0),
(1313, 423, 22, NULL, 3, 0, NULL, 'nei, men bruker bare mobil.', '0000-00-00 00:00:00', 0),
(1314, 423, 3, NULL, 1, 0, NULL, 'nei, tror ikke det', '0000-00-00 00:00:00', 0),
(1315, 423, 4, NULL, 2, 0, NULL, 'ja', '0000-00-00 00:00:00', 0),
(1316, 423, 25, NULL, 1, 0, NULL, 'nei', '0000-00-00 00:00:00', 0),
(1317, 423, 26, NULL, 1, 1, NULL, 'ja', '2015-02-06 10:38:51', 427),
(1318, 423, 29, NULL, 1, 0, NULL, 'hull fra malerier fra tidligere beboere.', '0000-00-00 00:00:00', 0),
(1319, 423, 30, NULL, 1, 0, NULL, 'nei', '0000-00-00 00:00:00', 0),
(1320, 423, 31, NULL, 2, 0, NULL, 'mindre riper', '0000-00-00 00:00:00', 0),
(1321, 423, 36, NULL, 3, 0, NULL, 'ja', '0000-00-00 00:00:00', 0),
(1322, 423, 37, NULL, 3, 0, NULL, 'blir en del susing, høres ut som vann som renner... men er ikke alltid, bare når den går for fullt.', '0000-00-00 00:00:00', 0),
(1323, 423, 42, NULL, 2, 0, NULL, 'har bare en på siden, den henger som bare det, og gir dårlig leselys. ', '0000-00-00 00:00:00', 0),
(1324, 423, 10, NULL, 3, 0, NULL, 'njahar spikre enda.', '0000-00-00 00:00:00', 0),
(1325, 423, 11, NULL, 3, 0, NULL, 'ja', '0000-00-00 00:00:00', 0),
(1326, 423, 12, NULL, 3, 0, NULL, 'ja sånn noenlunde.', '0000-00-00 00:00:00', 0),
(1327, 423, 13, NULL, 3, 0, NULL, 'nei', '0000-00-00 00:00:00', 0),
(1328, 423, 17, NULL, 2, 0, NULL, 'ja', '0000-00-00 00:00:00', 0),
(1329, 423, 18, NULL, 2, 1, NULL, 'ja', '2015-02-06 10:38:09', 427),
(1330, 423, 19, NULL, 1, 0, NULL, '', '0000-00-00 00:00:00', 0),
(1331, 424, 36, NULL, 3, 0, NULL, 'Radiatoren min står på full guffe uavhengig av instilling.', '0000-00-00 00:00:00', 0),
(1332, 425, 2, NULL, 1, 0, NULL, 'Begge skapdørene er ødelagte.', '0000-00-00 00:00:00', 0),
(1333, 426, 2, NULL, 1, 0, NULL, 'har ikke hyller der, men ønsker det sterkt!', '0000-00-00 00:00:00', 0),
(1334, 426, 23, NULL, 2, 0, NULL, 'Slitt', '0000-00-00 00:00:00', 0),
(1335, 426, 22, NULL, 3, 0, NULL, 'telefon funker ikke!! trenger telefon asap!. koblingspunktet i veggen er malt inni. ', '0000-00-00 00:00:00', 0),
(1336, 426, 3, NULL, 1, 0, NULL, 'gammel og stygg', '0000-00-00 00:00:00', 0),
(1337, 426, 31, NULL, 2, 0, NULL, '', '0000-00-00 00:00:00', 0),
(1338, 426, 40, NULL, 3, 0, NULL, 'dugg mellom rutene.. de burde byttes', '0000-00-00 00:00:00', 0),
(1339, 427, 7, NULL, 2, 0, NULL, 'Litt avflassing på innsiden', '0000-00-00 00:00:00', 0),
(1340, 428, 23, NULL, 2, 0, NULL, 'Døren under vasken har falt av, ble fikset, men det holdt ikke.', '0000-00-00 00:00:00', 0),
(1341, 428, 3, NULL, 1, 0, NULL, 'nei', '0000-00-00 00:00:00', 0),
(1342, 428, 4, NULL, 2, 0, NULL, 'Skapdør under vasken har falt av', '0000-00-00 00:00:00', 0),
(1343, 428, 31, NULL, 2, 0, NULL, 'Svarte ringer i gulvet', '0000-00-00 00:00:00', 0),
(1344, 429, 2, NULL, 1, 0, NULL, '', '0000-00-00 00:00:00', 0),
(1345, 429, 24, NULL, 3, 0, NULL, 'Lyd fra luft som slipper ut når noen andre rom tapper vann, i tillegg til at vannet bruker veldig lang tid på å renne ned', '0000-00-00 00:00:00', 0),
(1346, 430, 26, NULL, 1, 0, NULL, 'nei', '0000-00-00 00:00:00', 0),
(1347, 431, 18, NULL, 2, 0, NULL, 'har ikke fått opp gardin etter rommet ble pusset opp', '0000-00-00 00:00:00', 0),
(1348, 432, 13, NULL, 3, 0, NULL, 'skulle gjerne hatt noe nå snart...', '0000-00-00 00:00:00', 0),
(1349, 433, 24, NULL, 3, 0, NULL, 'Vasken lekker litt, når en skrur om krana renner det vann ut ved &quot;foten&quot; av vannkrana', '0000-00-00 00:00:00', 0),
(1350, 434, 11, NULL, 3, 0, NULL, 'Trekker fra vinduene, brudd på tettningslisten', '0000-00-00 00:00:00', 0),
(1351, 435, 12, NULL, 3, 0, NULL, 'Låsene på det ene vinduet er veldig harde.', '0000-00-00 00:00:00', 0),
(1352, 436, 10, NULL, 3, 0, NULL, 'mangler et par fester på vinduet mot barneskolen', '0000-00-00 00:00:00', 0),
(1353, 437, 22, NULL, 3, 0, NULL, 'mangler telefon', '0000-00-00 00:00:00', 0),
(1354, 437, 10, NULL, 3, 0, NULL, 'mangler et par fester på vinduet mot barneskolen', '0000-00-00 00:00:00', 0),
(1355, 438, 7, NULL, 2, 0, NULL, 'Ja', '0000-00-00 00:00:00', 0),
(1356, 439, 2, NULL, 1, 0, NULL, 'vil gjerne ha hyller', '0000-00-00 00:00:00', 0),
(1357, 439, 23, NULL, 2, 0, NULL, 'sliten og stygg', '0000-00-00 00:00:00', 0),
(1358, 439, 34, NULL, 1, 0, NULL, '', '0000-00-00 00:00:00', 0),
(1359, 439, 6, NULL, 1, 0, NULL, 'Ja, men mindre enn før', '0000-00-00 00:00:00', 0),
(1360, 439, 7, NULL, 2, 0, NULL, 'stygg, men funker', '0000-00-00 00:00:00', 0),
(1361, 439, 33, NULL, 1, 0, NULL, '', '0000-00-00 00:00:00', 0),
(1362, 439, 22, NULL, 3, 0, NULL, 'nei. fungerer ikke', '0000-00-00 00:00:00', 0),
(1363, 439, 3, NULL, 1, 0, NULL, 'nei', '0000-00-00 00:00:00', 0),
(1364, 439, 4, NULL, 2, 0, NULL, 'litt slitt i kanter', '0000-00-00 00:00:00', 0),
(1365, 439, 29, NULL, 1, 0, NULL, 'en del hull og rosa med gråtone', '0000-00-00 00:00:00', 0),
(1366, 439, 31, NULL, 2, 0, NULL, 'noe stygge merker i gulvet', '0000-00-00 00:00:00', 0),
(1367, 439, 42, NULL, 2, 0, NULL, '', '0000-00-00 00:00:00', 0),
(1368, 439, 10, NULL, 3, 0, NULL, 'mangler til noen', '0000-00-00 00:00:00', 0),
(1369, 439, 13, NULL, 3, 0, NULL, 'skruegreia funker ikke', '0000-00-00 00:00:00', 0),
(1370, 439, 17, NULL, 2, 0, NULL, '', '0000-00-00 00:00:00', 0),
(1371, 440, 2, NULL, 1, 0, NULL, 'Det er ingen hyller ved vasken.', '0000-00-00 00:00:00', 0),
(1372, 440, 27, NULL, 1, 0, NULL, 'Nei', '0000-00-00 00:00:00', 0),
(1373, 440, 5, NULL, 2, 0, NULL, 'Skraper litt.', '0000-00-00 00:00:00', 0),
(1374, 440, 6, NULL, 1, 0, NULL, 'Litt', '0000-00-00 00:00:00', 0),
(1375, 440, 7, NULL, 2, 0, NULL, 'Slitt dør.', '0000-00-00 00:00:00', 0),
(1376, 440, 3, NULL, 1, 0, NULL, 'Nei', '0000-00-00 00:00:00', 0),
(1377, 440, 31, NULL, 2, 0, NULL, 'Slitt linoleum', '0000-00-00 00:00:00', 0),
(1378, 442, 1, NULL, 3, 0, NULL, 'hull på høyre siden av vasken', '0000-00-00 00:00:00', 0),
(1379, 443, 3, NULL, 1, 0, NULL, 'ja', '0000-00-00 00:00:00', 0),
(1380, 444, 2, NULL, 1, 0, NULL, 'dørene på skapene faller av.', '0000-00-00 00:00:00', 0),
(1381, 444, 23, NULL, 2, 0, NULL, 'litt slitt.', '0000-00-00 00:00:00', 0),
(1382, 444, 24, NULL, 3, 0, NULL, 'vannet drenerer litt sakte', '0000-00-00 00:00:00', 0),
(1383, 444, 7, NULL, 2, 0, NULL, 'litt stygg', '0000-00-00 00:00:00', 0),
(1384, 444, 4, NULL, 2, 0, NULL, 'Skapdørene faller av og det mangler ett håndtak.', '0000-00-00 00:00:00', 0),
(1385, 444, 29, NULL, 1, 0, NULL, 'Stygg vegg. ', '0000-00-00 00:00:00', 0),
(1386, 444, 42, NULL, 2, 0, NULL, 'Det ene lyset er ødelagt.', '0000-00-00 00:00:00', 0),
(1387, 444, 10, NULL, 3, 0, NULL, 'Få fester. De sitter dårlig fast.', '0000-00-00 00:00:00', 0),
(1388, 445, 22, NULL, 3, 0, NULL, 'Telefonen fungerer ikke! Den har bzz-tone når du tar av røret, men du kan ikke ringe.', '0000-00-00 00:00:00', 0),
(1389, 446, 7, NULL, 2, 0, NULL, 'Noen merker på nedre del av dør + list', '0000-00-00 00:00:00', 0),
(1390, 446, 20, NULL, 3, 0, NULL, 'Det ene uttaket sitter løst, er ikke festet til veggen.', '0000-00-00 00:00:00', 0),
(1391, 446, 12, NULL, 3, 0, NULL, 'Den ene låsearmen sitter løst, tror festet/gjengene er ødelagt.', '0000-00-00 00:00:00', 0),
(1392, 447, 28, NULL, 3, 0, NULL, 'Nei', '0000-00-00 00:00:00', 0),
(1393, 449, 1, NULL, 3, 0, NULL, 'Skitten vask og en ujevn fug med noe sprekker i fugen. Ingen synlige sprekker eller skader på selve vasken', '0000-00-00 00:00:00', 0),
(1394, 449, 2, NULL, 1, 0, NULL, 'Øverste hylle er meget slitt med sprekker og en ødelagt hengsel. Nedre skap er også meget slitt med sprekker i malingen', '0000-00-00 00:00:00', 0),
(1395, 449, 32, NULL, 1, 0, NULL, 'Noen små riper og merker', '0000-00-00 00:00:00', 0),
(1396, 449, 27, NULL, 1, 0, NULL, 'nei ', '0000-00-00 00:00:00', 0),
(1397, 449, 28, NULL, 3, 0, NULL, 'Nei', '0000-00-00 00:00:00', 0),
(1398, 449, 7, NULL, 2, 0, NULL, 'merker og avflasset maling innvendig og utvendig', '0000-00-00 00:00:00', 0),
(1399, 449, 20, NULL, 3, 0, NULL, 'noen løse deksler', '0000-00-00 00:00:00', 0),
(1400, 449, 4, NULL, 2, 0, NULL, 'Noen få merker, det ene hengslet er løst', '0000-00-00 00:00:00', 0),
(1401, 449, 29, NULL, 1, 0, NULL, 'Generelt skittent og mye merker, noe avflasset maling/hull i tapet. En haug med skruehull', '0000-00-00 00:00:00', 0),
(1402, 449, 30, NULL, 1, 0, NULL, 'Noen få merker/flekker', '0000-00-00 00:00:00', 0),
(1403, 449, 31, NULL, 2, 0, NULL, 'Noen få merker', '0000-00-00 00:00:00', 0),
(1404, 449, 12, NULL, 3, 0, NULL, 'SItter generelt dårlig, den ene er nesten umulig å lukke/åpne', '0000-00-00 00:00:00', 0),
(1405, 449, 17, NULL, 2, 0, NULL, 'Jupp, men noen hull i rullgardinen', '0000-00-00 00:00:00', 0),
(1406, 450, 22, NULL, 3, 0, NULL, 'Telefonen fungerer ikke', '0000-00-00 00:00:00', 0),
(1407, 451, 5, NULL, 2, 0, NULL, 'Som Sindre noterte, glippe nede til høyre. Dørhåndtaket har ingen funksjon. Døra går ikke ordentlig igjen.', '0000-00-00 00:00:00', 0),
(1408, 452, 3, NULL, 1, 0, NULL, 'Gammel taklampe(hørte de skulle byttes?)', '0000-00-00 00:00:00', 0),
(1409, 454, 3, NULL, 1, 0, NULL, 'Gammel taklampe', '0000-00-00 00:00:00', 0),
(1410, 455, 3, NULL, 1, 0, NULL, 'hovedlampen har veldig svakt lys', '0000-00-00 00:00:00', 0),
(1411, 456, 3, NULL, 1, 0, NULL, 'gammel taklampe', '0000-00-00 00:00:00', 0),
(1412, 457, 25, NULL, 1, 0, NULL, 'nei, men fargene på gulvlistene og taklistene har forskjellige farger', '0000-00-00 00:00:00', 0),
(1413, 458, 33, NULL, 1, 0, NULL, 'Mangler fortsatt kleskroker på  døra', '0000-00-00 00:00:00', 0),
(1414, 459, 24, NULL, 3, 0, NULL, 'samme som over + at blandebatteriet er &quot;omvendt&quot;, kaldt vann og varmt vann er byttet om', '0000-00-00 00:00:00', 0),
(1415, 460, 4, NULL, 2, 0, NULL, 'et ødelagt feste på den ene skapdøren', '0000-00-00 00:00:00', 0),
(1416, 461, 26, NULL, 1, 0, NULL, '', '0000-00-00 00:00:00', 0),
(1417, 461, 11, NULL, 3, 0, NULL, 'listen er løs nederst på det ene vinduet', '0000-00-00 00:00:00', 0),
(1418, 461, 12, NULL, 3, 0, NULL, 'en av vinduslåsene er knukket, får ikke lukket vinduet ordentlig', '0000-00-00 00:00:00', 0),
(1419, 462, 18, NULL, 2, 0, NULL, 'har bare et gardinfeste', '0000-00-00 00:00:00', 0),
(1420, 463, 19, NULL, 1, 0, NULL, 'har ikke gardinstenger, og ikke gardiner', '0000-00-00 00:00:00', 0),
(1421, 464, 42, NULL, 2, 0, NULL, 'Bryteren til lyset over vasken fungerer ikke', '0000-00-00 00:00:00', 0),
(1422, 465, 5, NULL, 2, 0, NULL, 'Den er litt vanskelig å få opp', '0000-00-00 00:00:00', 0),
(1423, 465, 7, NULL, 2, 0, NULL, 'Mye slitasjemerker, spesielt på nedre halvdel av dør.', '0000-00-00 00:00:00', 0),
(1424, 465, 29, NULL, 1, 0, NULL, '', '0000-00-00 00:00:00', 0),
(1425, 465, 31, NULL, 2, 0, NULL, 'Rimelig slitt gulv med mange merker', '0000-00-00 00:00:00', 0),
(1426, 466, 3, NULL, 1, 0, NULL, 'Nei.', '0000-00-00 00:00:00', 0),
(1427, 466, 29, NULL, 1, 0, NULL, 'Flere skruehull.', '0000-00-00 00:00:00', 0),
(1428, 466, 17, NULL, 2, 0, NULL, 'Reguleringsmekanismen er i ustand.', '0000-00-00 00:00:00', 0),
(1429, 467, 7, NULL, 2, 0, NULL, 'Flassete innenfor', '0000-00-00 00:00:00', 0),
(1430, 469, 26, NULL, 1, 0, NULL, 'har hyller, men de er ikke satt opp på veggen', '0000-00-00 00:00:00', 0),
(1431, 470, 2, NULL, 1, 0, NULL, 'Ingen hyller', '0000-00-00 00:00:00', 0),
(1432, 471, 17, NULL, 2, 0, NULL, 'snorfestet er løst', '0000-00-00 00:00:00', 0),
(1433, 472, 2, NULL, 1, 0, NULL, 'Ingen hyller', '0000-00-00 00:00:00', 0),
(1434, 473, 23, NULL, 2, 0, NULL, 'Skapdør under vasken har falt av', '0000-00-00 00:00:00', 0),
(1435, 474, 24, NULL, 3, 0, NULL, 'Vasken lager klukkelyder hele tiden', '0000-00-00 00:00:00', 0),
(1436, 475, 3, NULL, 1, 0, NULL, 'nei', '0000-00-00 00:00:00', 0),
(1437, 476, 4, NULL, 2, 0, NULL, 'skapdør under vasken har falt av', '0000-00-00 00:00:00', 0),
(1438, 477, 10, NULL, 3, 0, NULL, '', '0000-00-00 00:00:00', 0),
(1439, 477, 12, NULL, 3, 0, NULL, '', '0000-00-00 00:00:00', 0),
(1440, 477, 13, NULL, 3, 0, NULL, 'nei, fungerer ikke. Går ikke an å skru fast', '0000-00-00 00:00:00', 0),
(1441, 479, 29, NULL, 1, 0, NULL, 'Det er to sprekker over hvert vindu.', '0000-00-00 00:00:00', 0),
(1442, 481, 28, NULL, 3, 0, NULL, 'Har ikke brannskilt', '0000-00-00 00:00:00', 0),
(1443, 482, 9, NULL, 1, 0, NULL, 'Nei. ', '0000-00-00 00:00:00', 0),
(1444, 483, 1, NULL, 3, 0, NULL, '', '0000-00-00 00:00:00', 0),
(1445, 483, 24, NULL, 3, 0, NULL, 'vasken lekker fremdeles litt, vannet renner fra &quot;foten&quot; og drypper av og til', '0000-00-00 00:00:00', 0),
(1446, 483, 8, NULL, 1, 0, NULL, 'vet ikke om den er gammel eller ny, men den ene skruen har falt ut.', '0000-00-00 00:00:00', 0),
(1447, 483, 3, NULL, 1, 0, NULL, 'taklampen mangler skjerm', '0000-00-00 00:00:00', 0),
(1448, 484, 31, NULL, 2, 0, NULL, 'Begynner å sprekke opp i skjøten', '0000-00-00 00:00:00', 0),
(1449, 485, 2, NULL, 1, 0, NULL, 'Ingen hyller. Den ene døren under vasken er dårlig. ', '0000-00-00 00:00:00', 0),
(1450, 485, 23, NULL, 2, 0, NULL, 'Den er liten og ikke særlig pen.', '0000-00-00 00:00:00', 0),
(1451, 485, 6, NULL, 1, 0, NULL, 'Ja!', '0000-00-00 00:00:00', 0),
(1452, 485, 3, NULL, 1, 0, NULL, 'Gir lite og dårlig lys.', '0000-00-00 00:00:00', 0),
(1453, 485, 36, NULL, 3, 0, NULL, 'NEI!! Det er kaldt her hele tiden.', '0000-00-00 00:00:00', 0),
(1454, 486, 1, NULL, 3, 0, NULL, '', '0000-00-00 00:00:00', 0),
(1455, 486, 28, NULL, 3, 0, NULL, 'Tatt ned uvisst tidspunkt', '0000-00-00 00:00:00', 0),
(1456, 486, 22, NULL, 3, 0, NULL, 'samme feil som før. Ledning henger løst, ikke festet til noe, ingen koblingsmulighet til telefon.', '0000-00-00 00:00:00', 0),
(1457, 487, 35, NULL, 3, 0, NULL, 'Mangler et stykk. ', '0000-00-00 00:00:00', 0),
(1458, 488, 31, NULL, 2, 0, NULL, 'Gulvet ser helt jævlig ut...', '0000-00-00 00:00:00', 0),
(1459, 489, 1, NULL, 3, 0, NULL, 'Sprekk i vasken', '0000-00-00 00:00:00', 0),
(1460, 490, 3, NULL, 1, 0, NULL, 'Ja', '0000-00-00 00:00:00', 0),
(1461, 491, 29, NULL, 1, 0, NULL, 'Nei, oppusset januar 2015', '0000-00-00 00:00:00', 0),
(1462, 492, 31, NULL, 2, 0, NULL, 'Nei, ny laminat på gulv', '0000-00-00 00:00:00', 0),
(1463, 493, 17, NULL, 2, 0, NULL, 'Har rullegardin', '0000-00-00 00:00:00', 0),
(1464, 494, 35, NULL, 3, 0, NULL, 'Nei, ikke etter malearbeid H2014', '0000-00-00 00:00:00', 0),
(1465, 496, 42, NULL, 2, 0, NULL, 'Mangler', '0000-00-00 00:00:00', 0),
(1466, 497, 26, NULL, 1, 0, NULL, 'Nei, ingen hyller unntatt én ved vasken', '0000-00-00 00:00:00', 0),
(1467, 498, 5, NULL, 2, 0, NULL, 'Døren må løftes opp for å låse, det er ganske vanskelig', '0000-00-00 00:00:00', 0),
(1468, 498, 4, NULL, 2, 0, NULL, 'Nei, en dør har falt av, og magnetene er dårlige, så vanskelig å lukke store skap og de under vasken.', '0000-00-00 00:00:00', 0),
(1469, 498, 25, NULL, 1, 0, NULL, 'Nei, men bare halvparten av listene er malt.', '0000-00-00 00:00:00', 0),
(1470, 498, 31, NULL, 2, 0, NULL, 'Ja, småhull, riper og malingsflekker', '0000-00-00 00:00:00', 0),
(1471, 499, 39, NULL, 3, 0, NULL, 'Ja, på utsiden.', '0000-00-00 00:00:00', 0),
(1472, 500, 36, NULL, 3, 0, NULL, 'Konstant varmt', '0000-00-00 00:00:00', 0),
(1473, 501, 12, NULL, 3, 0, NULL, 'Nei.', '0000-00-00 00:00:00', 0),
(1474, 502, 5, NULL, 2, 0, NULL, 'Innerdøra sitter litt fast i gulvet', '0000-00-00 00:00:00', 0),
(1475, 503, 25, NULL, 1, 0, NULL, 'Mangler list rundt vindu på soverom', '0000-00-00 00:00:00', 0),
(1476, 504, 13, NULL, 3, 0, NULL, 'Mangler en ende', '0000-00-00 00:00:00', 0),
(1477, 505, 9, NULL, 1, 0, NULL, 'Dørpumpa fungerer ikke. Har pumpe, men den er ikke festet til veggen', '0000-00-00 00:00:00', 0),
(1478, 506, 20, NULL, 3, 0, NULL, 'Kontakt på vestveggen har en avbrekt støpsel i seg', '0000-00-00 00:00:00', 0),
(1479, 506, 4, NULL, 2, 0, NULL, 'Skapdør over vasken er løs', '0000-00-00 00:00:00', 0),
(1480, 507, 6, NULL, 1, 0, NULL, 'Litt ', '0000-00-00 00:00:00', 0),
(1481, 507, 7, NULL, 2, 0, NULL, 'Begynner å bli litt sliten', '0000-00-00 00:00:00', 0),
(1482, 507, 3, NULL, 1, 0, NULL, 'Dårlig styrke på lyset, lyser nesten ikke', '0000-00-00 00:00:00', 0),
(1483, 507, 31, NULL, 2, 0, NULL, 'Noen få små hull, men ikke noe store greier ', '0000-00-00 00:00:00', 0),
(1484, 508, 6, NULL, 1, 0, NULL, 'Litt ', '0000-00-00 00:00:00', 0),
(1485, 508, 7, NULL, 2, 0, NULL, 'Begynner å bli litt sliten', '0000-00-00 00:00:00', 0),
(1486, 508, 3, NULL, 1, 0, NULL, 'Dårlig styrke på lyset, lyser nesten ikke', '0000-00-00 00:00:00', 0),
(1487, 509, 7, NULL, 2, 0, NULL, 'Begynner å bli litt sliten', '0000-00-00 00:00:00', 0),
(1488, 509, 3, NULL, 1, 0, NULL, 'Dårlig styrke på lyset, lyser nesten ikke', '0000-00-00 00:00:00', 0),
(1489, 511, 24, NULL, 3, 0, NULL, 'Nesten tett, vannet renner veldig sent gjennom sluket', '0000-00-00 00:00:00', 0),
(1490, 512, 42, NULL, 2, 0, NULL, 'Lyset over vasken funker ikke.', '0000-00-00 00:00:00', 0),
(1491, 513, 12, NULL, 3, 0, NULL, 'En er veldig stram', '0000-00-00 00:00:00', 0),
(1492, 514, 29, NULL, 1, 0, NULL, 'Sparkelflekker, men kan leve med det. ', '0000-00-00 00:00:00', 0),
(1493, 515, 13, NULL, 3, 0, NULL, 'Denne fungerer ikke. Ønsket at fikses snarest!', '0000-00-00 00:00:00', 0),
(1494, 516, 1, NULL, 3, 0, NULL, 'Nei', '0000-00-00 00:00:00', 0),
(1495, 516, 2, NULL, 1, 0, NULL, 'Hyllene under og over trenger maling/skifts ut', '0000-00-00 00:00:00', 0),
(1496, 516, 23, NULL, 2, 0, NULL, 'Tre og gammaldags, ok ellers', '0000-00-00 00:00:00', 0),
(1497, 516, 24, NULL, 3, 0, NULL, 'nei', '0000-00-00 00:00:00', 0),
(1498, 516, 32, NULL, 1, 0, NULL, 'ja', '0000-00-00 00:00:00', 0),
(1499, 516, 34, NULL, 1, 0, NULL, 'ja', '0000-00-00 00:00:00', 0),
(1500, 516, 27, NULL, 1, 0, NULL, 'nei', '0000-00-00 00:00:00', 0),
(1501, 516, 28, NULL, 3, 0, NULL, 'ja', '0000-00-00 00:00:00', 0),
(1502, 516, 5, NULL, 2, 0, NULL, 'nei, stopper rett f', '0000-00-00 00:00:00', 0),
(1503, 516, 6, NULL, 1, 0, NULL, 'nei', '0000-00-00 00:00:00', 0),
(1504, 516, 7, NULL, 2, 0, NULL, 'ja', '0000-00-00 00:00:00', 0),
(1505, 516, 9, NULL, 1, 0, NULL, 'ja', '0000-00-00 00:00:00', 0),
(1506, 516, 33, NULL, 1, 0, NULL, 'ja', '0000-00-00 00:00:00', 0),
(1507, 516, 38, NULL, 1, 0, NULL, 'ja', '0000-00-00 00:00:00', 0),
(1508, 516, 20, NULL, 3, 0, NULL, 'ja', '0000-00-00 00:00:00', 0),
(1509, 516, 21, NULL, 3, 0, NULL, 'ja', '0000-00-00 00:00:00', 0),
(1510, 516, 22, NULL, 3, 0, NULL, 'ja', '0000-00-00 00:00:00', 0),
(1511, 516, 3, NULL, 1, 0, NULL, 'nei', '0000-00-00 00:00:00', 0),
(1512, 516, 4, NULL, 2, 0, NULL, 'nei', '0000-00-00 00:00:00', 0),
(1513, 516, 25, NULL, 1, 0, NULL, 'nei', '0000-00-00 00:00:00', 0),
(1514, 516, 26, NULL, 1, 0, NULL, 'ja', '0000-00-00 00:00:00', 0),
(1515, 516, 29, NULL, 1, 0, NULL, 'ja', '0000-00-00 00:00:00', 0),
(1516, 516, 30, NULL, 1, 0, NULL, 'ja', '0000-00-00 00:00:00', 0),
(1517, 516, 31, NULL, 2, 0, NULL, 'ja, svarte flekker', '0000-00-00 00:00:00', 0),
(1518, 516, 36, NULL, 3, 0, NULL, 'ja', '0000-00-00 00:00:00', 0),
(1519, 516, 37, NULL, 3, 0, NULL, 'nei', '0000-00-00 00:00:00', 0),
(1520, 516, 42, NULL, 2, 0, NULL, 'ja', '0000-00-00 00:00:00', 0),
(1521, 516, 10, NULL, 3, 0, NULL, 'ja', '0000-00-00 00:00:00', 0),
(1522, 516, 11, NULL, 3, 0, NULL, 'ja', '0000-00-00 00:00:00', 0),
(1523, 516, 12, NULL, 3, 0, NULL, 'nei, er veldig vanskelig', '0000-00-00 00:00:00', 0),
(1524, 516, 13, NULL, 3, 0, NULL, 'nei', '0000-00-00 00:00:00', 0),
(1525, 516, 17, NULL, 2, 0, NULL, 'ja', '0000-00-00 00:00:00', 0),
(1526, 516, 18, NULL, 2, 0, NULL, 'ja', '0000-00-00 00:00:00', 0),
(1527, 516, 19, NULL, 1, 0, NULL, '', '0000-00-00 00:00:00', 0),
(1528, 516, 35, NULL, 3, 0, NULL, 'ja', '0000-00-00 00:00:00', 0),
(1529, 516, 39, NULL, 3, 0, NULL, 'nei', '0000-00-00 00:00:00', 0),
(1530, 516, 40, NULL, 3, 0, NULL, 'nei', '0000-00-00 00:00:00', 0),
(1531, 517, 2, NULL, 1, 0, NULL, 'Jeg har ikke hyller ved vasken. ', '0000-00-00 00:00:00', 0),
(1532, 517, 23, NULL, 2, 0, NULL, '', '0000-00-00 00:00:00', 0),
(1533, 518, 27, NULL, 1, 0, NULL, 'Nei', '0000-00-00 00:00:00', 0),
(1534, 519, 3, NULL, 1, 0, NULL, 'Ja', '0000-00-00 00:00:00', 0),
(1535, 520, 31, NULL, 2, 0, NULL, 'Fortsatt slitt', '0000-00-00 00:00:00', 0),
(1536, 521, 12, NULL, 3, 0, NULL, '', '0000-00-00 00:00:00', 0),
(1537, 521, 13, NULL, 3, 0, NULL, 'Nei, ikke i det hele tatt', '0000-00-00 00:00:00', 0),
(1538, 521, 17, NULL, 2, 0, NULL, 'ødelagt nederst etter hotell 2015 periode..? Henger seg fast i den ødelagte reguleringen', '0000-00-00 00:00:00', 0),
(1539, 523, 1, NULL, 3, 0, NULL, '', '0000-00-00 00:00:00', 0),
(1540, 523, 2, NULL, 1, 0, NULL, '', '0000-00-00 00:00:00', 0),
(1541, 523, 14, NULL, 3, 0, NULL, '', '0000-00-00 00:00:00', 0),
(1542, 523, 15, NULL, 3, 0, NULL, '', '0000-00-00 00:00:00', 0),
(1543, 523, 16, NULL, 3, 0, NULL, '', '0000-00-00 00:00:00', 0),
(1544, 523, 5, NULL, 2, 0, NULL, '', '0000-00-00 00:00:00', 0),
(1545, 523, 7, NULL, 2, 0, NULL, '', '0000-00-00 00:00:00', 0),
(1546, 523, 8, NULL, 1, 0, NULL, '', '0000-00-00 00:00:00', 0),
(1547, 523, 9, NULL, 1, 0, NULL, 'Dörren slår igen ganska kraftigt, hade nog varit bra om det gick att &quot;bromsa&quot; den då det låter ganska mycket om jag inte håller igen den själv. ', '0000-00-00 00:00:00', 0),
(1548, 523, 20, NULL, 3, 0, NULL, 'Nej. Inget av mina tre vägg-uttag fungerar, endast ett enda över vasken. Den ena gick sönder igår. Lite akut. ', '0000-00-00 00:00:00', 0),
(1549, 523, 21, NULL, 3, 0, NULL, '', '0000-00-00 00:00:00', 0),
(1550, 523, 31, NULL, 2, 0, NULL, 'Ja. Det är riper/hål i plastmattan/parketten. ', '0000-00-00 00:00:00', 0),
(1551, 524, 5, NULL, 2, 0, NULL, '', '0000-00-00 00:00:00', 0),
(1552, 524, 4, NULL, 2, 0, NULL, 'Blir litt gal av at døra til klesskapet og døra under vasken ikke vil lukke seg ordentlig (kunne trengt en magnetlist, men fant ikke på Ikea)', '0000-00-00 00:00:00', 0),
(1553, 525, 42, NULL, 2, 0, NULL, 'Støpselet til den ene leselampa virker ikke helt forsvarlig mtp brannsikring', '0000-00-00 00:00:00', 0),
(1554, 527, 1, NULL, 3, 0, NULL, 'Nei, men ingen propp.', '0000-00-00 00:00:00', 0),
(1555, 527, 24, NULL, 3, 0, NULL, 'Renner veldig sakte.', '0000-00-00 00:00:00', 0),
(1556, 527, 8, NULL, 1, 0, NULL, 'Veldig hard lås', '0000-00-00 00:00:00', 0),
(1557, 528, 15, NULL, 3, 0, NULL, 'Opphenget til dusjhodet er quickfix', '0000-00-00 00:00:00', 0),
(1558, 529, 14, NULL, 3, 0, NULL, 'Gammelt og skrøpelig kabinett fra 1995', '0000-00-00 00:00:00', 0),
(1559, 530, 5, NULL, 2, 0, NULL, 'Døra inn til badet går ned i gulvet. Har prøvd å bruke sandpapir, men tror døra må tas av og høvles.', '0000-00-00 00:00:00', 0),
(1560, 531, 20, NULL, 3, 0, NULL, '', '0000-00-00 00:00:00', 0),
(1561, 531, 25, NULL, 1, 0, NULL, 'Inne i sovealkoven mangler lister på gulv og det er en stor stygg &quot;overgang&quot; på veggen (har ikke innebygd seng). Generelt så er det veldig store mellomrom mellom alle lister.', '0000-00-00 00:00:00', 0),
(1562, 532, 29, NULL, 1, 0, NULL, '', '0000-00-00 00:00:00', 0),
(1563, 532, 30, NULL, 1, 0, NULL, 'Very much so inne på badet.', '0000-00-00 00:00:00', 0),
(1564, 533, 11, NULL, 3, 0, NULL, 'Mer eller mindre ikke tilstedeværende', '0000-00-00 00:00:00', 0),
(1565, 533, 12, NULL, 3, 0, NULL, '', '0000-00-00 00:00:00', 0),
(1566, 534, 5, NULL, 2, 0, NULL, 'Mangler en skikkelig tetningslist ut mot gangen', '0000-00-00 00:00:00', 0),
(1567, 535, 12, NULL, 3, 0, NULL, 'Nei tror to eller tre er helt ødelagt, så bruker ikke to av vinduene. Tror man bør pusse på selve karmen eller viinduet så vinduene skal kunne gå lettere igjen.', '0000-00-00 00:00:00', 0),
(1568, 537, 1, NULL, 3, 0, NULL, 'Noe misfarging', '0000-00-00 00:00:00', 0),
(1569, 537, 2, NULL, 1, 0, NULL, 'Nei, det er ingen. Bortsett fra den platen som vasken er i.', '0000-00-00 00:00:00', 0),
(1570, 537, 29, NULL, 1, 0, NULL, 'En del hull, ganske stygg tapet og farge', '0000-00-00 00:00:00', 0),
(1571, 537, 31, NULL, 2, 0, NULL, 'Ja, masse hull og noen svarte flekker', '0000-00-00 00:00:00', 0),
(1572, 537, 13, NULL, 3, 0, NULL, 'Nei, det går ikke an å stille inn vinduet i en låst posisjon, det bare glir opp', '0000-00-00 00:00:00', 0),
(1573, 537, 39, NULL, 3, 0, NULL, 'Ikke noe kritisk', '0000-00-00 00:00:00', 0),
(1574, 538, 1, NULL, 3, 0, NULL, 'nei', '0000-00-00 00:00:00', 0),
(1575, 538, 2, NULL, 1, 0, NULL, 'ja, men skapdørene og låsen er litt så som så.', '0000-00-00 00:00:00', 0),
(1576, 538, 23, NULL, 2, 0, NULL, 'Ja', '0000-00-00 00:00:00', 0),
(1577, 538, 24, NULL, 3, 0, NULL, 'Nei', '0000-00-00 00:00:00', 0),
(1578, 538, 32, NULL, 1, 0, NULL, 'Ja', '0000-00-00 00:00:00', 0),
(1579, 538, 34, NULL, 1, 0, NULL, 'Ja', '0000-00-00 00:00:00', 0),
(1580, 538, 27, NULL, 1, 0, NULL, 'Nei', '0000-00-00 00:00:00', 0),
(1581, 538, 28, NULL, 3, 0, NULL, 'Nei', '0000-00-00 00:00:00', 0),
(1582, 538, 5, NULL, 2, 0, NULL, 'Ja', '0000-00-00 00:00:00', 0),
(1583, 538, 6, NULL, 1, 0, NULL, 'Nei', '0000-00-00 00:00:00', 0),
(1584, 538, 7, NULL, 2, 0, NULL, 'Nei', '0000-00-00 00:00:00', 0),
(1585, 538, 8, NULL, 1, 0, NULL, 'Ny', '0000-00-00 00:00:00', 0),
(1586, 538, 9, NULL, 1, 0, NULL, 'Ja', '0000-00-00 00:00:00', 0),
(1587, 538, 33, NULL, 1, 0, NULL, 'Ja, på døren', '0000-00-00 00:00:00', 0),
(1588, 538, 38, NULL, 1, 0, NULL, 'Ja', '0000-00-00 00:00:00', 0),
(1589, 538, 20, NULL, 3, 0, NULL, 'Ja', '0000-00-00 00:00:00', 0),
(1590, 538, 21, NULL, 3, 0, NULL, 'Ja''', '0000-00-00 00:00:00', 0),
(1591, 538, 22, NULL, 3, 0, NULL, 'Ja''', '0000-00-00 00:00:00', 0),
(1592, 538, 3, NULL, 1, 0, NULL, 'Ja', '0000-00-00 00:00:00', 0),
(1593, 538, 4, NULL, 2, 0, NULL, 'Nja, de ved vaskener litt stusselig', '0000-00-00 00:00:00', 0),
(1594, 538, 25, NULL, 1, 0, NULL, 'Nei''', '0000-00-00 00:00:00', 0),
(1595, 538, 26, NULL, 1, 0, NULL, 'Ja', '0000-00-00 00:00:00', 0),
(1596, 538, 29, NULL, 1, 0, NULL, 'Ja, litt hull oh dekket ove med hvitt, mens veggen er gul', '0000-00-00 00:00:00', 0),
(1597, 538, 30, NULL, 1, 0, NULL, 'Nei', '0000-00-00 00:00:00', 0),
(1598, 538, 31, NULL, 2, 0, NULL, 'Nei', '0000-00-00 00:00:00', 0),
(1599, 538, 36, NULL, 3, 0, NULL, 'tja, ikke veldig bra', '0000-00-00 00:00:00', 0),
(1600, 538, 37, NULL, 3, 0, NULL, 'nei', '0000-00-00 00:00:00', 0),
(1601, 538, 42, NULL, 2, 0, NULL, 'Har ikke, ønsker ikke ha', '0000-00-00 00:00:00', 0),
(1602, 538, 10, NULL, 3, 0, NULL, 'Ja', '0000-00-00 00:00:00', 0),
(1603, 538, 11, NULL, 3, 0, NULL, 'Nei, enormt varmetap fra vinduet', '0000-00-00 00:00:00', 0),
(1604, 538, 12, NULL, 3, 0, NULL, 'ja', '0000-00-00 00:00:00', 0),
(1605, 538, 13, NULL, 3, 0, NULL, 'ja', '0000-00-00 00:00:00', 0),
(1606, 538, 17, NULL, 2, 0, NULL, 'ja', '0000-00-00 00:00:00', 0),
(1607, 538, 18, NULL, 2, 0, NULL, 'ja', '0000-00-00 00:00:00', 0),
(1608, 538, 19, NULL, 1, 0, NULL, 'ja', '0000-00-00 00:00:00', 0),
(1609, 538, 35, NULL, 3, 0, NULL, 'ja', '0000-00-00 00:00:00', 0),
(1610, 538, 39, NULL, 3, 0, NULL, 'nei', '0000-00-00 00:00:00', 0),
(1611, 538, 40, NULL, 3, 0, NULL, 'nei', '0000-00-00 00:00:00', 0),
(1612, 539, 4, NULL, 2, 0, NULL, 'dørhåndtak på skap til venstre under vasken er løs', '0000-00-00 00:00:00', 0),
(1613, 540, 31, NULL, 2, 0, NULL, 'Ja, gulvet ser ikke bra ut!', '0000-00-00 00:00:00', 0),
(1614, 541, 36, NULL, 3, 0, NULL, 'Får ikke radiatoren til å fungere.', '0000-00-00 00:00:00', 0),
(1615, 542, 22, NULL, 3, 0, NULL, 'Det var ingen telefon på rommet når jeg flytta inn.', '0000-00-00 00:00:00', 0),
(1616, 542, 26, NULL, 1, 0, NULL, 'Er ingen hyller på rommet.', '0000-00-00 00:00:00', 0);

-- --------------------------------------------------------

--
-- Table structure for table `rolle`
--

CREATE TABLE IF NOT EXISTS `rolle` (
  `id` int(10) unsigned NOT NULL AUTO_INCREMENT,
  `navn` varchar(20) CHARACTER SET latin1 NOT NULL,
  `regitimer` tinyint(3) unsigned DEFAULT '0',
  `vakter_h` tinyint(3) unsigned NOT NULL DEFAULT '0',
  `vakter_v` tinyint(3) unsigned NOT NULL DEFAULT '0',
  PRIMARY KEY (`id`),
  UNIQUE KEY `navn` (`navn`)
) ENGINE=InnoDB  DEFAULT CHARSET=utf8 COLLATE=utf8_unicode_ci AUTO_INCREMENT=4 ;

--
-- Dumping data for table `rolle`
--

INSERT INTO `rolle` (`id`, `navn`, `regitimer`, `vakter_h`, `vakter_v`) VALUES
(1, 'Halv vakt/regi', 18, 5, 6),
(2, 'Full vakt', 0, 8, 9),
(3, 'Full regi', 48, 0, 0);

-- --------------------------------------------------------

--
-- Table structure for table `rom`
--

CREATE TABLE IF NOT EXISTS `rom` (
  `id` int(10) unsigned NOT NULL AUTO_INCREMENT,
  `romtype_id` int(10) unsigned NOT NULL,
  `navn` varchar(20) COLLATE utf8_unicode_ci NOT NULL,
  PRIMARY KEY (`id`)
) ENGINE=MyISAM  DEFAULT CHARSET=utf8 COLLATE=utf8_unicode_ci AUTO_INCREMENT=108 ;

--
-- Dumping data for table `rom`
--

INSERT INTO `rom` (`id`, `romtype_id`, `navn`) VALUES
(1, 1, '060'),
(2, 4, '100'),
(3, 2, '101'),
(4, 1, '102'),
(5, 1, '103'),
(6, 1, '104'),
(7, 4, '105'),
(8, 1, '106'),
(9, 4, '107'),
(10, 1, '108'),
(11, 1, '109'),
(12, 1, '110'),
(13, 4, '111'),
(14, 4, '112'),
(15, 1, '113'),
(16, 1, '114'),
(17, 1, '115'),
(18, 1, '116'),
(19, 1, '117'),
(20, 1, '118'),
(21, 1, '119'),
(22, 1, '120'),
(23, 1, '121'),
(24, 1, '122'),
(25, 1, '123'),
(26, 1, '124'),
(27, 1, '125'),
(28, 1, '126'),
(29, 5, '151'),
(30, 4, '152'),
(31, 1, '153'),
(32, 4, '154'),
(33, 4, '155'),
(34, 1, '156'),
(35, 4, '157'),
(36, 2, '158'),
(37, 1, '159'),
(38, 4, '160'),
(39, 4, '161'),
(40, 4, '162'),
(41, 1, '163'),
(42, 4, '164'),
(43, 4, '165'),
(44, 1, '166'),
(45, 1, '167'),
(46, 1, '168'),
(47, 1, '169'),
(48, 1, '170'),
(49, 2, '171'),
(50, 1, '172'),
(51, 1, '173'),
(52, 5, '201'),
(53, 1, '202'),
(54, 1, '203'),
(55, 1, '204'),
(56, 4, '205'),
(57, 1, '206'),
(58, 4, '207'),
(59, 1, '208'),
(60, 1, '209'),
(61, 1, '210'),
(62, 4, '211'),
(63, 4, '212'),
(64, 1, '213'),
(65, 1, '214'),
(66, 1, '215'),
(67, 1, '216'),
(68, 1, '217'),
(69, 1, '218'),
(70, 1, '219'),
(71, 1, '220'),
(72, 1, '221'),
(73, 1, '222'),
(74, 1, '223'),
(75, 1, '224'),
(76, 1, '225'),
(77, 1, '226'),
(78, 2, '239'),
(79, 4, '240'),
(80, 4, '241'),
(81, 5, '242'),
(82, 4, '243'),
(83, 2, '244'),
(84, 4, '245'),
(85, 5, '251'),
(86, 4, '252'),
(87, 1, '253'),
(88, 4, '254'),
(89, 4, '255'),
(90, 1, '256'),
(91, 4, '257'),
(92, 2, '258'),
(93, 1, '259'),
(94, 4, '260'),
(95, 4, '261'),
(96, 4, '262'),
(97, 4, '263'),
(98, 4, '264'),
(99, 4, '265'),
(100, 1, '266'),
(101, 1, '267'),
(102, 1, '268'),
(103, 1, '269'),
(104, 2, '270'),
(105, 2, '271'),
(106, 1, '272'),
(107, 1, '273');

-- --------------------------------------------------------

--
-- Table structure for table `romtype`
--

CREATE TABLE IF NOT EXISTS `romtype` (
  `id` int(10) unsigned NOT NULL AUTO_INCREMENT,
  `navn` varchar(20) COLLATE utf8_unicode_ci NOT NULL,
  PRIMARY KEY (`id`)
) ENGINE=MyISAM  DEFAULT CHARSET=utf8 COLLATE=utf8_unicode_ci AUTO_INCREMENT=6 ;

--
-- Dumping data for table `romtype`
--

INSERT INTO `romtype` (`id`, `navn`) VALUES
(1, 'Bøttekott'),
(2, 'Korrhybel'),
(3, 'Storhybel'),
(4, 'Liten Parhybel'),
(5, 'Stor Parhybel');

-- --------------------------------------------------------

--
-- Table structure for table `skole`
--

CREATE TABLE IF NOT EXISTS `skole` (
  `id` int(10) unsigned NOT NULL AUTO_INCREMENT,
  `navn` varchar(20) COLLATE utf8_unicode_ci NOT NULL,
  PRIMARY KEY (`id`)
) ENGINE=MyISAM  DEFAULT CHARSET=utf8 COLLATE=utf8_unicode_ci AUTO_INCREMENT=6 ;

--
-- Dumping data for table `skole`
--

INSERT INTO `skole` (`id`, `navn`) VALUES
(1, 'NTNU'),
(2, 'HiST'),
(3, 'BI'),
(4, 'Annet'),
(5, 'TØH');

-- --------------------------------------------------------

--
-- Table structure for table `straffevakt`
--

CREATE TABLE IF NOT EXISTS `straffevakt` (
  `id` int(10) unsigned NOT NULL AUTO_INCREMENT,
  `bruker_id` int(10) unsigned NOT NULL,
  `vakt_id` int(10) unsigned NOT NULL,
  PRIMARY KEY (`id`)
) ENGINE=MyISAM DEFAULT CHARSET=utf8 COLLATE=utf8_unicode_ci AUTO_INCREMENT=1 ;

-- --------------------------------------------------------

--
-- Table structure for table `studie`
--

CREATE TABLE IF NOT EXISTS `studie` (
  `id` int(10) unsigned NOT NULL AUTO_INCREMENT,
  `navn` varchar(20) COLLATE utf8_unicode_ci NOT NULL,
  PRIMARY KEY (`id`)
) ENGINE=MyISAM  DEFAULT CHARSET=utf8 COLLATE=utf8_unicode_ci AUTO_INCREMENT=40 ;

--
-- Dumping data for table `studie`
--

INSERT INTO `studie` (`id`, `navn`) VALUES
(1, 'Data'),
(2, 'IKT'),
(3, 'LÆR'),
(4, 'FysMat'),
(5, 'Arkitekt'),
(6, 'Emil'),
(7, 'Ind.Øk'),
(8, 'Elektro'),
(9, 'Bygg'),
(10, 'Maskin'),
(11, 'GeoPet'),
(12, 'Marin'),
(13, 'DØD'),
(14, 'Kyb'),
(15, 'Kjemi'),
(16, 'KomTek'),
(17, 'LOL'),
(18, 'ENG'),
(19, 'PSY'),
(20, 'DBE'),
(21, 'Ind.Des'),
(22, 'LUR'),
(23, 'Annet'),
(24, 'MatTek'),
(25, 'Berg'),
(26, 'PPU'),
(27, 'BioTek'),
(28, 'Fysioterapi'),
(29, 'Lærer'),
(30, 'PLU'),
(31, 'Fysikk'),
(32, 'Kjemi og biotek.'),
(33, 'I & IKT'),
(34, 'Entrepenørskap'),
(35, 'Informatikk'),
(36, 'Nano'),
(37, 'Medisin'),
(38, 'Matte'),
(39, 'Petroleum');

-- --------------------------------------------------------

--
-- Table structure for table `vakt`
--

CREATE TABLE IF NOT EXISTS `vakt` (
  `id` int(10) unsigned NOT NULL AUTO_INCREMENT,
  `bruker_id` int(10) unsigned DEFAULT NULL,
  `vakttype` varchar(1) COLLATE utf8_unicode_ci NOT NULL,
  `dato` date NOT NULL,
  `bekreftet` tinyint(1) DEFAULT '0',
  `autogenerert` tinyint(1) DEFAULT '1',
  `dobbelvakt` tinyint(1) DEFAULT '0',
  PRIMARY KEY (`id`)
) ENGINE=MyISAM  DEFAULT CHARSET=utf8 COLLATE=utf8_unicode_ci AUTO_INCREMENT=535 ;

--
-- Dumping data for table `vakt`
--

INSERT INTO `vakt` (`id`, `bruker_id`, `vakttype`, `dato`, `bekreftet`, `autogenerert`, `dobbelvakt`) VALUES
(1, 0, '1', '2016-01-04', 0, 1, 0),
(2, 384, '3', '2016-01-04', 1, 0, 0),
(3, 331, '4', '2016-01-04', 1, 0, 0),
(4, 228, '1', '2016-01-05', 1, 0, 0),
(5, 199, '3', '2016-01-05', 1, 0, 0),
(6, 331, '4', '2016-01-05', 1, 0, 0),
(7, 228, '1', '2016-01-06', 1, 0, 0),
(8, 199, '3', '2016-01-06', 1, 0, 0),
(9, 199, '4', '2016-01-06', 1, 0, 0),
(10, 228, '1', '2016-01-07', 1, 0, 0),
(11, 199, '3', '2016-01-07', 1, 0, 0),
(12, 228, '4', '2016-01-07', 1, 0, 0),
(13, 228, '1', '2016-01-08', 1, 0, 0),
(14, 395, '3', '2016-01-08', 1, 0, 0),
(15, 222, '4', '2016-01-08', 1, 0, 0),
(16, 395, '1', '2016-01-09', 1, 0, 0),
(17, 222, '2', '2016-01-09', 1, 0, 0),
(18, 143, '3', '2016-01-09', 1, 0, 0),
(19, 228, '4', '2016-01-09', 1, 0, 0),
(20, 228, '1', '2016-01-10', 1, 0, 0),
(21, 368, '2', '2016-01-10', 1, 0, 0),
(22, 368, '3', '2016-01-10', 1, 0, 0),
(23, 143, '4', '2016-01-10', 1, 0, 0),
(24, 372, '1', '2016-01-11', 1, 0, 0),
(25, 306, '3', '2016-01-11', 1, 0, 0),
(26, 306, '4', '2016-01-11', 1, 0, 0),
(27, 351, '1', '2016-01-12', 1, 0, 0),
(28, 346, '3', '2016-01-12', 1, 0, 0),
(29, 316, '4', '2016-01-12', 1, 0, 0),
(30, 315, '1', '2016-01-13', 1, 0, 0),
(31, 346, '3', '2016-01-13', 1, 0, 0),
(32, 249, '4', '2016-01-13', 1, 0, 0),
(33, 287, '1', '2016-01-14', 1, 0, 0),
(34, 301, '3', '2016-01-14', 1, 0, 0),
(35, 249, '4', '2016-01-14', 1, 0, 0),
(36, 351, '1', '2016-01-15', 1, 0, 0),
(37, 301, '3', '2016-01-15', 1, 0, 0),
(38, 316, '4', '2016-01-15', 1, 0, 0),
(39, 299, '1', '2016-01-16', 1, 0, 0),
(40, 315, '2', '2016-01-16', 1, 0, 0),
(41, 291, '3', '2016-01-16', 1, 0, 0),
(42, 357, '4', '2016-01-16', 1, 0, 0),
(43, 303, '1', '2016-01-17', 1, 0, 0),
(44, 315, '2', '2016-01-17', 1, 0, 0),
(45, 291, '3', '2016-01-17', 1, 0, 0),
(46, 299, '4', '2016-01-17', 1, 0, 0),
(47, 316, '1', '2016-01-18', 1, 0, 0),
(48, 392, '3', '2016-01-18', 1, 0, 0),
(49, 299, '4', '2016-01-18', 1, 0, 0),
(50, 316, '1', '2016-01-19', 1, 0, 0),
(51, 351, '3', '2016-01-19', 1, 0, 0),
(52, 373, '4', '2016-01-19', 1, 0, 0),
(53, 364, '1', '2016-01-20', 1, 0, 0),
(54, 357, '3', '2016-01-20', 1, 0, 0),
(55, 346, '4', '2016-01-20', 1, 0, 0),
(56, 376, '1', '2016-01-21', 1, 0, 0),
(57, 313, '3', '2016-01-21', 1, 0, 0),
(58, 313, '4', '2016-01-21', 1, 0, 0),
(59, 316, '1', '2016-01-22', 1, 0, 0),
(60, 303, '3', '2016-01-22', 1, 0, 0),
(61, 373, '4', '2016-01-22', 1, 0, 0),
(62, 348, '1', '2016-01-23', 1, 0, 0),
(63, 252, '2', '2016-01-23', 1, 0, 0),
(64, 345, '3', '2016-01-23', 1, 0, 0),
(65, 303, '4', '2016-01-23', 1, 0, 0),
(66, 299, '1', '2016-01-24', 1, 0, 0),
(67, 252, '2', '2016-01-24', 1, 0, 0),
(68, 385, '3', '2016-01-24', 1, 0, 0),
(69, 385, '4', '2016-01-24', 1, 0, 0),
(70, 183, '1', '2016-01-25', 1, 1, 0),
(71, 225, '3', '2016-01-25', 1, 1, 0),
(72, 306, '4', '2016-01-25', 1, 1, 0),
(73, 95, '1', '2016-01-26', 1, 1, 0),
(74, 348, '3', '2016-01-26', 1, 1, 0),
(75, 327, '4', '2016-01-26', 1, 1, 0),
(76, 291, '1', '2016-01-27', 1, 1, 0),
(77, 143, '3', '2016-01-27', 1, 1, 0),
(78, 252, '4', '2016-01-27', 1, 1, 0),
(79, 138, '1', '2016-01-28', 1, 1, 0),
(80, 338, '3', '2016-01-28', 1, 1, 0),
(81, 229, '4', '2016-01-28', 1, 1, 0),
(82, 287, '1', '2016-01-29', 1, 1, 0),
(83, 229, '3', '2016-01-29', 1, 1, 0),
(84, 222, '4', '2016-01-29', 1, 1, 0),
(85, 375, '1', '2016-01-30', 1, 1, 0),
(86, 301, '2', '2016-01-30', 1, 1, 0),
(87, 377, '3', '2016-01-30', 1, 1, 0),
(88, 380, '4', '2016-01-30', 1, 1, 0),
(89, 361, '1', '2016-01-31', 0, 1, 0),
(90, 399, '2', '2016-01-31', 1, 1, 0),
(91, 299, '3', '2016-01-31', 1, 1, 0),
(92, 402, '4', '2016-01-31', 0, 1, 0),
(93, 387, '1', '2016-02-01', 1, 1, 0),
(94, 199, '3', '2016-02-01', 1, 1, 0),
(95, 154, '4', '2016-02-01', 1, 1, 0),
(96, 364, '1', '2016-02-02', 1, 1, 0),
(97, 398, '3', '2016-02-02', 1, 1, 0),
(98, 310, '4', '2016-02-02', 1, 1, 0),
(99, 400, '1', '2016-02-03', 1, 1, 0),
(100, 291, '3', '2016-02-03', 1, 1, 0),
(101, 360, '4', '2016-02-03', 1, 1, 0),
(102, 352, '1', '2016-02-04', 1, 1, 0),
(103, 199, '3', '2016-02-04', 1, 1, 0),
(104, 345, '4', '2016-02-04', 1, 1, 0),
(105, 346, '1', '2016-02-05', 1, 1, 0),
(106, 373, '3', '2016-02-05', 1, 1, 0),
(107, 374, '4', '2016-02-05', 1, 1, 0),
(108, 306, '1', '2016-02-06', 1, 1, 0),
(109, 287, '2', '2016-02-06', 1, 1, 0),
(110, 391, '3', '2016-02-06', 1, 1, 0),
(111, 403, '4', '2016-02-06', 0, 1, 0),
(112, 365, '1', '2016-02-07', 1, 1, 0),
(113, 367, '2', '2016-02-07', 1, 1, 0),
(114, 393, '3', '2016-02-07', 1, 1, 0),
(115, 166, '4', '2016-02-07', 1, 1, 0),
(116, 358, '1', '2016-02-08', 1, 1, 0),
(117, 383, '3', '2016-02-08', 1, 1, 0),
(118, 390, '4', '2016-02-08', 1, 1, 0),
(119, 396, '1', '2016-02-09', 0, 1, 0),
(120, 321, '3', '2016-02-09', 0, 1, 0),
(121, 379, '4', '2016-02-09', 1, 1, 0),
(122, 365, '1', '2016-02-10', 1, 1, 0),
(123, 372, '3', '2016-02-10', 1, 1, 0),
(124, 363, '4', '2016-02-10', 1, 1, 0),
(125, 400, '1', '2016-02-11', 1, 1, 0),
(126, 199, '3', '2016-02-11', 1, 1, 0),
(127, 384, '4', '2016-02-11', 1, 1, 0),
(128, 303, '1', '2016-02-12', 1, 1, 0),
(129, 222, '3', '2016-02-12', 1, 1, 0),
(130, 360, '4', '2016-02-12', 1, 1, 0),
(131, 332, '1', '2016-02-13', 1, 1, 0),
(132, 380, '2', '2016-02-13', 1, 1, 0),
(133, 313, '3', '2016-02-13', 1, 1, 0),
(134, 154, '4', '2016-02-13', 1, 1, 0),
(135, 357, '1', '2016-02-14', 1, 1, 0),
(136, 373, '2', '2016-02-14', 1, 1, 0),
(137, 229, '3', '2016-02-14', 1, 1, 0),
(138, 316, '4', '2016-02-14', 1, 1, 0),
(139, 315, '1', '2016-02-15', 1, 1, 0),
(140, 382, '3', '2016-02-15', 1, 1, 0),
(141, 351, '4', '2016-02-15', 1, 1, 0),
(142, 303, '1', '2016-02-16', 1, 1, 0),
(143, 228, '3', '2016-02-16', 1, 1, 0),
(144, 95, '4', '2016-02-16', 1, 1, 0),
(145, 310, '1', '2016-02-17', 1, 1, 0),
(146, 395, '3', '2016-02-17', 1, 1, 0),
(147, 231, '4', '2016-02-17', 1, 1, 0),
(148, 338, '1', '2016-02-18', 1, 1, 0),
(149, 225, '3', '2016-02-18', 1, 1, 0),
(150, 345, '4', '2016-02-18', 1, 1, 0),
(151, 376, '1', '2016-02-19', 1, 1, 0),
(152, 327, '3', '2016-02-19', 1, 1, 0),
(153, 183, '4', '2016-02-19', 1, 1, 0),
(154, 390, '1', '2016-02-20', 1, 1, 0),
(155, 396, '2', '2016-02-20', 0, 1, 0),
(156, 348, '3', '2016-02-20', 1, 1, 0),
(157, 313, '4', '2016-02-20', 1, 1, 0),
(158, 400, '1', '2016-02-21', 1, 1, 0),
(159, 310, '2', '2016-02-21', 1, 1, 0),
(160, 306, '3', '2016-02-21', 1, 1, 0),
(161, 345, '4', '2016-02-21', 1, 1, 0),
(162, 402, '1', '2016-02-22', 0, 1, 0),
(163, 199, '3', '2016-02-22', 1, 1, 0),
(164, 389, '4', '2016-02-22', 1, 1, 0),
(165, 398, '1', '2016-02-23', 1, 1, 0),
(166, 252, '3', '2016-02-23', 1, 1, 0),
(167, 143, '4', '2016-02-23', 1, 1, 0),
(168, 303, '1', '2016-02-24', 1, 1, 0),
(169, 379, '3', '2016-02-24', 1, 1, 0),
(170, 403, '4', '2016-02-24', 0, 1, 0),
(171, 225, '1', '2016-02-25', 1, 1, 0),
(172, 225, '3', '2016-02-25', 1, 1, 0),
(173, 225, '4', '2016-02-25', 1, 0, 0),
(174, 393, '1', '2016-02-26', 1, 0, 0),
(175, 399, '3', '2016-02-26', 1, 0, 0),
(176, 407, '4', '2016-02-26', 1, 0, 0),
(177, 402, '1', '2016-02-27', 0, 0, 0),
(178, 379, '2', '2016-02-27', 1, 0, 0),
(179, 400, '3', '2016-02-27', 1, 0, 0),
(180, 379, '4', '2016-02-27', 1, 0, 0),
(181, 225, '1', '2016-02-28', 1, 0, 0),
(182, 398, '2', '2016-02-28', 1, 0, 0),
(183, 365, '3', '2016-02-28', 1, 0, 0),
(184, 396, '4', '2016-02-28', 0, 1, 0),
(185, 377, '1', '2016-02-29', 1, 1, 0),
(186, 287, '3', '2016-02-29', 1, 1, 0),
(187, 375, '4', '2016-02-29', 1, 1, 0),
(188, 231, '1', '2016-03-01', 1, 1, 0),
(189, 391, '3', '2016-03-01', 1, 1, 0),
(190, 393, '4', '2016-03-01', 1, 1, 0),
(191, 138, '1', '2016-03-02', 1, 1, 0),
(192, 381, '3', '2016-03-02', 1, 1, 0),
(193, 361, '4', '2016-03-02', 0, 1, 0),
(194, 367, '1', '2016-03-03', 1, 1, 0),
(195, 389, '3', '2016-03-03', 1, 1, 0),
(196, 399, '4', '2016-03-03', 1, 1, 0),
(197, 316, '1', '2016-03-04', 1, 1, 0),
(198, 229, '3', '2016-03-04', 1, 1, 0),
(199, 385, '4', '2016-03-04', 1, 1, 0),
(200, 331, '1', '2016-03-05', 1, 1, 0),
(201, 345, '2', '2016-03-05', 1, 1, 0),
(202, 358, '3', '2016-03-05', 1, 1, 0),
(203, 345, '4', '2016-03-05', 1, 1, 0),
(204, 360, '1', '2016-03-06', 1, 1, 0),
(205, 398, '2', '2016-03-06', 1, 1, 0),
(206, 323, '3', '2016-03-06', 1, 1, 0),
(207, 352, '4', '2016-03-06', 1, 1, 0),
(208, 378, '1', '2016-03-07', 1, 1, 0),
(209, 365, '3', '2016-03-07', 1, 1, 0),
(210, 306, '4', '2016-03-07', 1, 1, 0),
(211, 405, '1', '2016-03-08', 1, 1, 0),
(212, 392, '3', '2016-03-08', 1, 1, 0),
(213, 338, '4', '2016-03-08', 1, 1, 0),
(214, 327, '1', '2016-03-09', 1, 1, 0),
(215, 231, '3', '2016-03-09', 1, 1, 0),
(216, 363, '4', '2016-03-09', 1, 1, 0),
(217, 332, '1', '2016-03-10', 1, 1, 0),
(218, 321, '3', '2016-03-10', 0, 1, 0),
(219, 293, '4', '2016-03-10', 1, 1, 0),
(220, 383, '1', '2016-03-11', 1, 1, 0),
(221, 225, '3', '2016-03-11', 1, 1, 0),
(222, 375, '4', '2016-03-11', 1, 1, 0),
(223, 154, '1', '2016-03-12', 1, 1, 0),
(224, 390, '2', '2016-03-12', 1, 1, 0),
(225, 183, '3', '2016-03-12', 1, 1, 0),
(226, 360, '4', '2016-03-12', 1, 1, 0),
(227, 387, '1', '2016-03-13', 1, 1, 0),
(228, 400, '2', '2016-03-13', 1, 1, 0),
(229, 346, '3', '2016-03-13', 1, 1, 0),
(230, 381, '4', '2016-03-13', 1, 1, 0),
(231, 372, '1', '2016-03-14', 1, 1, 0),
(232, 403, '3', '2016-03-14', 0, 1, 0),
(233, 383, '4', '2016-03-14', 1, 1, 0),
(234, 382, '1', '2016-03-15', 1, 1, 0),
(235, 348, '3', '2016-03-15', 1, 1, 0),
(236, 378, '4', '2016-03-15', 1, 1, 0),
(237, 360, '1', '2016-03-16', 1, 1, 0),
(238, 138, '3', '2016-03-16', 1, 1, 0),
(239, 331, '4', '2016-03-16', 1, 1, 0),
(240, 384, '1', '2016-03-17', 1, 1, 0),
(241, 138, '3', '2016-03-17', 1, 1, 0),
(242, 303, '4', '2016-03-17', 1, 1, 0),
(243, 358, '1', '2016-03-18', 1, 1, 0),
(244, 293, '3', '2016-03-18', 1, 1, 0),
(245, 293, '4', '2016-03-18', 1, 1, 0),
(246, 368, '1', '2016-03-19', 1, 1, 0),
(247, 95, '2', '2016-03-19', 1, 1, 0),
(248, 387, '3', '2016-03-19', 1, 1, 0),
(249, 225, '4', '2016-03-19', 1, 1, 0),
(250, 389, '1', '2016-03-20', 1, 1, 0),
(251, 225, '2', '2016-03-20', 1, 1, 0),
(252, 0, '3', '2016-03-20', 0, 1, 0),
(253, 0, '4', '2016-03-20', 0, 1, 0),
(254, 0, '1', '2016-03-21', 0, 1, 0),
(255, 0, '3', '2016-03-21', 0, 1, 0),
(256, 0, '4', '2016-03-21', 0, 1, 0),
(257, 0, '1', '2016-03-22', 0, 1, 0),
(258, 0, '3', '2016-03-22', 0, 1, 0),
(259, 0, '4', '2016-03-22', 0, 1, 0),
(260, 0, '1', '2016-03-23', 0, 1, 0),
(261, 0, '3', '2016-03-23', 0, 1, 0),
(262, 0, '4', '2016-03-23', 0, 1, 0),
(263, 0, '1', '2016-03-24', 0, 1, 0),
(264, 0, '3', '2016-03-24', 0, 1, 0),
(265, 0, '4', '2016-03-24', 0, 1, 0),
(266, 0, '1', '2016-03-25', 0, 1, 0),
(267, 0, '3', '2016-03-25', 0, 1, 0),
(268, 0, '4', '2016-03-25', 0, 1, 0),
(269, 0, '1', '2016-03-26', 0, 1, 0),
(270, 0, '2', '2016-03-26', 0, 1, 0),
(271, 0, '3', '2016-03-26', 0, 1, 0),
(272, 0, '4', '2016-03-26', 0, 1, 0),
(273, 0, '1', '2016-03-27', 0, 1, 0),
(274, 0, '2', '2016-03-27', 0, 1, 0),
(275, 0, '3', '2016-03-27', 0, 1, 0),
(276, 0, '4', '2016-03-27', 0, 1, 0),
(277, 0, '1', '2016-03-28', 0, 1, 0),
(278, 0, '3', '2016-03-28', 0, 1, 0),
(279, 0, '4', '2016-03-28', 0, 1, 0),
(280, 0, '1', '2016-03-29', 0, 1, 0),
(281, 323, '3', '2016-03-29', 1, 1, 0),
(282, 372, '4', '2016-03-29', 0, 1, 0),
(283, 387, '1', '2016-03-30', 1, 1, 0),
(284, 364, '3', '2016-03-30', 1, 1, 0),
(285, 231, '4', '2016-03-30', 1, 1, 0),
(286, 377, '1', '2016-03-31', 1, 1, 0),
(287, 253, '3', '2016-03-31', 1, 1, 0),
(288, 357, '4', '2016-03-31', 1, 1, 0),
(289, 249, '1', '2016-04-01', 1, 1, 0),
(290, 183, '3', '2016-04-01', 1, 1, 0),
(291, 338, '4', '2016-04-01', 1, 1, 0),
(292, 360, '1', '2016-04-02', 1, 1, 0),
(293, 154, '2', '2016-04-02', 1, 1, 0),
(294, 287, '3', '2016-04-02', 1, 1, 0),
(295, 398, '4', '2016-04-02', 1, 1, 0),
(296, 143, '1', '2016-04-03', 1, 1, 0),
(297, 393, '2', '2016-04-03', 1, 1, 0),
(298, 372, '3', '2016-04-03', 1, 1, 0),
(299, 368, '4', '2016-04-03', 1, 1, 0),
(300, 143, '1', '2016-04-04', 1, 1, 0),
(301, 301, '3', '2016-04-04', 1, 1, 0),
(302, 395, '4', '2016-04-04', 1, 1, 0),
(303, 367, '1', '2016-04-05', 1, 1, 0),
(304, 323, '3', '2016-04-05', 1, 1, 0),
(305, 404, '4', '2016-04-05', 1, 1, 0),
(306, 365, '1', '2016-04-06', 1, 1, 0),
(307, 380, '3', '2016-04-06', 1, 1, 0),
(308, 396, '4', '2016-04-06', 0, 1, 0),
(309, 376, '1', '2016-04-07', 1, 1, 0),
(310, 361, '3', '2016-04-07', 0, 1, 0),
(311, 399, '4', '2016-04-07', 1, 1, 0),
(312, 379, '1', '2016-04-08', 1, 1, 0),
(313, 346, '3', '2016-04-08', 1, 1, 0),
(314, 385, '4', '2016-04-08', 1, 1, 0),
(315, 327, '1', '2016-04-09', 1, 1, 0),
(316, 363, '2', '2016-04-09', 1, 1, 0),
(317, 287, '3', '2016-04-09', 1, 1, 0),
(318, 352, '4', '2016-04-09', 1, 1, 0),
(319, 348, '1', '2016-04-10', 1, 1, 0),
(320, 293, '2', '2016-04-10', 1, 1, 0),
(321, 332, '3', '2016-04-10', 1, 1, 0),
(322, 321, '4', '2016-04-10', 0, 1, 0),
(323, 306, '1', '2016-04-11', 1, 1, 0),
(324, 253, '3', '2016-04-11', 1, 1, 0),
(325, 402, '4', '2016-04-11', 0, 1, 0),
(326, 383, '1', '2016-04-12', 1, 1, 0),
(327, 406, '3', '2016-04-12', 1, 1, 0),
(328, 293, '4', '2016-04-12', 1, 1, 0),
(329, 364, '1', '2016-04-13', 1, 1, 0),
(330, 332, '3', '2016-04-13', 1, 1, 0),
(331, 392, '4', '2016-04-13', 1, 1, 0),
(332, 382, '1', '2016-04-14', 1, 1, 0),
(333, 222, '3', '2016-04-14', 1, 1, 0),
(334, 301, '4', '2016-04-14', 1, 1, 0),
(335, 95, '1', '2016-04-15', 1, 1, 0),
(336, 253, '3', '2016-04-15', 1, 1, 0),
(337, 404, '4', '2016-04-15', 1, 1, 0),
(338, 391, '1', '2016-04-16', 1, 1, 0),
(339, 315, '2', '2016-04-16', 1, 1, 0),
(340, 138, '3', '2016-04-16', 1, 1, 0),
(341, 404, '4', '2016-04-16', 1, 1, 0),
(342, 154, '1', '2016-04-17', 1, 1, 0),
(343, 389, '2', '2016-04-17', 1, 1, 0),
(344, 183, '3', '2016-04-17', 1, 1, 0),
(345, 378, '4', '2016-04-17', 1, 1, 0),
(346, 376, '1', '2016-04-18', 1, 1, 0),
(347, 400, '3', '2016-04-18', 1, 1, 0),
(348, 380, '4', '2016-04-18', 1, 1, 0),
(349, 403, '1', '2016-04-19', 0, 1, 0),
(350, 327, '3', '2016-04-19', 1, 1, 0),
(351, 327, '4', '2016-04-19', 1, 1, 0),
(352, 398, '1', '2016-04-20', 1, 1, 0),
(353, 299, '3', '2016-04-20', 1, 1, 0),
(354, 365, '4', '2016-04-20', 1, 1, 0),
(355, 231, '1', '2016-04-21', 1, 1, 0),
(356, 229, '3', '2016-04-21', 1, 1, 0),
(357, 361, '4', '2016-04-21', 1, 1, 0),
(358, 323, '1', '2016-04-22', 1, 1, 0),
(359, 358, '3', '2016-04-22', 1, 1, 0),
(360, 390, '4', '2016-04-22', 1, 1, 0),
(361, 396, '1', '2016-04-23', 0, 1, 0),
(362, 383, '2', '2016-04-23', 1, 1, 0),
(363, 399, '3', '2016-04-23', 1, 1, 0),
(364, 406, '4', '2016-04-23', 1, 1, 0),
(365, 407, '1', '2016-04-24', 1, 1, 0),
(366, 361, '2', '2016-04-24', 0, 1, 0),
(367, 357, '3', '2016-04-24', 1, 1, 0),
(368, 367, '4', '2016-04-24', 1, 1, 0),
(369, 321, '1', '2016-04-25', 0, 1, 0),
(370, 338, '3', '2016-04-25', 1, 1, 0),
(371, 373, '4', '2016-04-25', 1, 1, 0),
(372, 364, '1', '2016-04-26', 1, 1, 0),
(373, 154, '3', '2016-04-26', 1, 1, 0),
(374, 375, '4', '2016-04-26', 1, 1, 0),
(375, 382, '1', '2016-04-27', 1, 1, 0),
(376, 389, '3', '2016-04-27', 1, 1, 0),
(377, 249, '4', '2016-04-27', 1, 1, 0),
(378, 387, '1', '2016-04-28', 1, 1, 0),
(379, 391, '3', '2016-04-28', 1, 1, 0),
(380, 299, '4', '2016-04-28', 1, 1, 0),
(381, 395, '1', '2016-04-29', 1, 1, 0),
(382, 327, '3', '2016-04-29', 1, 1, 0),
(383, 323, '4', '2016-04-29', 1, 1, 0),
(384, 389, '1', '2016-04-30', 1, 1, 0),
(385, 95, '2', '2016-04-30', 1, 1, 0),
(386, 331, '3', '2016-04-30', 1, 1, 0),
(387, 351, '4', '2016-04-30', 1, 1, 0),
(388, 363, '1', '2016-05-01', 1, 1, 0),
(389, 368, '2', '2016-05-01', 1, 1, 0),
(390, 231, '3', '2016-05-01', 1, 1, 0),
(391, 348, '4', '2016-05-01', 1, 1, 0),
(392, 392, '1', '2016-05-02', 1, 1, 0),
(393, 351, '3', '2016-05-02', 1, 1, 0),
(394, 378, '4', '2016-05-02', 1, 1, 0),
(395, 399, '1', '2016-05-03', 1, 1, 0),
(396, 407, '3', '2016-05-03', 1, 1, 0),
(397, 301, '4', '2016-05-03', 1, 1, 0),
(398, 231, '1', '2016-05-04', 1, 1, 0),
(399, 367, '3', '2016-05-04', 1, 1, 0),
(400, 253, '4', '2016-05-04', 1, 1, 0),
(401, 393, '1', '2016-05-05', 1, 1, 0),
(402, 405, '3', '2016-05-05', 1, 1, 0),
(403, 384, '4', '2016-05-05', 1, 1, 0),
(404, 252, '1', '2016-05-06', 1, 1, 0),
(405, 293, '3', '2016-05-06', 1, 1, 0),
(406, 382, '4', '2016-05-06', 1, 1, 0),
(407, 316, '1', '2016-05-07', 1, 1, 0),
(408, 338, '2', '2016-05-07', 1, 1, 0),
(409, 402, '3', '2016-05-07', 0, 1, 0),
(410, 310, '4', '2016-05-07', 1, 1, 0),
(411, 404, '1', '2016-05-08', 1, 1, 0),
(412, 95, '2', '2016-05-08', 1, 1, 0),
(413, 183, '3', '2016-05-08', 1, 1, 0),
(414, 138, '4', '2016-05-08', 1, 1, 0),
(415, 293, '1', '2016-05-09', 1, 1, 0),
(416, 384, '3', '2016-05-09', 1, 1, 0),
(417, 291, '4', '2016-05-09', 1, 1, 0),
(418, 380, '1', '2016-05-10', 1, 1, 0),
(419, 228, '3', '2016-05-10', 1, 1, 0),
(420, 301, '4', '2016-05-10', 1, 1, 0),
(421, 287, '1', '2016-05-11', 1, 1, 0),
(422, 299, '3', '2016-05-11', 1, 1, 0),
(423, 352, '4', '2016-05-11', 1, 1, 0),
(424, 348, '1', '2016-05-12', 1, 1, 0),
(425, 384, '3', '2016-05-12', 1, 1, 0),
(426, 372, '4', '2016-05-12', 1, 1, 0),
(427, 183, '1', '2016-05-13', 1, 1, 0),
(428, 332, '3', '2016-05-13', 1, 1, 0),
(429, 143, '4', '2016-05-13', 1, 1, 0),
(430, 338, '1', '2016-05-14', 1, 1, 0),
(431, 138, '2', '2016-05-14', 1, 1, 0),
(432, 313, '3', '2016-05-14', 1, 1, 0),
(433, 396, '4', '2016-05-14', 0, 1, 0),
(434, 316, '1', '2016-05-15', 1, 0, 0),
(435, 231, '2', '2016-05-15', 1, 0, 0),
(436, 313, '3', '2016-05-15', 0, 0, 0),
(437, 382, '4', '2016-05-15', 1, 0, 0),
(438, 383, '1', '2016-05-16', 1, 0, 0),
(439, 331, '3', '2016-05-16', 1, 0, 0),
(440, 231, '4', '2016-05-16', 1, 0, 0),
(441, 390, '1', '2016-05-17', 0, 0, 0),
(442, 393, '3', '2016-05-17', 1, 0, 0),
(443, 315, '4', '2016-05-17', 0, 0, 0),
(444, 303, '1', '2016-05-18', 1, 0, 0),
(445, 252, '3', '2016-05-18', 1, 0, 0),
(446, 364, '4', '2016-05-18', 1, 0, 0),
(447, 287, '1', '2016-05-19', 1, 0, 0),
(448, 368, '3', '2016-05-19', 0, 0, 0),
(449, 392, '4', '2016-05-19', 1, 0, 0),
(450, 338, '1', '2016-05-20', 0, 0, 0),
(451, 143, '3', '2016-05-20', 1, 0, 0),
(452, 363, '4', '2016-05-20', 1, 0, 0),
(453, 407, '1', '2016-05-21', 1, 0, 0),
(454, 306, '2', '2016-05-21', 1, 0, 0),
(455, 348, '3', '2016-05-21', 1, 0, 0),
(456, 332, '4', '2016-05-21', 0, 0, 0),
(457, 391, '1', '2016-05-22', 0, 0, 0),
(458, 252, '2', '2016-05-22', 1, 0, 0),
(459, 375, '3', '2016-05-22', 1, 0, 0),
(460, 391, '4', '2016-05-22', 0, 0, 0),
(461, 382, '1', '2016-05-23', 1, 0, 0),
(462, 338, '3', '2016-05-23', 0, 0, 0),
(463, 403, '4', '2016-05-23', 0, 0, 0),
(464, 358, '1', '2016-05-24', 0, 0, 0),
(465, 358, '3', '2016-05-24', 0, 0, 0),
(466, 379, '4', '2016-05-24', 1, 0, 0),
(467, 183, '1', '2016-05-25', 1, 0, 0),
(468, 373, '3', '2016-05-25', 1, 0, 0),
(469, 287, '4', '2016-05-25', 1, 0, 0),
(470, 303, '1', '2016-05-26', 1, 0, 0),
(471, 327, '3', '2016-05-26', 0, 0, 0),
(472, 299, '4', '2016-05-26', 1, 0, 0),
(473, 382, '1', '2016-05-27', 1, 0, 0),
(474, 367, '3', '2016-05-27', 1, 0, 0),
(475, 385, '4', '2016-05-27', 0, 0, 0),
(476, 407, '1', '2016-05-28', 0, 0, 0),
(477, 321, '2', '2016-05-28', 0, 0, 0),
(478, 222, '3', '2016-05-28', 1, 0, 0),
(479, 402, '4', '2016-05-28', 0, 0, 0),
(480, 361, '1', '2016-05-29', 0, 0, 0),
(481, 381, '2', '2016-05-29', 0, 0, 0),
(482, 222, '3', '2016-05-29', 1, 0, 0),
(483, 249, '4', '2016-05-29', 1, 0, 0),
(484, 183, '1', '2016-05-30', 1, 0, 0),
(485, 252, '3', '2016-05-30', 1, 0, 0),
(486, 293, '4', '2016-05-30', 1, 0, 0),
(487, 95, '1', '2016-05-31', 1, 0, 0),
(488, 407, '3', '2016-05-31', 0, 0, 0),
(489, 229, '4', '2016-05-31', 0, 0, 0),
(490, 95, '1', '2016-06-01', 1, 0, 0),
(491, 377, '3', '2016-06-01', 1, 0, 0),
(492, 323, '4', '2016-06-01', 1, 0, 0),
(493, 395, '1', '2016-06-02', 0, 0, 0),
(494, 301, '3', '2016-06-02', 0, 0, 0),
(495, 380, '4', '2016-06-02', 1, 0, 0),
(496, 327, '1', '2016-06-03', 0, 0, 0),
(497, 348, '3', '2016-06-03', 1, 0, 0),
(498, 310, '4', '2016-06-03', 1, 0, 0),
(499, 407, '1', '2016-06-04', 0, 0, 0),
(500, 293, '2', '2016-06-04', 1, 0, 0),
(501, 352, '3', '2016-06-04', 0, 0, 0),
(502, 376, '4', '2016-06-04', 1, 0, 0),
(503, 407, '1', '2016-06-05', 0, 0, 0),
(504, 301, '2', '2016-06-05', 0, 0, 0),
(505, 352, '3', '2016-06-05', 0, 0, 0),
(506, 253, '4', '2016-06-05', 1, 0, 0),
(507, 376, '1', '2016-06-06', 1, 0, 0),
(508, 253, '3', '2016-06-06', 1, 0, 0),
(509, 403, '4', '2016-06-06', 0, 0, 0),
(510, 377, '1', '2016-06-07', 1, 0, 0),
(511, 310, '3', '2016-06-07', 1, 0, 0),
(512, 375, '4', '2016-06-07', 1, 0, 0),
(513, 404, '1', '2016-06-08', 1, 0, 0),
(514, 392, '3', '2016-06-08', 1, 0, 0),
(515, 249, '4', '2016-06-08', 1, 0, 0),
(516, 321, '1', '2016-06-09', 0, 0, 0),
(517, 222, '3', '2016-06-09', 1, 0, 0),
(518, 363, '4', '2016-06-09', 1, 0, 0),
(519, 357, '1', '2016-06-10', 0, 0, 0),
(520, 381, '3', '2016-06-10', 0, 0, 0),
(521, 385, '4', '2016-06-10', 0, 0, 0),
(522, 154, '1', '2016-06-11', 1, 0, 0),
(523, 252, '2', '2016-06-11', 1, 0, 0),
(524, 222, '3', '2016-06-11', 1, 0, 0),
(525, 154, '4', '2016-06-11', 1, 0, 0),
(526, 377, '1', '2016-06-12', 1, 0, 0),
(527, 252, '2', '2016-06-12', 1, 0, 0),
(528, 390, '3', '2016-06-12', 0, 0, 0),
(529, 404, '4', '2016-06-12', 1, 0, 0),
(530, 374, '2', '2016-02-26', 1, 0, 0),
(531, 306, '2', '2016-04-26', 1, 0, 0),
(532, 138, '2', '2016-05-05', 1, 0, 0),
(533, 291, '2', '2016-05-16', 1, 0, 0),
(534, 154, '2', '2016-05-17', 1, 0, 0);

-- --------------------------------------------------------

--
-- Table structure for table `vaktbytte`
--

CREATE TABLE IF NOT EXISTS `vaktbytte` (
  `id` int(10) unsigned NOT NULL AUTO_INCREMENT,
  `vakt_id` int(10) unsigned NOT NULL,
  `gisbort` tinyint(1) DEFAULT '0',
  `forslag` text COLLATE utf8_unicode_ci COMMENT 'Hva man kan få i bytte',
  `merknad` varchar(64) COLLATE utf8_unicode_ci DEFAULT NULL,
  PRIMARY KEY (`id`)
) ENGINE=MyISAM  DEFAULT CHARSET=utf8 COLLATE=utf8_unicode_ci AUTO_INCREMENT=6 ;

--
-- Dumping data for table `vaktbytte`
--

INSERT INTO `vaktbytte` (`id`, `vakt_id`, `gisbort`, `forslag`, `merknad`) VALUES
(1, 418, 0, NULL, ''),
(2, 429, 0, NULL, ''),
(3, 453, 0, NULL, ''),
(4, 439, 0, NULL, ''),
(5, 513, 0, NULL, 'Jeg har eksamen den dagen....');

-- --------------------------------------------------------

--
-- Table structure for table `verv`
--

CREATE TABLE IF NOT EXISTS `verv` (
  `id` int(10) unsigned NOT NULL AUTO_INCREMENT,
  `navn` varchar(20) COLLATE utf8_unicode_ci NOT NULL,
  `regitimer` tinyint(3) unsigned DEFAULT '0',
  `utvalg` tinyint(1) DEFAULT '0',
  `epost` varchar(40) COLLATE utf8_unicode_ci DEFAULT NULL,
  PRIMARY KEY (`id`)
) ENGINE=MyISAM  DEFAULT CHARSET=utf8 COLLATE=utf8_unicode_ci AUTO_INCREMENT=77 ;

--
-- Dumping data for table `verv`
--

INSERT INTO `verv` (`id`, `navn`, `regitimer`, `utvalg`, `epost`) VALUES
(1, 'Vaktsjef', 0, 1, 'vakt@singsaker.no'),
(2, 'Regisjef', 0, 1, 'regisjef@singsaker.no'),
(3, 'Romsjef', 0, 1, 'romsjef@singsaker.no'),
(4, 'Kosesjef', 0, 1, 'kosesjef@singsaker.no'),
(5, 'Sekretær', 0, 1, 'sekretar@singsaker.no'),
(6, 'Husfar', 0, 1, 'husfar@singsaker.no'),
(7, 'Tv-spill', 0, 0, NULL),
(8, 'Kake', 0, 0, NULL),
(9, 'Ammo', 0, 0, NULL),
(10, 'Bordtennis og dart', 0, 0, NULL),
(11, 'Carambole', 0, 0, NULL),
(12, 'Vask og Støv', 0, 0, NULL),
(13, 'Hotellsjef', 0, 1, 'sommerhotell@singsaker.no'),
(14, 'Badstu', 0, 0, NULL),
(15, 'Bursdagsplakat', 0, 0, NULL),
(16, 'EL senior', 0, 0, NULL),
(17, 'Sport', 0, 0, NULL),
(18, 'Fuglebad', 0, 0, NULL),
(19, 'Hazard', 0, 0, NULL),
(20, 'Husavisredaktør', 0, 0, NULL),
(21, 'Husspøkelse', 0, 0, NULL),
(22, 'Innpisker', 0, 0, NULL),
(23, 'Te-kjøkken', 0, 0, NULL),
(24, 'Kraftraum', 0, 0, NULL),
(25, 'Lucifer', 0, 0, NULL),
(26, 'Malerom', 0, 0, NULL),
(27, 'Moral senior', 0, 0, NULL),
(28, 'P-åpmand', 0, 0, NULL),
(29, 'Rør senior', 0, 0, NULL),
(30, 'Stamp', 0, 0, NULL),
(31, 'SØS og H&B', 0, 0, NULL),
(32, 'Tidsskrift', 0, 0, NULL),
(33, 'Telefon', 0, 0, NULL),
(34, 'Kino/Film', 0, 0, NULL),
(35, 'Brannsjef', 0, 0, NULL),
(36, 'Brann jr.', 0, 0, NULL),
(37, 'Fyrbøter', 0, 0, NULL),
(38, 'Lyspære', 0, 0, NULL),
(39, 'Husband', 0, 0, NULL),
(40, 'Streaking', 0, 0, NULL),
(41, 'SUSS', 0, 0, NULL),
(42, 'Vinlab', 0, 0, NULL),
(43, 'Data senior', 0, 0, NULL),
(44, 'Data junior', 0, 0, NULL),
(45, 'Kjellermester', 0, 0, NULL),
(46, 'Piano', 0, 0, NULL),
(47, 'Spill', 0, 0, NULL),
(48, 'Bestøvning', 0, 0, NULL),
(49, 'Rør junior', 0, 0, NULL),
(50, 'Dusjåpmand', 0, 0, NULL),
(51, 'Snekker senior', 0, 0, NULL),
(52, 'Snekker junior', 0, 0, NULL),
(53, 'Svetterom', 0, 0, NULL),
(54, 'Snøfreseråpmand', 0, 0, NULL),
(55, 'Lucia', 0, 0, NULL),
(56, 'Symaskin', 0, 0, NULL),
(57, 'Koserom', 0, 0, NULL),
(58, 'Regi junior', 0, 0, NULL),
(59, 'HerrenesAften', 0, 0, NULL),
(60, 'DamenesAften', 0, 0, NULL),
(61, 'Doktoråpmand', 0, 0, NULL),
(62, 'Tineåpmand', 0, 0, NULL),
(63, 'Kjøreåpmand', 0, 0, NULL),
(64, 'Tilbudsåpmand', 0, 0, NULL),
(65, 'Husavisa', 0, 0, NULL),
(66, 'Kostyme', 0, 0, NULL),
(67, 'Blomster', 0, 0, NULL),
(68, 'Hage', 0, 0, NULL),
(69, 'El-jr.', 0, 0, NULL),
(70, 'Vaffelåpmand', 0, 0, NULL),
(71, 'Sykkelrom', 0, 0, NULL),
(72, 'Toast', 0, 0, NULL),
(73, 'Brødrister', 0, 0, NULL),
(74, 'A', 0, 0, NULL),
(75, 'Isbitmaskin', 0, 0, NULL),
(76, 'Vaktmesterrom', 0, 0, NULL);

